{"id":1720,"date":"2020-08-31T09:13:04","date_gmt":"2020-08-31T09:13:04","guid":{"rendered":"https:\/\/veteraani.ylirotu.fi\/?page_id=1720"},"modified":"2020-08-31T09:13:45","modified_gmt":"2020-08-31T09:13:45","slug":"vartiointia-laatokan-rannalla-vahvennettiin","status":"publish","type":"page","link":"https:\/\/veteraanienperinto.fi\/index.php\/talvisota-etusivu\/talvisodan-kertomukset\/sotatoimet\/sodan-alku\/vartiointia-laatokan-rannalla-vahvennettiin\/","title":{"rendered":"Vartiointia Laatokan rannalla vahvennettiin"},"content":{"rendered":"\n<style type=\"text\/css\" data-created_by=\"avia_inline_auto\" id=\"style-css-av-keib16av-ec886abb8a45ad08ebd3490864289489\">\n#top .av-special-heading.av-keib16av-ec886abb8a45ad08ebd3490864289489{\npadding-bottom:10px;\n}\nbody .av-special-heading.av-keib16av-ec886abb8a45ad08ebd3490864289489 .av-special-heading-tag .heading-char{\nfont-size:25px;\n}\n.av-special-heading.av-keib16av-ec886abb8a45ad08ebd3490864289489 .av-subheading{\nfont-size:15px;\n}\n<\/style>\n<div  class='av-special-heading av-keib16av-ec886abb8a45ad08ebd3490864289489 av-special-heading-h3  avia-builder-el-0  el_before_av_textblock  avia-builder-el-first '><h3 class='av-special-heading-tag'  itemprop=\"headline\"  >Vartiointia Laatokan rannalla vahvennettiin<\/h3><div class=\"special-heading-border\"><div class=\"special-heading-inner-border\"><\/div><\/div><\/div>\n<section  class='av_textblock_section av-kei9w74n-7b0f008125a778f48432b9a614d90d0f '   itemscope=\"itemscope\" itemtype=\"https:\/\/schema.org\/CreativeWork\" ><div class='avia_textblock'  itemprop=\"text\" ><p><strong>Valte Kivinen:<\/strong><\/p>\n<p>Marraskuun viimeisen p\u00e4iv\u00e4n valjettua alkoi Eskadroonamme majapaikan ohi kulkenutta tiet\u00e4 kulkea hevoskuormittain evakkoja. Suitsia pitiv\u00e4t enimm\u00e4kseen naiset. Kuormissa oli erilaista irtainta tavaraa ja p\u00e4\u00e4llimm\u00e4isen\u00e4 n\u00f6k\u00f6tti usein pieni\u00e4 lapsia. Kyll\u00e4 se oli lohduton n\u00e4ky. Kaikki tapahtui hirmuvaltias Stalinin ja h\u00e4nen juoksupoikansa Molotovin vuoksi. Katkera oli t\u00e4llaista mielivaltaa kokea.<\/p>\n<p>Sotatila vaikutti siten, ett\u00e4 kurin ja j\u00e4rjestyksen t\u00e4rkeytt\u00e4 korostettiin ja lis\u00e4ksi vartiointia Laatokan rannalla vahvennettiin. Nyt vartiot j\u00e4rjestettiin ymp\u00e4rivuorokautisiksi.<\/p>\n<p>Talousaliupseerina meill\u00e4 toimi Eero Tyynysniemi. H\u00e4n osti muonitustarpeita kuten maitoa, lihaa ja perunoita l\u00e4hitaloista, mutta kun ne tyhjeniv\u00e4t, niin tyydyimme niihin annoksiin, mit\u00e4 ylemmist\u00e4 portaista l\u00e4hetettiin tai j\u00e4i. My\u00f6hemmin menetimme mainion talousmiehemme, sill\u00e4 h\u00e4n sai k\u00e4skyn palata siviilihommaansa eli ostamaan puuta M\u00e4nt\u00e4n Serlachiuksen tehtaalle. Per\u00e4ti P\u00e4\u00e4majasta asti oli saatu lupa.<\/p>\n<p>Ensimm\u00e4inen sotap\u00e4iv\u00e4 kului kuunnellessamme sodan \u00e4\u00e4ni\u00e4 etel\u00e4st\u00e4 Taipaleen suunnasta. Muutamia ryss\u00e4n tiedustelukoneita lensi majoitusalueemme yli ja pojat innostuivat niit\u00e4 tulittamaan. Jostain kuultiin, ett\u00e4 Noitermaan suunnalla yksi h\u00e4vitt\u00e4j\u00e4 on saatu alas ja voitonviesti innosti pojat hanakkaan ammuntaan. Sitten tuli kielto tulittaa koneita k\u00e4siaseilla.<\/p>\n<p>Joulukuun alussa saapui majapaikkaamme kolme sotapoliisia ja he pid\u00e4ttiv\u00e4t er\u00e4\u00e4n talon is\u00e4nn\u00e4n, jo edesmenneen Pekka J:n. H\u00e4nt\u00e4 ep\u00e4iltiin vakoilusta vihollisen hyv\u00e4ksi. Asia vahvistui h\u00e4nen tunnustettuaan suostuneensa rahaa vastaan ilmoittamaan toimeksiantajalle kaikenmoisia tietoja meik\u00e4l\u00e4isten vahvuudesta ja liikkeist\u00e4.<\/p>\n<\/div><\/section>\n","protected":false},"excerpt":{"rendered":"","protected":false},"author":2,"featured_media":0,"parent":1630,"menu_order":5,"comment_status":"closed","ping_status":"closed","template":"","meta":{"footnotes":""},"class_list":["post-1720","page","type-page","status-publish","hentry"],"yoast_head":"<!-- This site is optimized with the Yoast SEO plugin v27.4 - https:\/\/yoast.com\/product\/yoast-seo-wordpress\/ -->\n<title>Vartiointia Laatokan rannalla vahvennettiin - Veteraanien Perint\u00f6<\/title>\n<meta name=\"robots\" content=\"index, follow, max-snippet:-1, max-image-preview:large, max-video-preview:-1\" \/>\n<link rel=\"canonical\" href=\"https:\/\/veteraanienperinto.fi\/index.php\/talvisota-etusivu\/talvisodan-kertomukset\/sotatoimet\/sodan-alku\/vartiointia-laatokan-rannalla-vahvennettiin\/\" \/>\n<meta property=\"og:locale\" content=\"fi_FI\" \/>\n<meta property=\"og:type\" content=\"article\" \/>\n<meta property=\"og:title\" content=\"Vartiointia Laatokan rannalla vahvennettiin - Veteraanien Perint\u00f6\" \/>\n<meta property=\"og:url\" content=\"https:\/\/veteraanienperinto.fi\/index.php\/talvisota-etusivu\/talvisodan-kertomukset\/sotatoimet\/sodan-alku\/vartiointia-laatokan-rannalla-vahvennettiin\/\" \/>\n<meta property=\"og:site_name\" content=\"Veteraanien Perint\u00f6\" \/>\n<meta property=\"article:modified_time\" content=\"2020-08-31T09:13:45+00:00\" \/>\n<meta name=\"twitter:card\" content=\"summary_large_image\" \/>\n<meta name=\"twitter:label1\" content=\"Arvioitu lukuaika\" \/>\n\t<meta name=\"twitter:data1\" content=\"2 minuuttia\" \/>\n<script type=\"application\/ld+json\" class=\"yoast-schema-graph\">{\"@context\":\"https:\\\/\\\/schema.org\",\"@graph\":[{\"@type\":\"WebPage\",\"@id\":\"https:\\\/\\\/veteraanienperinto.fi\\\/index.php\\\/talvisota-etusivu\\\/talvisodan-kertomukset\\\/sotatoimet\\\/sodan-alku\\\/vartiointia-laatokan-rannalla-vahvennettiin\\\/\",\"url\":\"https:\\\/\\\/veteraanienperinto.fi\\\/index.php\\\/talvisota-etusivu\\\/talvisodan-kertomukset\\\/sotatoimet\\\/sodan-alku\\\/vartiointia-laatokan-rannalla-vahvennettiin\\\/\",\"name\":\"Vartiointia Laatokan rannalla vahvennettiin - Veteraanien Perint\u00f6\",\"isPartOf\":{\"@id\":\"https:\\\/\\\/veteraanienperinto.fi\\\/#website\"},\"datePublished\":\"2020-08-31T09:13:04+00:00\",\"dateModified\":\"2020-08-31T09:13:45+00:00\",\"breadcrumb\":{\"@id\":\"https:\\\/\\\/veteraanienperinto.fi\\\/index.php\\\/talvisota-etusivu\\\/talvisodan-kertomukset\\\/sotatoimet\\\/sodan-alku\\\/vartiointia-laatokan-rannalla-vahvennettiin\\\/#breadcrumb\"},\"inLanguage\":\"fi\",\"potentialAction\":[{\"@type\":\"ReadAction\",\"target\":[\"https:\\\/\\\/veteraanienperinto.fi\\\/index.php\\\/talvisota-etusivu\\\/talvisodan-kertomukset\\\/sotatoimet\\\/sodan-alku\\\/vartiointia-laatokan-rannalla-vahvennettiin\\\/\"]}]},{\"@type\":\"BreadcrumbList\",\"@id\":\"https:\\\/\\\/veteraanienperinto.fi\\\/index.php\\\/talvisota-etusivu\\\/talvisodan-kertomukset\\\/sotatoimet\\\/sodan-alku\\\/vartiointia-laatokan-rannalla-vahvennettiin\\\/#breadcrumb\",\"itemListElement\":[{\"@type\":\"ListItem\",\"position\":1,\"name\":\"Etusivu\",\"item\":\"https:\\\/\\\/veteraanienperinto.fi\\\/index.php\\\/etusivu-2\\\/\"},{\"@type\":\"ListItem\",\"position\":2,\"name\":\"Talvisota\",\"item\":\"https:\\\/\\\/veteraanienperinto.fi\\\/index.php\\\/talvisota-etusivu\\\/\"},{\"@type\":\"ListItem\",\"position\":3,\"name\":\"Talvisodan kertomukset\",\"item\":\"https:\\\/\\\/veteraanienperinto.fi\\\/index.php\\\/talvisota-etusivu\\\/talvisodan-kertomukset\\\/\"},{\"@type\":\"ListItem\",\"position\":4,\"name\":\"Sotatoimet\",\"item\":\"https:\\\/\\\/veteraanienperinto.fi\\\/index.php\\\/talvisota-etusivu\\\/talvisodan-kertomukset\\\/sotatoimet\\\/\"},{\"@type\":\"ListItem\",\"position\":5,\"name\":\"Sodan alku\",\"item\":\"https:\\\/\\\/veteraanienperinto.fi\\\/index.php\\\/talvisota-etusivu\\\/talvisodan-kertomukset\\\/sotatoimet\\\/sodan-alku\\\/\"},{\"@type\":\"ListItem\",\"position\":6,\"name\":\"Vartiointia Laatokan rannalla vahvennettiin\"}]},{\"@type\":\"WebSite\",\"@id\":\"https:\\\/\\\/veteraanienperinto.fi\\\/#website\",\"url\":\"https:\\\/\\\/veteraanienperinto.fi\\\/\",\"name\":\"Veteraanien Perint\u00f6\",\"description\":\"Kadettikunta\",\"potentialAction\":[{\"@type\":\"SearchAction\",\"target\":{\"@type\":\"EntryPoint\",\"urlTemplate\":\"https:\\\/\\\/veteraanienperinto.fi\\\/?s={search_term_string}\"},\"query-input\":{\"@type\":\"PropertyValueSpecification\",\"valueRequired\":true,\"valueName\":\"search_term_string\"}}],\"inLanguage\":\"fi\"}]}<\/script>\n<!-- \/ Yoast SEO plugin. -->","yoast_head_json":{"title":"Vartiointia Laatokan rannalla vahvennettiin - Veteraanien Perint\u00f6","robots":{"index":"index","follow":"follow","max-snippet":"max-snippet:-1","max-image-preview":"max-image-preview:large","max-video-preview":"max-video-preview:-1"},"canonical":"https:\/\/veteraanienperinto.fi\/index.php\/talvisota-etusivu\/talvisodan-kertomukset\/sotatoimet\/sodan-alku\/vartiointia-laatokan-rannalla-vahvennettiin\/","og_locale":"fi_FI","og_type":"article","og_title":"Vartiointia Laatokan rannalla vahvennettiin - Veteraanien Perint\u00f6","og_url":"https:\/\/veteraanienperinto.fi\/index.php\/talvisota-etusivu\/talvisodan-kertomukset\/sotatoimet\/sodan-alku\/vartiointia-laatokan-rannalla-vahvennettiin\/","og_site_name":"Veteraanien Perint\u00f6","article_modified_time":"2020-08-31T09:13:45+00:00","twitter_card":"summary_large_image","twitter_misc":{"Arvioitu lukuaika":"2 minuuttia"},"schema":{"@context":"https:\/\/schema.org","@graph":[{"@type":"WebPage","@id":"https:\/\/veteraanienperinto.fi\/index.php\/talvisota-etusivu\/talvisodan-kertomukset\/sotatoimet\/sodan-alku\/vartiointia-laatokan-rannalla-vahvennettiin\/","url":"https:\/\/veteraanienperinto.fi\/index.php\/talvisota-etusivu\/talvisodan-kertomukset\/sotatoimet\/sodan-alku\/vartiointia-laatokan-rannalla-vahvennettiin\/","name":"Vartiointia Laatokan rannalla vahvennettiin - Veteraanien Perint\u00f6","isPartOf":{"@id":"https:\/\/veteraanienperinto.fi\/#website"},"datePublished":"2020-08-31T09:13:04+00:00","dateModified":"2020-08-31T09:13:45+00:00","breadcrumb":{"@id":"https:\/\/veteraanienperinto.fi\/index.php\/talvisota-etusivu\/talvisodan-kertomukset\/sotatoimet\/sodan-alku\/vartiointia-laatokan-rannalla-vahvennettiin\/#breadcrumb"},"inLanguage":"fi","potentialAction":[{"@type":"ReadAction","target":["https:\/\/veteraanienperinto.fi\/index.php\/talvisota-etusivu\/talvisodan-kertomukset\/sotatoimet\/sodan-alku\/vartiointia-laatokan-rannalla-vahvennettiin\/"]}]},{"@type":"BreadcrumbList","@id":"https:\/\/veteraanienperinto.fi\/index.php\/talvisota-etusivu\/talvisodan-kertomukset\/sotatoimet\/sodan-alku\/vartiointia-laatokan-rannalla-vahvennettiin\/#breadcrumb","itemListElement":[{"@type":"ListItem","position":1,"name":"Etusivu","item":"https:\/\/veteraanienperinto.fi\/index.php\/etusivu-2\/"},{"@type":"ListItem","position":2,"name":"Talvisota","item":"https:\/\/veteraanienperinto.fi\/index.php\/talvisota-etusivu\/"},{"@type":"ListItem","position":3,"name":"Talvisodan kertomukset","item":"https:\/\/veteraanienperinto.fi\/index.php\/talvisota-etusivu\/talvisodan-kertomukset\/"},{"@type":"ListItem","position":4,"name":"Sotatoimet","item":"https:\/\/veteraanienperinto.fi\/index.php\/talvisota-etusivu\/talvisodan-kertomukset\/sotatoimet\/"},{"@type":"ListItem","position":5,"name":"Sodan alku","item":"https:\/\/veteraanienperinto.fi\/index.php\/talvisota-etusivu\/talvisodan-kertomukset\/sotatoimet\/sodan-alku\/"},{"@type":"ListItem","position":6,"name":"Vartiointia Laatokan rannalla vahvennettiin"}]},{"@type":"WebSite","@id":"https:\/\/veteraanienperinto.fi\/#website","url":"https:\/\/veteraanienperinto.fi\/","name":"Veteraanien Perint\u00f6","description":"Kadettikunta","potentialAction":[{"@type":"SearchAction","target":{"@type":"EntryPoint","urlTemplate":"https:\/\/veteraanienperinto.fi\/?s={search_term_string}"},"query-input":{"@type":"PropertyValueSpecification","valueRequired":true,"valueName":"search_term_string"}}],"inLanguage":"fi"}]}},"_links":{"self":[{"href":"https:\/\/veteraanienperinto.fi\/index.php\/wp-json\/wp\/v2\/pages\/1720","targetHints":{"allow":["GET"]}}],"collection":[{"href":"https:\/\/veteraanienperinto.fi\/index.php\/wp-json\/wp\/v2\/pages"}],"about":[{"href":"https:\/\/veteraanienperinto.fi\/index.php\/wp-json\/wp\/v2\/types\/page"}],"author":[{"embeddable":true,"href":"https:\/\/veteraanienperinto.fi\/index.php\/wp-json\/wp\/v2\/users\/2"}],"replies":[{"embeddable":true,"href":"https:\/\/veteraanienperinto.fi\/index.php\/wp-json\/wp\/v2\/comments?post=1720"}],"version-history":[{"count":3,"href":"https:\/\/veteraanienperinto.fi\/index.php\/wp-json\/wp\/v2\/pages\/1720\/revisions"}],"predecessor-version":[{"id":5502,"href":"https:\/\/veteraanienperinto.fi\/index.php\/wp-json\/wp\/v2\/pages\/1720\/revisions\/5502"}],"up":[{"embeddable":true,"href":"https:\/\/veteraanienperinto.fi\/index.php\/wp-json\/wp\/v2\/pages\/1630"}],"wp:attachment":[{"href":"https:\/\/veteraanienperinto.fi\/index.php\/wp-json\/wp\/v2\/media?parent=1720"}],"curies":[{"name":"wp","href":"https:\/\/api.w.org\/{rel}","templated":true}]}}