{"id":1855,"date":"2020-08-31T11:16:15","date_gmt":"2020-08-31T11:16:15","guid":{"rendered":"https:\/\/veteraani.ylirotu.fi\/?page_id=1855"},"modified":"2020-09-04T15:16:51","modified_gmt":"2020-09-04T15:16:51","slug":"pispan-kokemus","status":"publish","type":"page","link":"https:\/\/veteraanienperinto.fi\/index.php\/talvisota-etusivu\/talvisodan-kertomukset\/sotatoimet\/suurhyokkays-kannaksella\/pispan-kokemus\/","title":{"rendered":"Pispan kokemus"},"content":{"rendered":"\n<style type=\"text\/css\" data-created_by=\"avia_inline_auto\" id=\"style-css-av-av_heading-55b43f90cc12e8d6106c914906ec9ded\">\n#top .av-special-heading.av-av_heading-55b43f90cc12e8d6106c914906ec9ded{\npadding-bottom:10px;\n}\nbody .av-special-heading.av-av_heading-55b43f90cc12e8d6106c914906ec9ded .av-special-heading-tag .heading-char{\nfont-size:25px;\n}\n.av-special-heading.av-av_heading-55b43f90cc12e8d6106c914906ec9ded .av-subheading{\nfont-size:15px;\n}\n<\/style>\n<div  class='av-special-heading av-av_heading-55b43f90cc12e8d6106c914906ec9ded av-special-heading-h3  avia-builder-el-0  el_before_av_textblock  avia-builder-el-first '><h3 class='av-special-heading-tag'  itemprop=\"headline\"  >Pispan kokemus<\/h3><div class=\"special-heading-border\"><div class=\"special-heading-inner-border\"><\/div><\/div><\/div>\n<section  class='av_textblock_section av-kei9w74n-7b0f008125a778f48432b9a614d90d0f '   itemscope=\"itemscope\" itemtype=\"https:\/\/schema.org\/CreativeWork\" ><div class='avia_textblock'  itemprop=\"text\" ><p>2.\/JR 17 nelj\u00e4nnen joukkueen pikakiv\u00e4\u00e4riryhm\u00e4n johtajana toiminut alikersantti, my\u00f6hemmin yliluutnantti Kalervo Pispa muisteli ensimm\u00e4ist\u00e4 taisteluaan: &#8221;Vasen sivusta sai kosketuksen viholliseen ja tulitaistelu alkoi&#8221;.<\/p>\n<p>Oikealle sivustallemme ilmestyi kaksi sotilasta ilman lumipukuja ja kyp\u00e4ri\u00e4, yll\u00e4\u00e4n manttelit. Taaempana oli lis\u00e4\u00e4 v\u00e4ke\u00e4.<\/p>\n<p>He huusivat: &#8221;Mik\u00e4 komppania? Vastasimme: &#8221;Toinen komppania&#8221;. T\u00e4ll\u00f6in selvisi, ett\u00e4 he kuuluivat ruotsinkieliseen joukko-osastoon. Osa miehist\u00e4 puhui kyll\u00e4 suomeakin, jolloin keskustelussa heid\u00e4n kanssaan ilmeni, ett\u00e4 JR 22:n p\u00e4\u00e4osa oli suunnistanut harhaan. Selvitimme oman suuntamme, ja JR 22:n miehet palasivat pellon reunaa k\u00e4vellen omiensa luo.<\/p>\n<p>Hetken kuluttua havaitsimme vastakkaisesta reunasta l\u00e4htev\u00e4n miehi\u00e4 meit\u00e4 kohden. He olivat ilman lumipukuja, mutta kyp\u00e4r\u00e4t p\u00e4\u00e4ss\u00e4. He huusivat: &#8211; &#8221;Toine komppanii&#8221; Uskoimme heid\u00e4nkin olevan ruotsinkielisi\u00e4. Pian uskomme muuttui. Olimme varmoja, ett\u00e4 he olivat ven\u00e4l\u00e4isi\u00e4, jolloin ilman tulikomentoa miehemme avasivat kiivaan tulen heit\u00e4 kohti. Viholliset hy\u00f6kk\u00e4siv\u00e4t rajusti p\u00e4\u00e4lle, vaikka konetuliaseemme, my\u00f6s minun pikakiv\u00e4\u00e4rini, kaatoi niitt\u00e4m\u00e4ll\u00e4 hy\u00f6kk\u00e4\u00e4ji\u00e4. Meteli oli kova. Siihen liittyiv\u00e4t lis\u00e4ksi haavoittuneiden vihollisten karmivat tuskanhuudot 25 asteen pakkasessa. Vihollisupseerien komentohuudot sekoittuivat t\u00e4h\u00e4n taistelun hullunmyllyyn.<\/p>\n<p>Niinp\u00e4 niin &#8211; vihollisista puhuu Pispakin, vaikka I\/JR 17 oli tavannut JR 22:n sotilaita.<\/p>\n<\/div><\/section>\n","protected":false},"excerpt":{"rendered":"","protected":false},"author":2,"featured_media":0,"parent":1783,"menu_order":0,"comment_status":"closed","ping_status":"closed","template":"","meta":{"footnotes":""},"class_list":["post-1855","page","type-page","status-publish","hentry"],"yoast_head":"<!-- This site is optimized with the Yoast SEO plugin v27.5 - https:\/\/yoast.com\/product\/yoast-seo-wordpress\/ -->\n<title>Pispan kokemus - Veteraanien Perint\u00f6<\/title>\n<meta name=\"robots\" content=\"index, follow, max-snippet:-1, max-image-preview:large, max-video-preview:-1\" \/>\n<link rel=\"canonical\" href=\"https:\/\/veteraanienperinto.fi\/index.php\/talvisota-etusivu\/talvisodan-kertomukset\/sotatoimet\/suurhyokkays-kannaksella\/pispan-kokemus\/\" \/>\n<meta property=\"og:locale\" content=\"fi_FI\" \/>\n<meta property=\"og:type\" content=\"article\" \/>\n<meta property=\"og:title\" content=\"Pispan kokemus - Veteraanien Perint\u00f6\" \/>\n<meta property=\"og:url\" content=\"https:\/\/veteraanienperinto.fi\/index.php\/talvisota-etusivu\/talvisodan-kertomukset\/sotatoimet\/suurhyokkays-kannaksella\/pispan-kokemus\/\" \/>\n<meta property=\"og:site_name\" content=\"Veteraanien Perint\u00f6\" \/>\n<meta property=\"article:modified_time\" content=\"2020-09-04T15:16:51+00:00\" \/>\n<meta name=\"twitter:card\" content=\"summary_large_image\" \/>\n<meta name=\"twitter:label1\" content=\"Arvioitu lukuaika\" \/>\n\t<meta name=\"twitter:data1\" content=\"2 minuuttia\" \/>\n<script type=\"application\/ld+json\" class=\"yoast-schema-graph\">{\"@context\":\"https:\\\/\\\/schema.org\",\"@graph\":[{\"@type\":\"WebPage\",\"@id\":\"https:\\\/\\\/veteraanienperinto.fi\\\/index.php\\\/talvisota-etusivu\\\/talvisodan-kertomukset\\\/sotatoimet\\\/suurhyokkays-kannaksella\\\/pispan-kokemus\\\/\",\"url\":\"https:\\\/\\\/veteraanienperinto.fi\\\/index.php\\\/talvisota-etusivu\\\/talvisodan-kertomukset\\\/sotatoimet\\\/suurhyokkays-kannaksella\\\/pispan-kokemus\\\/\",\"name\":\"Pispan kokemus - Veteraanien Perint\u00f6\",\"isPartOf\":{\"@id\":\"https:\\\/\\\/veteraanienperinto.fi\\\/#website\"},\"datePublished\":\"2020-08-31T11:16:15+00:00\",\"dateModified\":\"2020-09-04T15:16:51+00:00\",\"breadcrumb\":{\"@id\":\"https:\\\/\\\/veteraanienperinto.fi\\\/index.php\\\/talvisota-etusivu\\\/talvisodan-kertomukset\\\/sotatoimet\\\/suurhyokkays-kannaksella\\\/pispan-kokemus\\\/#breadcrumb\"},\"inLanguage\":\"fi\",\"potentialAction\":[{\"@type\":\"ReadAction\",\"target\":[\"https:\\\/\\\/veteraanienperinto.fi\\\/index.php\\\/talvisota-etusivu\\\/talvisodan-kertomukset\\\/sotatoimet\\\/suurhyokkays-kannaksella\\\/pispan-kokemus\\\/\"]}]},{\"@type\":\"BreadcrumbList\",\"@id\":\"https:\\\/\\\/veteraanienperinto.fi\\\/index.php\\\/talvisota-etusivu\\\/talvisodan-kertomukset\\\/sotatoimet\\\/suurhyokkays-kannaksella\\\/pispan-kokemus\\\/#breadcrumb\",\"itemListElement\":[{\"@type\":\"ListItem\",\"position\":1,\"name\":\"Etusivu\",\"item\":\"https:\\\/\\\/veteraanienperinto.fi\\\/index.php\\\/etusivu-2\\\/\"},{\"@type\":\"ListItem\",\"position\":2,\"name\":\"Talvisota\",\"item\":\"https:\\\/\\\/veteraanienperinto.fi\\\/index.php\\\/talvisota-etusivu\\\/\"},{\"@type\":\"ListItem\",\"position\":3,\"name\":\"Talvisodan kertomukset\",\"item\":\"https:\\\/\\\/veteraanienperinto.fi\\\/index.php\\\/talvisota-etusivu\\\/talvisodan-kertomukset\\\/\"},{\"@type\":\"ListItem\",\"position\":4,\"name\":\"Sotatoimet\",\"item\":\"https:\\\/\\\/veteraanienperinto.fi\\\/index.php\\\/talvisota-etusivu\\\/talvisodan-kertomukset\\\/sotatoimet\\\/\"},{\"@type\":\"ListItem\",\"position\":5,\"name\":\"Suurhy\u00f6kk\u00e4ys Kannaksella\",\"item\":\"https:\\\/\\\/veteraanienperinto.fi\\\/index.php\\\/talvisota-etusivu\\\/talvisodan-kertomukset\\\/sotatoimet\\\/suurhyokkays-kannaksella\\\/\"},{\"@type\":\"ListItem\",\"position\":6,\"name\":\"Pispan kokemus\"}]},{\"@type\":\"WebSite\",\"@id\":\"https:\\\/\\\/veteraanienperinto.fi\\\/#website\",\"url\":\"https:\\\/\\\/veteraanienperinto.fi\\\/\",\"name\":\"Veteraanien Perint\u00f6\",\"description\":\"Kadettikunta\",\"potentialAction\":[{\"@type\":\"SearchAction\",\"target\":{\"@type\":\"EntryPoint\",\"urlTemplate\":\"https:\\\/\\\/veteraanienperinto.fi\\\/?s={search_term_string}\"},\"query-input\":{\"@type\":\"PropertyValueSpecification\",\"valueRequired\":true,\"valueName\":\"search_term_string\"}}],\"inLanguage\":\"fi\"}]}<\/script>\n<!-- \/ Yoast SEO plugin. -->","yoast_head_json":{"title":"Pispan kokemus - Veteraanien Perint\u00f6","robots":{"index":"index","follow":"follow","max-snippet":"max-snippet:-1","max-image-preview":"max-image-preview:large","max-video-preview":"max-video-preview:-1"},"canonical":"https:\/\/veteraanienperinto.fi\/index.php\/talvisota-etusivu\/talvisodan-kertomukset\/sotatoimet\/suurhyokkays-kannaksella\/pispan-kokemus\/","og_locale":"fi_FI","og_type":"article","og_title":"Pispan kokemus - Veteraanien Perint\u00f6","og_url":"https:\/\/veteraanienperinto.fi\/index.php\/talvisota-etusivu\/talvisodan-kertomukset\/sotatoimet\/suurhyokkays-kannaksella\/pispan-kokemus\/","og_site_name":"Veteraanien Perint\u00f6","article_modified_time":"2020-09-04T15:16:51+00:00","twitter_card":"summary_large_image","twitter_misc":{"Arvioitu lukuaika":"2 minuuttia"},"schema":{"@context":"https:\/\/schema.org","@graph":[{"@type":"WebPage","@id":"https:\/\/veteraanienperinto.fi\/index.php\/talvisota-etusivu\/talvisodan-kertomukset\/sotatoimet\/suurhyokkays-kannaksella\/pispan-kokemus\/","url":"https:\/\/veteraanienperinto.fi\/index.php\/talvisota-etusivu\/talvisodan-kertomukset\/sotatoimet\/suurhyokkays-kannaksella\/pispan-kokemus\/","name":"Pispan kokemus - Veteraanien Perint\u00f6","isPartOf":{"@id":"https:\/\/veteraanienperinto.fi\/#website"},"datePublished":"2020-08-31T11:16:15+00:00","dateModified":"2020-09-04T15:16:51+00:00","breadcrumb":{"@id":"https:\/\/veteraanienperinto.fi\/index.php\/talvisota-etusivu\/talvisodan-kertomukset\/sotatoimet\/suurhyokkays-kannaksella\/pispan-kokemus\/#breadcrumb"},"inLanguage":"fi","potentialAction":[{"@type":"ReadAction","target":["https:\/\/veteraanienperinto.fi\/index.php\/talvisota-etusivu\/talvisodan-kertomukset\/sotatoimet\/suurhyokkays-kannaksella\/pispan-kokemus\/"]}]},{"@type":"BreadcrumbList","@id":"https:\/\/veteraanienperinto.fi\/index.php\/talvisota-etusivu\/talvisodan-kertomukset\/sotatoimet\/suurhyokkays-kannaksella\/pispan-kokemus\/#breadcrumb","itemListElement":[{"@type":"ListItem","position":1,"name":"Etusivu","item":"https:\/\/veteraanienperinto.fi\/index.php\/etusivu-2\/"},{"@type":"ListItem","position":2,"name":"Talvisota","item":"https:\/\/veteraanienperinto.fi\/index.php\/talvisota-etusivu\/"},{"@type":"ListItem","position":3,"name":"Talvisodan kertomukset","item":"https:\/\/veteraanienperinto.fi\/index.php\/talvisota-etusivu\/talvisodan-kertomukset\/"},{"@type":"ListItem","position":4,"name":"Sotatoimet","item":"https:\/\/veteraanienperinto.fi\/index.php\/talvisota-etusivu\/talvisodan-kertomukset\/sotatoimet\/"},{"@type":"ListItem","position":5,"name":"Suurhy\u00f6kk\u00e4ys Kannaksella","item":"https:\/\/veteraanienperinto.fi\/index.php\/talvisota-etusivu\/talvisodan-kertomukset\/sotatoimet\/suurhyokkays-kannaksella\/"},{"@type":"ListItem","position":6,"name":"Pispan kokemus"}]},{"@type":"WebSite","@id":"https:\/\/veteraanienperinto.fi\/#website","url":"https:\/\/veteraanienperinto.fi\/","name":"Veteraanien Perint\u00f6","description":"Kadettikunta","potentialAction":[{"@type":"SearchAction","target":{"@type":"EntryPoint","urlTemplate":"https:\/\/veteraanienperinto.fi\/?s={search_term_string}"},"query-input":{"@type":"PropertyValueSpecification","valueRequired":true,"valueName":"search_term_string"}}],"inLanguage":"fi"}]}},"_links":{"self":[{"href":"https:\/\/veteraanienperinto.fi\/index.php\/wp-json\/wp\/v2\/pages\/1855","targetHints":{"allow":["GET"]}}],"collection":[{"href":"https:\/\/veteraanienperinto.fi\/index.php\/wp-json\/wp\/v2\/pages"}],"about":[{"href":"https:\/\/veteraanienperinto.fi\/index.php\/wp-json\/wp\/v2\/types\/page"}],"author":[{"embeddable":true,"href":"https:\/\/veteraanienperinto.fi\/index.php\/wp-json\/wp\/v2\/users\/2"}],"replies":[{"embeddable":true,"href":"https:\/\/veteraanienperinto.fi\/index.php\/wp-json\/wp\/v2\/comments?post=1855"}],"version-history":[{"count":3,"href":"https:\/\/veteraanienperinto.fi\/index.php\/wp-json\/wp\/v2\/pages\/1855\/revisions"}],"predecessor-version":[{"id":5615,"href":"https:\/\/veteraanienperinto.fi\/index.php\/wp-json\/wp\/v2\/pages\/1855\/revisions\/5615"}],"up":[{"embeddable":true,"href":"https:\/\/veteraanienperinto.fi\/index.php\/wp-json\/wp\/v2\/pages\/1783"}],"wp:attachment":[{"href":"https:\/\/veteraanienperinto.fi\/index.php\/wp-json\/wp\/v2\/media?parent=1855"}],"curies":[{"name":"wp","href":"https:\/\/api.w.org\/{rel}","templated":true}]}}

<style type="text/css" data-created_by="avia_inline_auto" id="style-css-av-av_heading-55b43f90cc12e8d6106c914906ec9ded">
#top .av-special-heading.av-av_heading-55b43f90cc12e8d6106c914906ec9ded{
padding-bottom:10px;
}
body .av-special-heading.av-av_heading-55b43f90cc12e8d6106c914906ec9ded .av-special-heading-tag .heading-char{
font-size:25px;
}
.av-special-heading.av-av_heading-55b43f90cc12e8d6106c914906ec9ded .av-subheading{
font-size:15px;
}
</style>
<div  class='av-special-heading av-av_heading-55b43f90cc12e8d6106c914906ec9ded av-special-heading-h3  avia-builder-el-0  el_before_av_textblock  avia-builder-el-first '><h3 class='av-special-heading-tag'  itemprop="headline"  >Pispan kokemus</h3><div class="special-heading-border"><div class="special-heading-inner-border"></div></div></div>
<section  class='av_textblock_section av-kei9w74n-7b0f008125a778f48432b9a614d90d0f '   itemscope="itemscope" itemtype="https://schema.org/CreativeWork" ><div class='avia_textblock'  itemprop="text" ><p>2./JR 17 neljännen joukkueen pikakivääriryhmän johtajana toiminut alikersantti, myöhemmin yliluutnantti Kalervo Pispa muisteli ensimmäistä taisteluaan: &#8221;Vasen sivusta sai kosketuksen viholliseen ja tulitaistelu alkoi&#8221;.</p>
<p>Oikealle sivustallemme ilmestyi kaksi sotilasta ilman lumipukuja ja kypäriä, yllään manttelit. Taaempana oli lisää väkeä.</p>
<p>He huusivat: &#8221;Mikä komppania? Vastasimme: &#8221;Toinen komppania&#8221;. Tällöin selvisi, että he kuuluivat ruotsinkieliseen joukko-osastoon. Osa miehistä puhui kyllä suomeakin, jolloin keskustelussa heidän kanssaan ilmeni, että JR 22:n pääosa oli suunnistanut harhaan. Selvitimme oman suuntamme, ja JR 22:n miehet palasivat pellon reunaa kävellen omiensa luo.</p>
<p>Hetken kuluttua havaitsimme vastakkaisesta reunasta lähtevän miehiä meitä kohden. He olivat ilman lumipukuja, mutta kypärät päässä. He huusivat: &#8211; &#8221;Toine komppanii&#8221; Uskoimme heidänkin olevan ruotsinkielisiä. Pian uskomme muuttui. Olimme varmoja, että he olivat venäläisiä, jolloin ilman tulikomentoa miehemme avasivat kiivaan tulen heitä kohti. Viholliset hyökkäsivät rajusti päälle, vaikka konetuliaseemme, myös minun pikakiväärini, kaatoi niittämällä hyökkääjiä. Meteli oli kova. Siihen liittyivät lisäksi haavoittuneiden vihollisten karmivat tuskanhuudot 25 asteen pakkasessa. Vihollisupseerien komentohuudot sekoittuivat tähän taistelun hullunmyllyyn.</p>
<p>Niinpä niin &#8211; vihollisista puhuu Pispakin, vaikka I/JR 17 oli tavannut JR 22:n sotilaita.</p>
</div></section>

<!-- This site is optimized with the Yoast SEO plugin v27.5 - https://yoast.com/product/yoast-seo-wordpress/ -->
<title>Pispan kokemus - Veteraanien Perintö</title>
<meta name="robots" content="index, follow, max-snippet:-1, max-image-preview:large, max-video-preview:-1" />
<link rel="canonical" href="https://veteraanienperinto.fi/index.php/talvisota-etusivu/talvisodan-kertomukset/sotatoimet/suurhyokkays-kannaksella/pispan-kokemus/" />
<meta property="og:locale" content="fi_FI" />
<meta property="og:type" content="article" />
<meta property="og:title" content="Pispan kokemus - Veteraanien Perintö" />
<meta property="og:url" content="https://veteraanienperinto.fi/index.php/talvisota-etusivu/talvisodan-kertomukset/sotatoimet/suurhyokkays-kannaksella/pispan-kokemus/" />
<meta property="og:site_name" content="Veteraanien Perintö" />
<meta property="article:modified_time" content="2020-09-04T15:16:51+00:00" />
<meta name="twitter:card" content="summary_large_image" />
<meta name="twitter:label1" content="Arvioitu lukuaika" />
	<meta name="twitter:data1" content="2 minuuttia" />
<script type="application/ld+json" class="yoast-schema-graph">{"@context":"https:\/\/schema.org","@graph":[{"@type":"WebPage","@id":"https:\/\/veteraanienperinto.fi\/index.php\/talvisota-etusivu\/talvisodan-kertomukset\/sotatoimet\/suurhyokkays-kannaksella\/pispan-kokemus\/","url":"https:\/\/veteraanienperinto.fi\/index.php\/talvisota-etusivu\/talvisodan-kertomukset\/sotatoimet\/suurhyokkays-kannaksella\/pispan-kokemus\/","name":"Pispan kokemus - Veteraanien Perintö","isPartOf":{"@id":"https:\/\/veteraanienperinto.fi\/#website"},"datePublished":"2020-08-31T11:16:15+00:00","dateModified":"2020-09-04T15:16:51+00:00","breadcrumb":{"@id":"https:\/\/veteraanienperinto.fi\/index.php\/talvisota-etusivu\/talvisodan-kertomukset\/sotatoimet\/suurhyokkays-kannaksella\/pispan-kokemus\/#breadcrumb"},"inLanguage":"fi","potentialAction":[{"@type":"ReadAction","target":["https:\/\/veteraanienperinto.fi\/index.php\/talvisota-etusivu\/talvisodan-kertomukset\/sotatoimet\/suurhyokkays-kannaksella\/pispan-kokemus\/"]}]},{"@type":"BreadcrumbList","@id":"https:\/\/veteraanienperinto.fi\/index.php\/talvisota-etusivu\/talvisodan-kertomukset\/sotatoimet\/suurhyokkays-kannaksella\/pispan-kokemus\/#breadcrumb","itemListElement":[{"@type":"ListItem","position":1,"name":"Etusivu","item":"https:\/\/veteraanienperinto.fi\/index.php\/etusivu-2\/"},{"@type":"ListItem","position":2,"name":"Talvisota","item":"https:\/\/veteraanienperinto.fi\/index.php\/talvisota-etusivu\/"},{"@type":"ListItem","position":3,"name":"Talvisodan kertomukset","item":"https:\/\/veteraanienperinto.fi\/index.php\/talvisota-etusivu\/talvisodan-kertomukset\/"},{"@type":"ListItem","position":4,"name":"Sotatoimet","item":"https:\/\/veteraanienperinto.fi\/index.php\/talvisota-etusivu\/talvisodan-kertomukset\/sotatoimet\/"},{"@type":"ListItem","position":5,"name":"Suurhyökkäys Kannaksella","item":"https:\/\/veteraanienperinto.fi\/index.php\/talvisota-etusivu\/talvisodan-kertomukset\/sotatoimet\/suurhyokkays-kannaksella\/"},{"@type":"ListItem","position":6,"name":"Pispan kokemus"}]},{"@type":"WebSite","@id":"https:\/\/veteraanienperinto.fi\/#website","url":"https:\/\/veteraanienperinto.fi\/","name":"Veteraanien Perintö","description":"Kadettikunta","potentialAction":[{"@type":"SearchAction","target":{"@type":"EntryPoint","urlTemplate":"https:\/\/veteraanienperinto.fi\/?s={search_term_string}"},"query-input":{"@type":"PropertyValueSpecification","valueRequired":true,"valueName":"search_term_string"}}],"inLanguage":"fi"}]}</script>
<!-- / Yoast SEO plugin. -->

Pispan kokemus - Veteraanien Perintö

Veteraanien Perintö

Suurhyökkäys Kannaksella
