{"id":2137,"date":"2020-08-31T13:01:49","date_gmt":"2020-08-31T13:01:49","guid":{"rendered":"https:\/\/veteraani.ylirotu.fi\/?page_id=2137"},"modified":"2020-09-05T08:10:52","modified_gmt":"2020-09-05T08:10:52","slug":"lottia-vangeiksi-jouluaattona","status":"publish","type":"page","link":"https:\/\/veteraanienperinto.fi\/index.php\/talvisota-etusivu\/talvisodan-kertomukset\/kotirintama\/lotta-svard\/lottia-vangeiksi-jouluaattona\/","title":{"rendered":"Lottia vangeiksi jouluaattona"},"content":{"rendered":"\n<style type=\"text\/css\" data-created_by=\"avia_inline_auto\" id=\"style-css-av-av_heading-d12d4020fe5fbf7202ce70813833a7b6\">\n#top .av-special-heading.av-av_heading-d12d4020fe5fbf7202ce70813833a7b6{\npadding-bottom:10px;\n}\nbody .av-special-heading.av-av_heading-d12d4020fe5fbf7202ce70813833a7b6 .av-special-heading-tag .heading-char{\nfont-size:25px;\n}\n.av-special-heading.av-av_heading-d12d4020fe5fbf7202ce70813833a7b6 .av-subheading{\nfont-size:15px;\n}\n<\/style>\n<div  class='av-special-heading av-av_heading-d12d4020fe5fbf7202ce70813833a7b6 av-special-heading-h3  avia-builder-el-0  el_before_av_textblock  avia-builder-el-first '><h3 class='av-special-heading-tag'  itemprop=\"headline\"  >Lottia vangeiksi jouluaattona<\/h3><div class=\"special-heading-border\"><div class=\"special-heading-inner-border\"><\/div><\/div><\/div>\n<section  class='av_textblock_section av-kei9w74n-7b0f008125a778f48432b9a614d90d0f '   itemscope=\"itemscope\" itemtype=\"https:\/\/schema.org\/CreativeWork\" ><div class='avia_textblock'  itemprop=\"text\" ><p><strong>Kauko Unkila:<\/strong><\/p>\n<div id=\"attachment_3055\" style=\"width: 160px\" class=\"wp-caption alignright\"><img loading=\"lazy\" decoding=\"async\" aria-describedby=\"caption-attachment-3055\" class=\"wp-image-3055 size-full\" src=\"https:\/\/veteraanienperinto.fi\/wp-content\/uploads\/2020\/09\/anna_tekkala.jpg\" alt=\"\" width=\"150\" height=\"190\" \/><p id=\"caption-attachment-3055\" class=\"wp-caption-text\">Anne Tekkala<\/p><\/div>\n<p>Vangiksi joutumisen ovat aseveljet kuvanneet Antti Tuurin kirjassa Rukaj\u00e4rven aika.<\/p>\n<p><strong>Joulupaketteja sotapojille<\/strong><\/p>\n<p>Jouluaattona meilt\u00e4 l\u00e4hti kaksi hevosta, joitakin lomalta palaavia miehi\u00e4 ja kaksi lottaa kentt\u00e4vartioihin. Lotat olivat viem\u00e4ss\u00e4 pojille joulupaketteja. Sellaisia pieni\u00e4 paketteja ne olivat, koti Suomesta tulleita ja lottien itsekin leipomia: jokaiselle miehelle paketti. Partio ilmoitti, ett\u00e4 tie selv\u00e4 ja n\u00e4m\u00e4 l\u00e4htiv\u00e4t ajamaan. Mutta siell\u00e4 olikin rannalla ryss\u00e4n partio, joka avasi tulen, tappoivat toisen hevosen ja veiv\u00e4t lotat ja kaksi miest\u00e4 vankeina mukanaan. Kolme miest\u00e4 meill\u00e4 siin\u00e4 kaatui. Ven\u00e4l\u00e4iset veiv\u00e4t vangit j\u00e4rven yli ja kun meik\u00e4l\u00e4iset partiot yrittiv\u00e4t per\u00e4ss\u00e4, ven\u00e4l\u00e4isill\u00e4 oli j\u00e4rven takana konekiv\u00e4\u00e4rit asemassa. Sinne ei p\u00e4\u00e4sty. Niin ven\u00e4l\u00e4inen vei ne lotat.<\/p>\n<p><strong>Surkea joulu<\/strong><\/p>\n<p>Jouluaaton ja joulun partiot ajoivat takaa t\u00e4t\u00e4 sieppauspartiota, mutta vankeja ei saatu takaisin. Siit\u00e4 tuli meille surkea joulu. N\u00e4m\u00e4 lotat tulivat sitten takaisin ensimm\u00e4isess\u00e4 vankien vaihdossa sodan j\u00e4lkeen: toinen oli ollut ensimm\u00e4isell\u00e4 kuukaudella raskaana silloin, kun ven\u00e4l\u00e4iset t\u00e4m\u00e4n sieppauksen onnistuivat tekem\u00e4\u00e4n ja h\u00e4nell\u00e4 oli lapsi mukana kun palasi vankeudesta.<\/p>\n<p>Lottien kaappausta edelt\u00e4v\u00e4ll\u00e4 y\u00f6ll\u00e4 oli ollut kova pakkanen ja j\u00e4rven j\u00e4\u00e4h\u00e4n oli tullut pieni railo, tai halkeama ja siit\u00e4 vesi oli pulpunnut pieneksi harjanteeksi, joka vesi j\u00e4\u00e4tyi heti. Ryss\u00e4 oli k\u00e4vellyt huopatossut jalassa t\u00e4t\u00e4 vasta j\u00e4\u00e4tynytt\u00e4 j\u00e4\u00e4t\u00e4 pitkin niin, ettei ollut j\u00e4\u00e4nyt mit\u00e4\u00e4n j\u00e4lki\u00e4 ja j\u00e4\u00e4nyt rantapuiden taakse odottamaan. Aamuy\u00f6st\u00e4 oli viel\u00e4 satanut ohuen lumen, niin ett\u00e4 kaikki j\u00e4ljet olivat peittyneet sen alle. Meid\u00e4n yhteyspartiomme ei n\u00e4hnyt mit\u00e4\u00e4n j\u00e4lki\u00e4 j\u00e4rven sel\u00e4ll\u00e4k\u00e4\u00e4n, vaan ilmoitti, ett\u00e4 reitti selv\u00e4. Mutta ven\u00e4l\u00e4inen olikin odottamassa.<\/p>\n<p>Oli kirkasjouluaaton aamup\u00e4iv\u00e4, kun divisioonasta tuli soitto, ett\u00e4 meilt\u00e4 oli yhden joukkueen l\u00e4hdett\u00e4v\u00e4 ajamaan takaa ven\u00e4l\u00e4ist\u00e4 partiota, joka oli tullut Ontaj\u00e4rven yli ja ottanut vangiksi kaksi lottaa ja vienyt ne mukanaan. Meid\u00e4t ly\u00f6tiin kuorma-autoon ja vietiin j\u00e4ljille ja ei muuta kuin vihollista j\u00e4ljitt\u00e4m\u00e4\u00e4n. Niill\u00e4 oli kuitenkin jo parin tunnin etumatka. Ne olivat ehtineet j\u00e4\u00e4n yli mets\u00e4\u00e4n eik\u00e4 me niit\u00e4 en\u00e4\u00e4 tavoitettu. Ontaj\u00e4rven it\u00e4rannalta n\u00e4htiin, ett\u00e4 niill\u00e4 oli ollut siell\u00e4 leiri, havukatoksia ja laavuja, ja nuotiota niill\u00e4 oli siell\u00e4 ollut ja ne olivat kyt\u00e4nneet sit\u00e4 meik\u00e4l\u00e4isten kentt\u00e4vartioiden v\u00e4list\u00e4 liikennett\u00e4 Ontaj\u00e4rven l\u00e4nsirannalla. Ja ne olivat p\u00e4\u00e4tt\u00e4neet tulla jouluaattona sitten yli.<\/p>\n<p><strong>Mies miinaan<\/strong><\/p>\n<p>Me menimme Ontaj\u00e4rven yli sinne it\u00e4rannalle ja mets\u00e4\u00e4n ja ven\u00e4l\u00e4isten partion per\u00e4\u00e4n. Seurasimme ven\u00e4l\u00e4isi\u00e4 iltah\u00e4m\u00e4riin saakka. Mentiin niin pitk\u00e4lle kuin p\u00e4\u00e4stiin, mutta niill\u00e4 oli niin pitk\u00e4 etumatka, ettemme tavoittaneet niit\u00e4. Ne veiv\u00e4t lotat menness\u00e4\u00e4n. Ven\u00e4l\u00e4inen oli miinoittanut j\u00e4lki\u00e4\u00e4n. Yksi poika meilt\u00e4 l\u00e4hti leikkaamaan kaatuneen kelon yli, ja siin\u00e4 olikin naapurin miina, joka r\u00e4j\u00e4hti, ja kaverilla meni jalka nilkasta poikki. Palattiin takaisin tuomaan haavoittunut hoitoon.<\/p>\n<p>Anna Tekkala kertoi sotavankeudestaan palattuaan joutuneensa olemaan koko ajan vankileirin sairaalassa t\u00f6iss\u00e4, hoitamaan suomalaisia ja saksalaisia sotavankeja. Ruoka oli ollut huonoa ja vangit olivat n\u00e4hneet n\u00e4lk\u00e4\u00e4. Ja kun vangilta rupesi toivo kotimaahan p\u00e4\u00e4syst\u00e4 sammumaan, se masensi niin, ett\u00e4 kuolema tuli.<\/p>\n<p>Kun lotat oli viety, heit\u00e4 oli kuulusteltu naapurin puolella kauan. Ven\u00e4l\u00e4isill\u00e4 oli ollut sellainen k\u00e4sitys, ett\u00e4 lotat tiet\u00e4isiv\u00e4t enemm\u00e4n sotilasasioista kuin mit\u00e4 me tiesimme. Kovasti oli kuulusteltu, mutta ei ly\u00f6ty ollut eik\u00e4 pahoinpidelty eik\u00e4 tehty muutakaan v\u00e4kivaltaa.<\/p>\n<p>Pirkanmaan veteraanien joulu 1997<\/p>\n<\/div><\/section>\n","protected":false},"excerpt":{"rendered":"","protected":false},"author":2,"featured_media":0,"parent":1903,"menu_order":4,"comment_status":"closed","ping_status":"closed","template":"","meta":{"footnotes":""},"class_list":["post-2137","page","type-page","status-publish","hentry"],"yoast_head":"<!-- This site is optimized with the Yoast SEO plugin v27.5 - https:\/\/yoast.com\/product\/yoast-seo-wordpress\/ -->\n<title>Lottia vangeiksi jouluaattona - Veteraanien Perint\u00f6<\/title>\n<meta name=\"robots\" content=\"index, follow, max-snippet:-1, max-image-preview:large, max-video-preview:-1\" \/>\n<link rel=\"canonical\" href=\"https:\/\/veteraanienperinto.fi\/index.php\/talvisota-etusivu\/talvisodan-kertomukset\/kotirintama\/lotta-svard\/lottia-vangeiksi-jouluaattona\/\" \/>\n<meta property=\"og:locale\" content=\"fi_FI\" \/>\n<meta property=\"og:type\" content=\"article\" \/>\n<meta property=\"og:title\" content=\"Lottia vangeiksi jouluaattona - Veteraanien Perint\u00f6\" \/>\n<meta property=\"og:url\" content=\"https:\/\/veteraanienperinto.fi\/index.php\/talvisota-etusivu\/talvisodan-kertomukset\/kotirintama\/lotta-svard\/lottia-vangeiksi-jouluaattona\/\" \/>\n<meta property=\"og:site_name\" content=\"Veteraanien Perint\u00f6\" \/>\n<meta property=\"article:modified_time\" content=\"2020-09-05T08:10:52+00:00\" \/>\n<meta property=\"og:image\" content=\"https:\/\/veteraanienperinto.fi\/wp-content\/uploads\/2020\/09\/anna_tekkala.jpg\" \/>\n<meta name=\"twitter:card\" content=\"summary_large_image\" \/>\n<meta name=\"twitter:label1\" content=\"Arvioitu lukuaika\" \/>\n\t<meta name=\"twitter:data1\" content=\"4 minuuttia\" \/>\n<script type=\"application\/ld+json\" class=\"yoast-schema-graph\">{\"@context\":\"https:\\\/\\\/schema.org\",\"@graph\":[{\"@type\":\"WebPage\",\"@id\":\"https:\\\/\\\/veteraanienperinto.fi\\\/index.php\\\/talvisota-etusivu\\\/talvisodan-kertomukset\\\/kotirintama\\\/lotta-svard\\\/lottia-vangeiksi-jouluaattona\\\/\",\"url\":\"https:\\\/\\\/veteraanienperinto.fi\\\/index.php\\\/talvisota-etusivu\\\/talvisodan-kertomukset\\\/kotirintama\\\/lotta-svard\\\/lottia-vangeiksi-jouluaattona\\\/\",\"name\":\"Lottia vangeiksi jouluaattona - Veteraanien Perint\u00f6\",\"isPartOf\":{\"@id\":\"https:\\\/\\\/veteraanienperinto.fi\\\/#website\"},\"primaryImageOfPage\":{\"@id\":\"https:\\\/\\\/veteraanienperinto.fi\\\/index.php\\\/talvisota-etusivu\\\/talvisodan-kertomukset\\\/kotirintama\\\/lotta-svard\\\/lottia-vangeiksi-jouluaattona\\\/#primaryimage\"},\"image\":{\"@id\":\"https:\\\/\\\/veteraanienperinto.fi\\\/index.php\\\/talvisota-etusivu\\\/talvisodan-kertomukset\\\/kotirintama\\\/lotta-svard\\\/lottia-vangeiksi-jouluaattona\\\/#primaryimage\"},\"thumbnailUrl\":\"https:\\\/\\\/veteraanienperinto.fi\\\/wp-content\\\/uploads\\\/2020\\\/09\\\/anna_tekkala.jpg\",\"datePublished\":\"2020-08-31T13:01:49+00:00\",\"dateModified\":\"2020-09-05T08:10:52+00:00\",\"breadcrumb\":{\"@id\":\"https:\\\/\\\/veteraanienperinto.fi\\\/index.php\\\/talvisota-etusivu\\\/talvisodan-kertomukset\\\/kotirintama\\\/lotta-svard\\\/lottia-vangeiksi-jouluaattona\\\/#breadcrumb\"},\"inLanguage\":\"fi\",\"potentialAction\":[{\"@type\":\"ReadAction\",\"target\":[\"https:\\\/\\\/veteraanienperinto.fi\\\/index.php\\\/talvisota-etusivu\\\/talvisodan-kertomukset\\\/kotirintama\\\/lotta-svard\\\/lottia-vangeiksi-jouluaattona\\\/\"]}]},{\"@type\":\"ImageObject\",\"inLanguage\":\"fi\",\"@id\":\"https:\\\/\\\/veteraanienperinto.fi\\\/index.php\\\/talvisota-etusivu\\\/talvisodan-kertomukset\\\/kotirintama\\\/lotta-svard\\\/lottia-vangeiksi-jouluaattona\\\/#primaryimage\",\"url\":\"https:\\\/\\\/veteraanienperinto.fi\\\/wp-content\\\/uploads\\\/2020\\\/09\\\/anna_tekkala.jpg\",\"contentUrl\":\"https:\\\/\\\/veteraanienperinto.fi\\\/wp-content\\\/uploads\\\/2020\\\/09\\\/anna_tekkala.jpg\",\"width\":150,\"height\":190},{\"@type\":\"BreadcrumbList\",\"@id\":\"https:\\\/\\\/veteraanienperinto.fi\\\/index.php\\\/talvisota-etusivu\\\/talvisodan-kertomukset\\\/kotirintama\\\/lotta-svard\\\/lottia-vangeiksi-jouluaattona\\\/#breadcrumb\",\"itemListElement\":[{\"@type\":\"ListItem\",\"position\":1,\"name\":\"Etusivu\",\"item\":\"https:\\\/\\\/veteraanienperinto.fi\\\/index.php\\\/etusivu-2\\\/\"},{\"@type\":\"ListItem\",\"position\":2,\"name\":\"Talvisota\",\"item\":\"https:\\\/\\\/veteraanienperinto.fi\\\/index.php\\\/talvisota-etusivu\\\/\"},{\"@type\":\"ListItem\",\"position\":3,\"name\":\"Talvisodan kertomukset\",\"item\":\"https:\\\/\\\/veteraanienperinto.fi\\\/index.php\\\/talvisota-etusivu\\\/talvisodan-kertomukset\\\/\"},{\"@type\":\"ListItem\",\"position\":4,\"name\":\"Kotirintama\",\"item\":\"https:\\\/\\\/veteraanienperinto.fi\\\/index.php\\\/talvisota-etusivu\\\/talvisodan-kertomukset\\\/kotirintama\\\/\"},{\"@type\":\"ListItem\",\"position\":5,\"name\":\"Lotta Sv\u00e4rd\",\"item\":\"https:\\\/\\\/veteraanienperinto.fi\\\/index.php\\\/talvisota-etusivu\\\/talvisodan-kertomukset\\\/kotirintama\\\/lotta-svard\\\/\"},{\"@type\":\"ListItem\",\"position\":6,\"name\":\"Lottia vangeiksi jouluaattona\"}]},{\"@type\":\"WebSite\",\"@id\":\"https:\\\/\\\/veteraanienperinto.fi\\\/#website\",\"url\":\"https:\\\/\\\/veteraanienperinto.fi\\\/\",\"name\":\"Veteraanien Perint\u00f6\",\"description\":\"Kadettikunta\",\"potentialAction\":[{\"@type\":\"SearchAction\",\"target\":{\"@type\":\"EntryPoint\",\"urlTemplate\":\"https:\\\/\\\/veteraanienperinto.fi\\\/?s={search_term_string}\"},\"query-input\":{\"@type\":\"PropertyValueSpecification\",\"valueRequired\":true,\"valueName\":\"search_term_string\"}}],\"inLanguage\":\"fi\"}]}<\/script>\n<!-- \/ Yoast SEO plugin. -->","yoast_head_json":{"title":"Lottia vangeiksi jouluaattona - Veteraanien Perint\u00f6","robots":{"index":"index","follow":"follow","max-snippet":"max-snippet:-1","max-image-preview":"max-image-preview:large","max-video-preview":"max-video-preview:-1"},"canonical":"https:\/\/veteraanienperinto.fi\/index.php\/talvisota-etusivu\/talvisodan-kertomukset\/kotirintama\/lotta-svard\/lottia-vangeiksi-jouluaattona\/","og_locale":"fi_FI","og_type":"article","og_title":"Lottia vangeiksi jouluaattona - Veteraanien Perint\u00f6","og_url":"https:\/\/veteraanienperinto.fi\/index.php\/talvisota-etusivu\/talvisodan-kertomukset\/kotirintama\/lotta-svard\/lottia-vangeiksi-jouluaattona\/","og_site_name":"Veteraanien Perint\u00f6","article_modified_time":"2020-09-05T08:10:52+00:00","og_image":[{"url":"https:\/\/veteraanienperinto.fi\/wp-content\/uploads\/2020\/09\/anna_tekkala.jpg","type":"","width":"","height":""}],"twitter_card":"summary_large_image","twitter_misc":{"Arvioitu lukuaika":"4 minuuttia"},"schema":{"@context":"https:\/\/schema.org","@graph":[{"@type":"WebPage","@id":"https:\/\/veteraanienperinto.fi\/index.php\/talvisota-etusivu\/talvisodan-kertomukset\/kotirintama\/lotta-svard\/lottia-vangeiksi-jouluaattona\/","url":"https:\/\/veteraanienperinto.fi\/index.php\/talvisota-etusivu\/talvisodan-kertomukset\/kotirintama\/lotta-svard\/lottia-vangeiksi-jouluaattona\/","name":"Lottia vangeiksi jouluaattona - Veteraanien Perint\u00f6","isPartOf":{"@id":"https:\/\/veteraanienperinto.fi\/#website"},"primaryImageOfPage":{"@id":"https:\/\/veteraanienperinto.fi\/index.php\/talvisota-etusivu\/talvisodan-kertomukset\/kotirintama\/lotta-svard\/lottia-vangeiksi-jouluaattona\/#primaryimage"},"image":{"@id":"https:\/\/veteraanienperinto.fi\/index.php\/talvisota-etusivu\/talvisodan-kertomukset\/kotirintama\/lotta-svard\/lottia-vangeiksi-jouluaattona\/#primaryimage"},"thumbnailUrl":"https:\/\/veteraanienperinto.fi\/wp-content\/uploads\/2020\/09\/anna_tekkala.jpg","datePublished":"2020-08-31T13:01:49+00:00","dateModified":"2020-09-05T08:10:52+00:00","breadcrumb":{"@id":"https:\/\/veteraanienperinto.fi\/index.php\/talvisota-etusivu\/talvisodan-kertomukset\/kotirintama\/lotta-svard\/lottia-vangeiksi-jouluaattona\/#breadcrumb"},"inLanguage":"fi","potentialAction":[{"@type":"ReadAction","target":["https:\/\/veteraanienperinto.fi\/index.php\/talvisota-etusivu\/talvisodan-kertomukset\/kotirintama\/lotta-svard\/lottia-vangeiksi-jouluaattona\/"]}]},{"@type":"ImageObject","inLanguage":"fi","@id":"https:\/\/veteraanienperinto.fi\/index.php\/talvisota-etusivu\/talvisodan-kertomukset\/kotirintama\/lotta-svard\/lottia-vangeiksi-jouluaattona\/#primaryimage","url":"https:\/\/veteraanienperinto.fi\/wp-content\/uploads\/2020\/09\/anna_tekkala.jpg","contentUrl":"https:\/\/veteraanienperinto.fi\/wp-content\/uploads\/2020\/09\/anna_tekkala.jpg","width":150,"height":190},{"@type":"BreadcrumbList","@id":"https:\/\/veteraanienperinto.fi\/index.php\/talvisota-etusivu\/talvisodan-kertomukset\/kotirintama\/lotta-svard\/lottia-vangeiksi-jouluaattona\/#breadcrumb","itemListElement":[{"@type":"ListItem","position":1,"name":"Etusivu","item":"https:\/\/veteraanienperinto.fi\/index.php\/etusivu-2\/"},{"@type":"ListItem","position":2,"name":"Talvisota","item":"https:\/\/veteraanienperinto.fi\/index.php\/talvisota-etusivu\/"},{"@type":"ListItem","position":3,"name":"Talvisodan kertomukset","item":"https:\/\/veteraanienperinto.fi\/index.php\/talvisota-etusivu\/talvisodan-kertomukset\/"},{"@type":"ListItem","position":4,"name":"Kotirintama","item":"https:\/\/veteraanienperinto.fi\/index.php\/talvisota-etusivu\/talvisodan-kertomukset\/kotirintama\/"},{"@type":"ListItem","position":5,"name":"Lotta Sv\u00e4rd","item":"https:\/\/veteraanienperinto.fi\/index.php\/talvisota-etusivu\/talvisodan-kertomukset\/kotirintama\/lotta-svard\/"},{"@type":"ListItem","position":6,"name":"Lottia vangeiksi jouluaattona"}]},{"@type":"WebSite","@id":"https:\/\/veteraanienperinto.fi\/#website","url":"https:\/\/veteraanienperinto.fi\/","name":"Veteraanien Perint\u00f6","description":"Kadettikunta","potentialAction":[{"@type":"SearchAction","target":{"@type":"EntryPoint","urlTemplate":"https:\/\/veteraanienperinto.fi\/?s={search_term_string}"},"query-input":{"@type":"PropertyValueSpecification","valueRequired":true,"valueName":"search_term_string"}}],"inLanguage":"fi"}]}},"_links":{"self":[{"href":"https:\/\/veteraanienperinto.fi\/index.php\/wp-json\/wp\/v2\/pages\/2137","targetHints":{"allow":["GET"]}}],"collection":[{"href":"https:\/\/veteraanienperinto.fi\/index.php\/wp-json\/wp\/v2\/pages"}],"about":[{"href":"https:\/\/veteraanienperinto.fi\/index.php\/wp-json\/wp\/v2\/types\/page"}],"author":[{"embeddable":true,"href":"https:\/\/veteraanienperinto.fi\/index.php\/wp-json\/wp\/v2\/users\/2"}],"replies":[{"embeddable":true,"href":"https:\/\/veteraanienperinto.fi\/index.php\/wp-json\/wp\/v2\/comments?post=2137"}],"version-history":[{"count":3,"href":"https:\/\/veteraanienperinto.fi\/index.php\/wp-json\/wp\/v2\/pages\/2137\/revisions"}],"predecessor-version":[{"id":5740,"href":"https:\/\/veteraanienperinto.fi\/index.php\/wp-json\/wp\/v2\/pages\/2137\/revisions\/5740"}],"up":[{"embeddable":true,"href":"https:\/\/veteraanienperinto.fi\/index.php\/wp-json\/wp\/v2\/pages\/1903"}],"wp:attachment":[{"href":"https:\/\/veteraanienperinto.fi\/index.php\/wp-json\/wp\/v2\/media?parent=2137"}],"curies":[{"name":"wp","href":"https:\/\/api.w.org\/{rel}","templated":true}]}}