{"id":2146,"date":"2020-08-31T13:05:34","date_gmt":"2020-08-31T13:05:34","guid":{"rendered":"https:\/\/veteraani.ylirotu.fi\/?page_id=2146"},"modified":"2020-08-31T13:05:34","modified_gmt":"2020-08-31T13:05:34","slug":"talvisota-sairaalajunassa","status":"publish","type":"page","link":"https:\/\/veteraanienperinto.fi\/index.php\/talvisota-etusivu\/talvisodan-kertomukset\/kotirintama\/lotta-svard\/talvisota-sairaalajunassa\/","title":{"rendered":"Talvisota sairaalajunassa"},"content":{"rendered":"\n<style type=\"text\/css\" data-created_by=\"avia_inline_auto\" id=\"style-css-av-keijc8s7-b035cb9dcbc752e182bd0406ecb7e289\">\n#top .av-special-heading.av-keijc8s7-b035cb9dcbc752e182bd0406ecb7e289{\npadding-bottom:10px;\n}\nbody .av-special-heading.av-keijc8s7-b035cb9dcbc752e182bd0406ecb7e289 .av-special-heading-tag .heading-char{\nfont-size:25px;\n}\n.av-special-heading.av-keijc8s7-b035cb9dcbc752e182bd0406ecb7e289 .av-subheading{\nfont-size:15px;\n}\n<\/style>\n<div  class='av-special-heading av-keijc8s7-b035cb9dcbc752e182bd0406ecb7e289 av-special-heading-h3  avia-builder-el-0  el_before_av_textblock  avia-builder-el-first '><h3 class='av-special-heading-tag'  itemprop=\"headline\"  >Talvisota sairaalajunassa<\/h3><div class=\"special-heading-border\"><div class=\"special-heading-inner-border\"><\/div><\/div><\/div>\n<section  class='av_textblock_section av-kei9w74n-7b0f008125a778f48432b9a614d90d0f '   itemscope=\"itemscope\" itemtype=\"https:\/\/schema.org\/CreativeWork\" ><div class='avia_textblock'  itemprop=\"text\" ><p><strong>Hilkka Kurkela, o.s. Kurttila:<\/strong><\/p>\n<p>Olin sairaanhoitajana Helsingiss\u00e4 Mehil\u00e4isen sairaalassa, kun lokakuun 13. p\u00e4iv\u00e4n\u00e4 1939 poliisi toi k\u00e4skyn, ett\u00e4 viiden tunnin sis\u00e4ll\u00e4 oli ilmoittauduttava K\u00e4pyl\u00e4ss\u00e4 Sairaalajuna II:n p\u00e4\u00e4llikk\u00f6l\u00e4\u00e4k\u00e4ri Josef Kaplanille.<\/p>\n<p>Tietenkin olimme levottomina syksyn aikana jo osanneet odottaa, ett\u00e4 joutuisimme SPR:n j\u00e4senin\u00e4 palvelemaan puolustusvoimia, mutta Moskovan neuvottelujen pitkittyess\u00e4 toivoimme kaiken p\u00e4\u00e4ttyv\u00e4n rauhallisesti.<\/p>\n<p>Sairaalajunaa kunnostettiin kovalla kiireell\u00e4 Helsingin rahapihalla. Pitih\u00e4n sen pysty\u00e4 tarpeen tullen kuljettamaan haavoittuneet ja sairastuneet sotilaat rintamalta turvallisesti muualla maassa oleviin sotasairaaloihin.<\/p>\n<p>Sairaalajuna oli itse asiassa pienimuotoinen sairaala, jossa voitiin kiireellisiss\u00e4 tapauksissa tehd\u00e4 v\u00e4ltt\u00e4m\u00e4tt\u00f6m\u00e4t operaatiotkin. Haavoittuneille oli yleens\u00e4 annettu vain ensiapu joukkosidontapaikoilla tai kentt\u00e4sairaaloissa.<\/p>\n<p>Sairaalajunan henkil\u00f6kunta oli p\u00e4\u00e4llikk\u00f6l\u00e4\u00e4k\u00e4ri ja muita l\u00e4\u00e4k\u00e4reit\u00e4, sairaanhoitajia ja lottia, viimeksi mainittuja my\u00f6s muonitusteht\u00e4viss\u00e4. Lis\u00e4ksi oli k\u00e4yt\u00e4nn\u00f6n asioista huolehtimassa komendantti sek\u00e4 muutamia l\u00e4\u00e4kint\u00e4miehi\u00e4 sek\u00e4 tietenkin junamiehet.<\/p>\n<p>Lokakuun loppuun menness\u00e4 sairaalajuna oli kunnossa ja toinen puoli henkil\u00f6kunnasta sai palata siviiliteht\u00e4viins\u00e4 &#8211; toistaiseksi. Toinen puoli, min\u00e4 muiden muassa, siirtyi junan mukana Hyvink\u00e4\u00e4lle odottamaan tapahtumien kehittymist\u00e4.<\/p>\n<p>Hyvink\u00e4\u00e4ll\u00e4 meill\u00e4 oli helpot oltavat, aikaa kulutettiin p\u00e4\u00e4asiassa lenkkeillen ja tutustumalla paikkakuntaan, iltaa istuen ja odottaen mit\u00e4 tuleman piti. Kentt\u00e4postin aloitettua toimintansa lokakuun lopulla tuli ohjelmaan my\u00f6s kirjeiden kirjoittaminen. Mutta se oli vain tyynt\u00e4 myrskyn edell\u00e4.<\/p>\n<p>Kun sotatoimet sitten alkoivat marraskuun viimeisen\u00e4 p\u00e4iv\u00e4n\u00e4, h\u00e4lytettiin paikalle my\u00f6s Helsingiss\u00e4 varalla ollut henkil\u00f6kunta. Ensimm\u00e4iselle matkalle l\u00e4hdettiin joulukuun 11. p\u00e4iv\u00e4n\u00e4 ja se suuntautui Sortavalaan ja V\u00e4rtsil\u00e4\u00e4n, joista molemmista toimme haavoittuneita p\u00e4\u00e4asiassa Tampereelle. Matka sujui hyvin, mutta toisella matkalla Elisenvaarasta Kontiolahteen ja takaisin Lappeenrantaan ja Poriin, oli jo nelj\u00e4 ilmah\u00e4lytyst\u00e4.<\/p>\n<p>Ilmah\u00e4lytyksen sattuessa siit\u00e4 annettiin tieto kunkin vaunun henkil\u00f6kunnalle, mutta ei potilaille, koska se olisi her\u00e4tt\u00e4nyt heiss\u00e4 vain tarpeetonta levottomuutta. Potilaathan eiv\u00e4t saaneet kuljetuksen aikana poistua junasta, harvapa siihen olisi pystynytk\u00e4\u00e4n, eik\u00e4 l\u00e4\u00e4kint\u00e4henkil\u00f6kuntakaan saanut j\u00e4tt\u00e4\u00e4 heit\u00e4 paitsi erikoisluvalla silloin, kun asemilla pys\u00e4hdyttiin pitemm\u00e4ksi aikaa. Silloin suoritettiin tarpeelliset ostokset my\u00f6s potilaille.<\/p>\n<p>Potilasvaunuissa oli vain puolivalot sen j\u00e4lkeen kun tarpeelliset hoitotoimenpiteet, kuten siteiden vaihtaminen, oli suoritettu. Sairasjunilla oli etuajo-oikeus eiv\u00e4tk\u00e4 ne yleens\u00e4 pys\u00e4htyneet suurillakaan asemilla, mik\u00e4li se ei muun liikenteen vuoksi ollut v\u00e4ltt\u00e4m\u00e4t\u00f6nt\u00e4.<\/p>\n<p>Potilaiden lastaaminen suoritettiin turvallisuussyist\u00e4 yleens\u00e4 \u00f6iseen aikaan ja siin\u00e4 avustivat l\u00e4\u00e4kint\u00e4miehet. Edestakaiset matkat kestiv\u00e4t tavallisesti pari p\u00e4iv\u00e4\u00e4, mutta joskus viikonkin, jos sattui jotakin erikoista, kuten pommituksista johtuneita ratojen rikkoontumisia.<\/p>\n<p>Joulukuun 20. p\u00e4iv\u00e4st\u00e4 alkaen matkat suuntautuivat useimmiten Sortavalaan, vastaanottoasemat taas vaihtelivat sen mukaan miss\u00e4 sotasairaalassa oli tilaa. Veimme haavoittuneita Jyv\u00e4skyl\u00e4\u00e4n, Mikkeliin, Savonlinnaan, Kuopioon, Vaasaan, Tampereelle, Poriin, Raumalle, H\u00e4meenlinnaan, Turkuun, Lahteen ja Saloon, er\u00e4iss\u00e4 tapauksissa Helsinkiinkin. Viimeinen eli 29:s matka tehtiin maaliskuun lopussa Haaparantaan. Pitk\u00e4aikaista hoitoa vaativat haavoittuneet p\u00e4\u00e4siv\u00e4t silloin naapurimaahan.<\/p>\n<p>Matkat eiv\u00e4t aina sujuneet rauhallisesti, vihollinen ei aina kunnioittanut Punaisen Ristin tunnuksia. Ensimm\u00e4isen kerran junamme oli pommituksen kohteena 23.1., mutta kun kaikki pysytteliv\u00e4t visusti junassa ei kukaan haavoittunut lentokoneiden konekiv\u00e4\u00e4ritulesta huolimatta.<\/p>\n<p>Helmikuun puoliv\u00e4lin j\u00e4lkeen matkamme ulottuivat Laatokan koilliskulmalle J\u00e4nisj\u00e4rvelle ja Alattuun saakka. Er\u00e4\u00e4ll\u00e4 matkalla laskimme 56 ven\u00e4l\u00e4iskonetta lent\u00e4v\u00e4n ylitsemme. Juna t\u00e4r\u00e4hteli muutaman kerran, mutta sen kummempaa ei sattunut. Joskus oli samalla matkalla per\u00e4ti 11 ilmah\u00e4lytyst\u00e4. Helmikuun 2. p\u00e4iv\u00e4n\u00e4 putosi useita palopommeja junamme viereen, mutta meill\u00e4 oli sill\u00e4kin kertaa varjelus.<\/p>\n<p>Erikoisesti j\u00e4i mieleen matka, jolle l\u00e4hdimme Turusta 24.2., mutta saimme potilaat Rauhasta Imatran l\u00e4helt\u00e4 vasta kolme p\u00e4iv\u00e4\u00e4 my\u00f6hemmin. Viholliskoneita &#8211; sek\u00e4 pommittajia ett\u00e4 h\u00e4vitt\u00e4ji\u00e4 &#8211; n\u00e4kyi v\u00e4h\u00e4n v\u00e4li\u00e4, mutta olipa ilmassa my\u00f6s meit\u00e4 auttamaan tulleita koneita, joiden kansallisuudesta emme saaneet selv\u00e4\u00e4. Koska meill\u00e4 ei menomatkalla ollut potilaita, tuli komennus suojaan &#8211; junan alle &#8211; ja lopulta my\u00f6s oikeaan pommisuojaan, jossa useampi meist\u00e4 nukkui v\u00e4syneen\u00e4 koko 27. p\u00e4iv\u00e4n vastaisen y\u00f6n. T\u00e4m\u00e4 tapahtui Kaukop\u00e4\u00e4n teollisuusalueella, jossa oli sekin hyv\u00e4 puoli, ett\u00e4 saimme v\u00e4lill\u00e4 k\u00e4yd\u00e4 tehtaan ruokalassa kahvilla.<\/p>\n<p>Seuraavakin matka oli hankala, kun meid\u00e4n piti vied\u00e4 kuusi silm\u00e4potilasta Kuopioon. Matka kesti kolmatta vuorokautta, kun rata oli useasta kohdasta poikki ja junia jonotti Kouvolaan p\u00e4\u00e4sy\u00e4. M\u00e4ntyharjun asemalla seisoimme seitsem\u00e4n tuntia ja Mikkeliss\u00e4 katselimme siell\u00e4 raivoavia tulipaloja.<\/p>\n<p>Vaikka rauha tuli 13.3., teimme viel\u00e4 kolme matkaa. Nyt oli erikoista se, ett\u00e4 junat ajoivat t\u00e4ysill\u00e4 valoilla ja pimennysm\u00e4\u00e4r\u00e4yksi\u00e4 ei muutenkaan en\u00e4\u00e4 tarvinnut asutuskeskuksissakaan noudattaa. Sen sijaan asemilla oli valtava tungos evakuoituja ja rintamalta palaavia &#8211; el\u00e4vi\u00e4 ja kuolleita. J\u00e4nisj\u00e4rvell\u00e4 tyhjensimme er\u00e4\u00e4n talon kellarin, is\u00e4nn\u00e4n luvalla tietenkin, ja saimme runsaasti ruokatarvikkeita, jotka muuten alkoivat jo olla v\u00e4hiss\u00e4.<\/p>\n<p>Viimeinen sairaalajunan matka suuntautui sitten Haaparantaan. Se oli junan henkil\u00f6kunnalle mieluisaa, sill\u00e4 sielt\u00e4 sai ostaa sellaisia ruokatavaroita, joita omassa maassa ei en\u00e4\u00e4 ollut, ennen muuta hedelmi\u00e4 ja suklaata. Min\u00e4 en ollut Haaparannan matkalla mukana, koska sain luvan j\u00e4\u00e4d\u00e4 junasta Iin asemalla k\u00e4yd\u00e4kseni kotonani sin\u00e4 aikana, jonka toiset viipyiv\u00e4t Haaparannassa.<\/p>\n<p>Sattui kuitenkin niin, ett\u00e4 juna palasi odotettua aikaisemmin ja my\u00f6h\u00e4styin siit\u00e4. Kun perhe viel\u00e4 edelliselt\u00e4 lomalta l\u00e4htiess\u00e4ni oli itkenyt, niin nyt se &#8211; nauroi. P\u00e4\u00e4sin kuitenkin jatkamaan matkaa muutamaa tuntia my\u00f6hemmin.<\/p>\n<\/div><\/section>\n","protected":false},"excerpt":{"rendered":"","protected":false},"author":2,"featured_media":0,"parent":1903,"menu_order":7,"comment_status":"closed","ping_status":"closed","template":"","meta":{"footnotes":""},"class_list":["post-2146","page","type-page","status-publish","hentry"],"yoast_head":"<!-- This site is optimized with the Yoast SEO plugin v27.4 - https:\/\/yoast.com\/product\/yoast-seo-wordpress\/ -->\n<title>Talvisota sairaalajunassa - Veteraanien Perint\u00f6<\/title>\n<meta name=\"robots\" content=\"index, follow, max-snippet:-1, max-image-preview:large, max-video-preview:-1\" \/>\n<link rel=\"canonical\" href=\"https:\/\/veteraanienperinto.fi\/index.php\/talvisota-etusivu\/talvisodan-kertomukset\/kotirintama\/lotta-svard\/talvisota-sairaalajunassa\/\" \/>\n<meta property=\"og:locale\" content=\"fi_FI\" \/>\n<meta property=\"og:type\" content=\"article\" \/>\n<meta property=\"og:title\" content=\"Talvisota sairaalajunassa - Veteraanien Perint\u00f6\" \/>\n<meta property=\"og:url\" content=\"https:\/\/veteraanienperinto.fi\/index.php\/talvisota-etusivu\/talvisodan-kertomukset\/kotirintama\/lotta-svard\/talvisota-sairaalajunassa\/\" \/>\n<meta property=\"og:site_name\" content=\"Veteraanien Perint\u00f6\" \/>\n<meta name=\"twitter:card\" content=\"summary_large_image\" \/>\n<meta name=\"twitter:label1\" content=\"Arvioitu lukuaika\" \/>\n\t<meta name=\"twitter:data1\" content=\"5 minuuttia\" \/>\n<script type=\"application\/ld+json\" class=\"yoast-schema-graph\">{\"@context\":\"https:\\\/\\\/schema.org\",\"@graph\":[{\"@type\":\"WebPage\",\"@id\":\"https:\\\/\\\/veteraanienperinto.fi\\\/index.php\\\/talvisota-etusivu\\\/talvisodan-kertomukset\\\/kotirintama\\\/lotta-svard\\\/talvisota-sairaalajunassa\\\/\",\"url\":\"https:\\\/\\\/veteraanienperinto.fi\\\/index.php\\\/talvisota-etusivu\\\/talvisodan-kertomukset\\\/kotirintama\\\/lotta-svard\\\/talvisota-sairaalajunassa\\\/\",\"name\":\"Talvisota sairaalajunassa - Veteraanien Perint\u00f6\",\"isPartOf\":{\"@id\":\"https:\\\/\\\/veteraanienperinto.fi\\\/#website\"},\"datePublished\":\"2020-08-31T13:05:34+00:00\",\"breadcrumb\":{\"@id\":\"https:\\\/\\\/veteraanienperinto.fi\\\/index.php\\\/talvisota-etusivu\\\/talvisodan-kertomukset\\\/kotirintama\\\/lotta-svard\\\/talvisota-sairaalajunassa\\\/#breadcrumb\"},\"inLanguage\":\"fi\",\"potentialAction\":[{\"@type\":\"ReadAction\",\"target\":[\"https:\\\/\\\/veteraanienperinto.fi\\\/index.php\\\/talvisota-etusivu\\\/talvisodan-kertomukset\\\/kotirintama\\\/lotta-svard\\\/talvisota-sairaalajunassa\\\/\"]}]},{\"@type\":\"BreadcrumbList\",\"@id\":\"https:\\\/\\\/veteraanienperinto.fi\\\/index.php\\\/talvisota-etusivu\\\/talvisodan-kertomukset\\\/kotirintama\\\/lotta-svard\\\/talvisota-sairaalajunassa\\\/#breadcrumb\",\"itemListElement\":[{\"@type\":\"ListItem\",\"position\":1,\"name\":\"Etusivu\",\"item\":\"https:\\\/\\\/veteraanienperinto.fi\\\/index.php\\\/etusivu-2\\\/\"},{\"@type\":\"ListItem\",\"position\":2,\"name\":\"Talvisota\",\"item\":\"https:\\\/\\\/veteraanienperinto.fi\\\/index.php\\\/talvisota-etusivu\\\/\"},{\"@type\":\"ListItem\",\"position\":3,\"name\":\"Talvisodan kertomukset\",\"item\":\"https:\\\/\\\/veteraanienperinto.fi\\\/index.php\\\/talvisota-etusivu\\\/talvisodan-kertomukset\\\/\"},{\"@type\":\"ListItem\",\"position\":4,\"name\":\"Kotirintama\",\"item\":\"https:\\\/\\\/veteraanienperinto.fi\\\/index.php\\\/talvisota-etusivu\\\/talvisodan-kertomukset\\\/kotirintama\\\/\"},{\"@type\":\"ListItem\",\"position\":5,\"name\":\"Lotta Sv\u00e4rd\",\"item\":\"https:\\\/\\\/veteraanienperinto.fi\\\/index.php\\\/talvisota-etusivu\\\/talvisodan-kertomukset\\\/kotirintama\\\/lotta-svard\\\/\"},{\"@type\":\"ListItem\",\"position\":6,\"name\":\"Talvisota sairaalajunassa\"}]},{\"@type\":\"WebSite\",\"@id\":\"https:\\\/\\\/veteraanienperinto.fi\\\/#website\",\"url\":\"https:\\\/\\\/veteraanienperinto.fi\\\/\",\"name\":\"Veteraanien Perint\u00f6\",\"description\":\"Kadettikunta\",\"potentialAction\":[{\"@type\":\"SearchAction\",\"target\":{\"@type\":\"EntryPoint\",\"urlTemplate\":\"https:\\\/\\\/veteraanienperinto.fi\\\/?s={search_term_string}\"},\"query-input\":{\"@type\":\"PropertyValueSpecification\",\"valueRequired\":true,\"valueName\":\"search_term_string\"}}],\"inLanguage\":\"fi\"}]}<\/script>\n<!-- \/ Yoast SEO plugin. -->","yoast_head_json":{"title":"Talvisota sairaalajunassa - Veteraanien Perint\u00f6","robots":{"index":"index","follow":"follow","max-snippet":"max-snippet:-1","max-image-preview":"max-image-preview:large","max-video-preview":"max-video-preview:-1"},"canonical":"https:\/\/veteraanienperinto.fi\/index.php\/talvisota-etusivu\/talvisodan-kertomukset\/kotirintama\/lotta-svard\/talvisota-sairaalajunassa\/","og_locale":"fi_FI","og_type":"article","og_title":"Talvisota sairaalajunassa - Veteraanien Perint\u00f6","og_url":"https:\/\/veteraanienperinto.fi\/index.php\/talvisota-etusivu\/talvisodan-kertomukset\/kotirintama\/lotta-svard\/talvisota-sairaalajunassa\/","og_site_name":"Veteraanien Perint\u00f6","twitter_card":"summary_large_image","twitter_misc":{"Arvioitu lukuaika":"5 minuuttia"},"schema":{"@context":"https:\/\/schema.org","@graph":[{"@type":"WebPage","@id":"https:\/\/veteraanienperinto.fi\/index.php\/talvisota-etusivu\/talvisodan-kertomukset\/kotirintama\/lotta-svard\/talvisota-sairaalajunassa\/","url":"https:\/\/veteraanienperinto.fi\/index.php\/talvisota-etusivu\/talvisodan-kertomukset\/kotirintama\/lotta-svard\/talvisota-sairaalajunassa\/","name":"Talvisota sairaalajunassa - Veteraanien Perint\u00f6","isPartOf":{"@id":"https:\/\/veteraanienperinto.fi\/#website"},"datePublished":"2020-08-31T13:05:34+00:00","breadcrumb":{"@id":"https:\/\/veteraanienperinto.fi\/index.php\/talvisota-etusivu\/talvisodan-kertomukset\/kotirintama\/lotta-svard\/talvisota-sairaalajunassa\/#breadcrumb"},"inLanguage":"fi","potentialAction":[{"@type":"ReadAction","target":["https:\/\/veteraanienperinto.fi\/index.php\/talvisota-etusivu\/talvisodan-kertomukset\/kotirintama\/lotta-svard\/talvisota-sairaalajunassa\/"]}]},{"@type":"BreadcrumbList","@id":"https:\/\/veteraanienperinto.fi\/index.php\/talvisota-etusivu\/talvisodan-kertomukset\/kotirintama\/lotta-svard\/talvisota-sairaalajunassa\/#breadcrumb","itemListElement":[{"@type":"ListItem","position":1,"name":"Etusivu","item":"https:\/\/veteraanienperinto.fi\/index.php\/etusivu-2\/"},{"@type":"ListItem","position":2,"name":"Talvisota","item":"https:\/\/veteraanienperinto.fi\/index.php\/talvisota-etusivu\/"},{"@type":"ListItem","position":3,"name":"Talvisodan kertomukset","item":"https:\/\/veteraanienperinto.fi\/index.php\/talvisota-etusivu\/talvisodan-kertomukset\/"},{"@type":"ListItem","position":4,"name":"Kotirintama","item":"https:\/\/veteraanienperinto.fi\/index.php\/talvisota-etusivu\/talvisodan-kertomukset\/kotirintama\/"},{"@type":"ListItem","position":5,"name":"Lotta Sv\u00e4rd","item":"https:\/\/veteraanienperinto.fi\/index.php\/talvisota-etusivu\/talvisodan-kertomukset\/kotirintama\/lotta-svard\/"},{"@type":"ListItem","position":6,"name":"Talvisota sairaalajunassa"}]},{"@type":"WebSite","@id":"https:\/\/veteraanienperinto.fi\/#website","url":"https:\/\/veteraanienperinto.fi\/","name":"Veteraanien Perint\u00f6","description":"Kadettikunta","potentialAction":[{"@type":"SearchAction","target":{"@type":"EntryPoint","urlTemplate":"https:\/\/veteraanienperinto.fi\/?s={search_term_string}"},"query-input":{"@type":"PropertyValueSpecification","valueRequired":true,"valueName":"search_term_string"}}],"inLanguage":"fi"}]}},"_links":{"self":[{"href":"https:\/\/veteraanienperinto.fi\/index.php\/wp-json\/wp\/v2\/pages\/2146","targetHints":{"allow":["GET"]}}],"collection":[{"href":"https:\/\/veteraanienperinto.fi\/index.php\/wp-json\/wp\/v2\/pages"}],"about":[{"href":"https:\/\/veteraanienperinto.fi\/index.php\/wp-json\/wp\/v2\/types\/page"}],"author":[{"embeddable":true,"href":"https:\/\/veteraanienperinto.fi\/index.php\/wp-json\/wp\/v2\/users\/2"}],"replies":[{"embeddable":true,"href":"https:\/\/veteraanienperinto.fi\/index.php\/wp-json\/wp\/v2\/comments?post=2146"}],"version-history":[{"count":2,"href":"https:\/\/veteraanienperinto.fi\/index.php\/wp-json\/wp\/v2\/pages\/2146\/revisions"}],"predecessor-version":[{"id":5752,"href":"https:\/\/veteraanienperinto.fi\/index.php\/wp-json\/wp\/v2\/pages\/2146\/revisions\/5752"}],"up":[{"embeddable":true,"href":"https:\/\/veteraanienperinto.fi\/index.php\/wp-json\/wp\/v2\/pages\/1903"}],"wp:attachment":[{"href":"https:\/\/veteraanienperinto.fi\/index.php\/wp-json\/wp\/v2\/media?parent=2146"}],"curies":[{"name":"wp","href":"https:\/\/api.w.org\/{rel}","templated":true}]}}