{"id":218,"date":"2020-08-13T12:05:03","date_gmt":"2020-08-13T12:05:03","guid":{"rendered":"https:\/\/veteraani.ylirotu.fi\/?page_id=218"},"modified":"2021-01-31T09:41:20","modified_gmt":"2021-01-31T09:41:20","slug":"sodan-alku","status":"publish","type":"page","link":"https:\/\/veteraanienperinto.fi\/index.php\/talvisota-etusivu\/sotatoimet\/sodan-alku\/","title":{"rendered":"Sodan alku"},"content":{"rendered":"<div id='full_slider_1'  class='avia-fullwidth-slider main_color avia-shadow   avia-builder-el-0  el_before_av_heading  avia-builder-el-first   container_wrap sidebar_right'  ><div  class='avia-slideshow av-kgtwayzi-fb8a55f341e02b3616a12f54bedbd6fd avia-slideshow-featured av_slideshow_full avia-slide-slider av-slideshow-ui av-control-default av-slideshow-manual av-loop-once av-loop-manual-endless av-default-height-applied   avia-slideshow-1' data-slideshow-options=\"{&quot;animation&quot;:&quot;slide&quot;,&quot;autoplay&quot;:false,&quot;loop_autoplay&quot;:&quot;once&quot;,&quot;interval&quot;:5,&quot;loop_manual&quot;:&quot;manual-endless&quot;,&quot;autoplay_stopper&quot;:false,&quot;noNavigation&quot;:false,&quot;bg_slider&quot;:false,&quot;keep_padding&quot;:false,&quot;hoverpause&quot;:false,&quot;show_slide_delay&quot;:0}\"  itemprop=\"image\" itemscope=\"itemscope\" itemtype=\"https:\/\/schema.org\/ImageObject\" ><ul class='avia-slideshow-inner ' style='padding-bottom: 28.666666666667%;'><li  class='avia-slideshow-slide av-kgtwayzi-fb8a55f341e02b3616a12f54bedbd6fd__0  av-single-slide slide-1 slide-odd'><div data-rel='slideshow-1' class='avia-slide-wrap '   ><div class='av-slideshow-caption av-kgtwayzi-fb8a55f341e02b3616a12f54bedbd6fd__0 caption_fullwidth caption_bottom caption_bottom_framed caption_framed'><div class=\"container caption_container\"><div class=\"slideshow_caption\"><div class=\"slideshow_inner_caption\"><div class=\"slideshow_align_caption\"><div class='avia-caption-content '  itemprop=\"description\" ><p>Aamiainen ylim\u00e4\u00e4r\u00e4isten harjoitusten aikana syksyll\u00e4 1939 Karjalan kannaksella<\/p>\n<\/div><\/div><\/div><\/div><\/div><\/div><img decoding=\"async\" fetchpriority=\"high\" class=\"wp-image-4565 avia-img-lazy-loading-not-4565\"  src=\"https:\/\/veteraanienperinto.fi\/wp-content\/uploads\/2020\/10\/yh-kannas-1500x430.png\" width=\"1500\" height=\"430\" title='yh-kannas' alt=''  itemprop=\"thumbnailUrl\" srcset=\"https:\/\/veteraanienperinto.fi\/wp-content\/uploads\/2020\/10\/yh-kannas.png 1500w, https:\/\/veteraanienperinto.fi\/wp-content\/uploads\/2020\/10\/yh-kannas-300x86.png 300w, https:\/\/veteraanienperinto.fi\/wp-content\/uploads\/2020\/10\/yh-kannas-1030x295.png 1030w, https:\/\/veteraanienperinto.fi\/wp-content\/uploads\/2020\/10\/yh-kannas-768x220.png 768w, https:\/\/veteraanienperinto.fi\/wp-content\/uploads\/2020\/10\/yh-kannas-705x202.png 705w\" sizes=\"(max-width: 1500px) 100vw, 1500px\" \/><\/div><\/li><\/ul><\/div><\/div><div id='after_full_slider_1'  class='main_color av_default_container_wrap container_wrap sidebar_right'  ><div class='container av-section-cont-open' ><div class='template-page content  av-content-small alpha units'><div class='post-entry post-entry-type-page post-entry-218'><div class='entry-content-wrapper clearfix'>\n\n<style type=\"text\/css\" data-created_by=\"avia_inline_auto\" id=\"style-css-av-av_heading-6337cf736c849d241ffd7696a19a60ee\">\n#top .av-special-heading.av-av_heading-6337cf736c849d241ffd7696a19a60ee{\npadding-bottom:10px;\n}\nbody .av-special-heading.av-av_heading-6337cf736c849d241ffd7696a19a60ee .av-special-heading-tag .heading-char{\nfont-size:25px;\n}\n.av-special-heading.av-av_heading-6337cf736c849d241ffd7696a19a60ee .av-subheading{\nfont-size:15px;\n}\n<\/style>\n<div  class='av-special-heading av-av_heading-6337cf736c849d241ffd7696a19a60ee av-special-heading-h2  avia-builder-el-1  el_after_av_slideshow_full  el_before_av_textblock  avia-builder-el-first '><h2 class='av-special-heading-tag'  itemprop=\"headline\"  >Sodan alku<\/h2><div class=\"special-heading-border\"><div class=\"special-heading-inner-border\"><\/div><\/div><\/div>\n<section  class='av_textblock_section av-kdsr1etg-e9d29ce21b88c7808a8ae4c4f60a7bbb '   itemscope=\"itemscope\" itemtype=\"https:\/\/schema.org\/CreativeWork\" ><div class='avia_textblock'  itemprop=\"text\" ><p>Neuvostoarmeija aloitti hy\u00f6kk\u00e4yksen Suomeen 30.11.1939 maalla, merell\u00e4 ja ilmassa. Maarajoilla ei vihollinen p\u00e4\u00e4ssyt yll\u00e4tykseen, sill\u00e4 varusmiehist\u00e4 ja rajaseudun reservil\u00e4isist\u00e4 muodostetut suojajoukot oli ryhmitetty rajoille heti neuvottelujen alettua Moskovassa.<\/p>\n<p>My\u00f6s muut reservil\u00e4iset, jotka muodostivat kentt\u00e4armeijan, oli 6.10. kutsuttu ylim\u00e4\u00e4r\u00e4isiin harjoituksiin, josta vakiintui nimi YH. Joukot siirrettiin kotialueelta suunniteltuihin puolustusasemiin, joissa aloitettiin koulutus ja linnoittaminen.<\/p>\n<p>YH:n ajalla oli ratkaisevan t\u00e4rke\u00e4 merkitys armeijan taisteluvalmiuden kannalta. Helsingiss\u00e4 yll\u00e4tys oli kuitenkin t\u00e4ydellinen. Neuvostoliittolaiset pommituskoneet pudottivat pomminsa Helsinkiin heti 30.11. aamulla. Yhteens\u00e4 91 siviilihenkil\u00f6\u00e4 sai surmansa.<\/p>\n<p>Neuvostoliiton tarkoituksena oli ly\u00f6d\u00e4 suomalaiset joukot nopeasti ja edet\u00e4 Helsinkiin kahdessa viikossa. Samanaikaisesti oli Suomi katkaistava kahtia Oulun suuntaan hy\u00f6kk\u00e4\u00e4vill\u00e4 joukoilla. Kaikkia teiden suuntia k\u00e4ytettiin hyv\u00e4ksi. Suomalaisten sitke\u00e4\u00e4n vastarintaan ei uskottu.<\/p>\n<\/div><\/section>\n\n<style type=\"text\/css\" data-created_by=\"avia_inline_auto\" id=\"style-css-av-kh4cw4rf-bd542e05f1b878978ae45d6a0023371b\">\n.avia-image-container.av-kh4cw4rf-bd542e05f1b878978ae45d6a0023371b img.avia_image{\nbox-shadow:none;\n}\n.avia-image-container.av-kh4cw4rf-bd542e05f1b878978ae45d6a0023371b .av-image-caption-overlay-center{\ncolor:#ffffff;\n}\n<\/style>\n<div  class='avia-image-container av-kh4cw4rf-bd542e05f1b878978ae45d6a0023371b av-styling- avia-align-center  avia-builder-el-3  el_after_av_textblock  avia-builder-el-last '   itemprop=\"image\" itemscope=\"itemscope\" itemtype=\"https:\/\/schema.org\/ImageObject\" ><div class=\"avia-image-container-inner\"><div class=\"avia-image-overlay-wrap\"><img decoding=\"async\" fetchpriority=\"high\" class='wp-image-10854 avia-img-lazy-loading-not-10854 avia_image ' src=\"https:\/\/veteraanienperinto.fi\/wp-content\/uploads\/2021\/01\/talvisota-811x1030.jpg\" alt='' title='talvisota'  height=\"1030\" width=\"811\"  itemprop=\"thumbnailUrl\" srcset=\"https:\/\/veteraanienperinto.fi\/wp-content\/uploads\/2021\/01\/talvisota-811x1030.jpg 811w, https:\/\/veteraanienperinto.fi\/wp-content\/uploads\/2021\/01\/talvisota-236x300.jpg 236w, https:\/\/veteraanienperinto.fi\/wp-content\/uploads\/2021\/01\/talvisota-768x975.jpg 768w, https:\/\/veteraanienperinto.fi\/wp-content\/uploads\/2021\/01\/talvisota-1210x1536.jpg 1210w, https:\/\/veteraanienperinto.fi\/wp-content\/uploads\/2021\/01\/talvisota-1613x2048.jpg 1613w, https:\/\/veteraanienperinto.fi\/wp-content\/uploads\/2021\/01\/talvisota-1182x1500.jpg 1182w, https:\/\/veteraanienperinto.fi\/wp-content\/uploads\/2021\/01\/talvisota-555x705.jpg 555w, https:\/\/veteraanienperinto.fi\/wp-content\/uploads\/2021\/01\/talvisota-scaled.jpg 2017w\" sizes=\"(max-width: 811px) 100vw, 811px\" \/><\/div><\/div><\/div>\n","protected":false},"excerpt":{"rendered":"","protected":false},"author":2,"featured_media":0,"parent":55,"menu_order":0,"comment_status":"closed","ping_status":"closed","template":"","meta":{"footnotes":""},"class_list":["post-218","page","type-page","status-publish","hentry"],"yoast_head":"<!-- This site is optimized with the Yoast SEO plugin v27.6 - https:\/\/yoast.com\/product\/yoast-seo-wordpress\/ -->\n<title>Sodan alku - Veteraanien Perint\u00f6<\/title>\n<meta name=\"robots\" content=\"index, follow, max-snippet:-1, max-image-preview:large, max-video-preview:-1\" \/>\n<link rel=\"canonical\" href=\"https:\/\/veteraanienperinto.fi\/index.php\/talvisota-etusivu\/sotatoimet\/sodan-alku\/\" \/>\n<meta property=\"og:locale\" content=\"fi_FI\" \/>\n<meta property=\"og:type\" content=\"article\" \/>\n<meta property=\"og:title\" content=\"Sodan alku - Veteraanien Perint\u00f6\" \/>\n<meta property=\"og:url\" content=\"https:\/\/veteraanienperinto.fi\/index.php\/talvisota-etusivu\/sotatoimet\/sodan-alku\/\" \/>\n<meta property=\"og:site_name\" content=\"Veteraanien Perint\u00f6\" \/>\n<meta property=\"article:modified_time\" content=\"2021-01-31T09:41:20+00:00\" \/>\n<meta name=\"twitter:card\" content=\"summary_large_image\" \/>\n<meta name=\"twitter:label1\" content=\"Arvioitu lukuaika\" \/>\n\t<meta name=\"twitter:data1\" content=\"2 minuuttia\" \/>\n<script type=\"application\/ld+json\" class=\"yoast-schema-graph\">{\"@context\":\"https:\\\/\\\/schema.org\",\"@graph\":[{\"@type\":\"WebPage\",\"@id\":\"https:\\\/\\\/veteraanienperinto.fi\\\/index.php\\\/talvisota-etusivu\\\/sotatoimet\\\/sodan-alku\\\/\",\"url\":\"https:\\\/\\\/veteraanienperinto.fi\\\/index.php\\\/talvisota-etusivu\\\/sotatoimet\\\/sodan-alku\\\/\",\"name\":\"Sodan alku - Veteraanien Perint\u00f6\",\"isPartOf\":{\"@id\":\"https:\\\/\\\/veteraanienperinto.fi\\\/#website\"},\"datePublished\":\"2020-08-13T12:05:03+00:00\",\"dateModified\":\"2021-01-31T09:41:20+00:00\",\"breadcrumb\":{\"@id\":\"https:\\\/\\\/veteraanienperinto.fi\\\/index.php\\\/talvisota-etusivu\\\/sotatoimet\\\/sodan-alku\\\/#breadcrumb\"},\"inLanguage\":\"fi\",\"potentialAction\":[{\"@type\":\"ReadAction\",\"target\":[\"https:\\\/\\\/veteraanienperinto.fi\\\/index.php\\\/talvisota-etusivu\\\/sotatoimet\\\/sodan-alku\\\/\"]}]},{\"@type\":\"BreadcrumbList\",\"@id\":\"https:\\\/\\\/veteraanienperinto.fi\\\/index.php\\\/talvisota-etusivu\\\/sotatoimet\\\/sodan-alku\\\/#breadcrumb\",\"itemListElement\":[{\"@type\":\"ListItem\",\"position\":1,\"name\":\"Etusivu\",\"item\":\"https:\\\/\\\/veteraanienperinto.fi\\\/index.php\\\/etusivu-2\\\/\"},{\"@type\":\"ListItem\",\"position\":2,\"name\":\"Talvisota\",\"item\":\"https:\\\/\\\/veteraanienperinto.fi\\\/index.php\\\/talvisota-etusivu\\\/\"},{\"@type\":\"ListItem\",\"position\":3,\"name\":\"Talvisodan sotatoimet\",\"item\":\"https:\\\/\\\/veteraanienperinto.fi\\\/index.php\\\/talvisota-etusivu\\\/sotatoimet\\\/\"},{\"@type\":\"ListItem\",\"position\":4,\"name\":\"Sodan alku\"}]},{\"@type\":\"WebSite\",\"@id\":\"https:\\\/\\\/veteraanienperinto.fi\\\/#website\",\"url\":\"https:\\\/\\\/veteraanienperinto.fi\\\/\",\"name\":\"Veteraanien Perint\u00f6\",\"description\":\"Kadettikunta\",\"potentialAction\":[{\"@type\":\"SearchAction\",\"target\":{\"@type\":\"EntryPoint\",\"urlTemplate\":\"https:\\\/\\\/veteraanienperinto.fi\\\/?s={search_term_string}\"},\"query-input\":{\"@type\":\"PropertyValueSpecification\",\"valueRequired\":true,\"valueName\":\"search_term_string\"}}],\"inLanguage\":\"fi\"}]}<\/script>\n<!-- \/ Yoast SEO plugin. -->","yoast_head_json":{"title":"Sodan alku - Veteraanien Perint\u00f6","robots":{"index":"index","follow":"follow","max-snippet":"max-snippet:-1","max-image-preview":"max-image-preview:large","max-video-preview":"max-video-preview:-1"},"canonical":"https:\/\/veteraanienperinto.fi\/index.php\/talvisota-etusivu\/sotatoimet\/sodan-alku\/","og_locale":"fi_FI","og_type":"article","og_title":"Sodan alku - Veteraanien Perint\u00f6","og_url":"https:\/\/veteraanienperinto.fi\/index.php\/talvisota-etusivu\/sotatoimet\/sodan-alku\/","og_site_name":"Veteraanien Perint\u00f6","article_modified_time":"2021-01-31T09:41:20+00:00","twitter_card":"summary_large_image","twitter_misc":{"Arvioitu lukuaika":"2 minuuttia"},"schema":{"@context":"https:\/\/schema.org","@graph":[{"@type":"WebPage","@id":"https:\/\/veteraanienperinto.fi\/index.php\/talvisota-etusivu\/sotatoimet\/sodan-alku\/","url":"https:\/\/veteraanienperinto.fi\/index.php\/talvisota-etusivu\/sotatoimet\/sodan-alku\/","name":"Sodan alku - Veteraanien Perint\u00f6","isPartOf":{"@id":"https:\/\/veteraanienperinto.fi\/#website"},"datePublished":"2020-08-13T12:05:03+00:00","dateModified":"2021-01-31T09:41:20+00:00","breadcrumb":{"@id":"https:\/\/veteraanienperinto.fi\/index.php\/talvisota-etusivu\/sotatoimet\/sodan-alku\/#breadcrumb"},"inLanguage":"fi","potentialAction":[{"@type":"ReadAction","target":["https:\/\/veteraanienperinto.fi\/index.php\/talvisota-etusivu\/sotatoimet\/sodan-alku\/"]}]},{"@type":"BreadcrumbList","@id":"https:\/\/veteraanienperinto.fi\/index.php\/talvisota-etusivu\/sotatoimet\/sodan-alku\/#breadcrumb","itemListElement":[{"@type":"ListItem","position":1,"name":"Etusivu","item":"https:\/\/veteraanienperinto.fi\/index.php\/etusivu-2\/"},{"@type":"ListItem","position":2,"name":"Talvisota","item":"https:\/\/veteraanienperinto.fi\/index.php\/talvisota-etusivu\/"},{"@type":"ListItem","position":3,"name":"Talvisodan sotatoimet","item":"https:\/\/veteraanienperinto.fi\/index.php\/talvisota-etusivu\/sotatoimet\/"},{"@type":"ListItem","position":4,"name":"Sodan alku"}]},{"@type":"WebSite","@id":"https:\/\/veteraanienperinto.fi\/#website","url":"https:\/\/veteraanienperinto.fi\/","name":"Veteraanien Perint\u00f6","description":"Kadettikunta","potentialAction":[{"@type":"SearchAction","target":{"@type":"EntryPoint","urlTemplate":"https:\/\/veteraanienperinto.fi\/?s={search_term_string}"},"query-input":{"@type":"PropertyValueSpecification","valueRequired":true,"valueName":"search_term_string"}}],"inLanguage":"fi"}]}},"_links":{"self":[{"href":"https:\/\/veteraanienperinto.fi\/index.php\/wp-json\/wp\/v2\/pages\/218","targetHints":{"allow":["GET"]}}],"collection":[{"href":"https:\/\/veteraanienperinto.fi\/index.php\/wp-json\/wp\/v2\/pages"}],"about":[{"href":"https:\/\/veteraanienperinto.fi\/index.php\/wp-json\/wp\/v2\/types\/page"}],"author":[{"embeddable":true,"href":"https:\/\/veteraanienperinto.fi\/index.php\/wp-json\/wp\/v2\/users\/2"}],"replies":[{"embeddable":true,"href":"https:\/\/veteraanienperinto.fi\/index.php\/wp-json\/wp\/v2\/comments?post=218"}],"version-history":[{"count":9,"href":"https:\/\/veteraanienperinto.fi\/index.php\/wp-json\/wp\/v2\/pages\/218\/revisions"}],"predecessor-version":[{"id":10855,"href":"https:\/\/veteraanienperinto.fi\/index.php\/wp-json\/wp\/v2\/pages\/218\/revisions\/10855"}],"up":[{"embeddable":true,"href":"https:\/\/veteraanienperinto.fi\/index.php\/wp-json\/wp\/v2\/pages\/55"}],"wp:attachment":[{"href":"https:\/\/veteraanienperinto.fi\/index.php\/wp-json\/wp\/v2\/media?parent=218"}],"curies":[{"name":"wp","href":"https:\/\/api.w.org\/{rel}","templated":true}]}}