{"id":2247,"date":"2020-09-01T06:35:22","date_gmt":"2020-09-01T06:35:22","guid":{"rendered":"https:\/\/veteraani.ylirotu.fi\/?page_id=2247"},"modified":"2020-09-01T06:35:22","modified_gmt":"2020-09-01T06:35:22","slug":"oravapatteri-sodassa","status":"publish","type":"page","link":"https:\/\/veteraanienperinto.fi\/index.php\/jatkosota-etusivu\/jatkosodan-kertomukset\/sotatoimet\/sodan-alku\/oravapatteri-sodassa\/","title":{"rendered":"Oravapatteri sodassa"},"content":{"rendered":"\n<style type=\"text\/css\" data-created_by=\"avia_inline_auto\" id=\"style-css-av-kejku7ni-0396c8bf5fd6ac705fa242c6d063d778\">\n#top .av-special-heading.av-kejku7ni-0396c8bf5fd6ac705fa242c6d063d778{\npadding-bottom:10px;\n}\nbody .av-special-heading.av-kejku7ni-0396c8bf5fd6ac705fa242c6d063d778 .av-special-heading-tag .heading-char{\nfont-size:25px;\n}\n.av-special-heading.av-kejku7ni-0396c8bf5fd6ac705fa242c6d063d778 .av-subheading{\nfont-size:15px;\n}\n<\/style>\n<div  class='av-special-heading av-kejku7ni-0396c8bf5fd6ac705fa242c6d063d778 av-special-heading-h3  avia-builder-el-0  el_before_av_textblock  avia-builder-el-first '><h3 class='av-special-heading-tag'  itemprop=\"headline\"  >Oravapatteri sodassa<\/h3><div class=\"special-heading-border\"><div class=\"special-heading-inner-border\"><\/div><\/div><\/div>\n<section  class='av_textblock_section av-kei9w74n-7b0f008125a778f48432b9a614d90d0f '   itemscope=\"itemscope\" itemtype=\"https:\/\/schema.org\/CreativeWork\" ><div class='avia_textblock'  itemprop=\"text\" ><p><strong>Alpi Ahtola:<\/strong><\/p>\n<p>L\u00e4hteen\u00e4 my\u00f6s Jatkosodan historia<\/p>\n<p>Alpi Ahtola on ik\u00e4luokkaa 1923 ja tuli varusmieheksi suoraan Turun klassillisesta lyseosta. Alunperin h\u00e4n on Pohjanmaan poikia Kauhajoelta. Murre viel\u00e4kin erottuu puheessa virkist\u00e4v\u00e4sti. Koulukavereiden kanssa h\u00e4n oli ollut tykist\u00f6suojeluskunnan viestiosastossa ja jo sit\u00e4 ennen vuosia suojeluskuntapoikana. Ahtola kertoo muisteluksiaan:<\/p>\n<p>Suomen kentt\u00e4armeijan Kevyt patteristo 14 perustettiin kes\u00e4kuussa 1941. Perustajana oli Turun suojeluskunta. Sen ensimm\u00e4isess\u00e4 patterissa muut olivat koulupoikia paitsi patterinp\u00e4\u00e4llikk\u00f6 Uolevi Harkola. H\u00e4n oli klassillisen lyseon historianopettaja ja sotilasarvoltaan luutnantti. Patteria sanottiin &#8221;oravapatteriksi&#8221;, se kun oli toimissaan vikkel\u00e4 ja ammuntoihin ryhdytt\u00e4ess\u00e4 pattereista aina ensimm\u00e4iseksi valmiina. Patteriston komentaja oli majuri Herbert Lilius. Tykkimies Alpi Ahtolan teht\u00e4v\u00e4ksi tuli toimiminen tuliaseman puhelinryhm\u00e4ss\u00e4.<\/p>\n<p>Ahvenanmaalla tarvittiin joukkoja turvaamaan sit\u00e4 Neuvostoliiton joukkojen mahdolliselta maihinnousulta. Ja t\u00e4h\u00e4n oli varauduttu m\u00e4\u00e4r\u00e4\u00e4m\u00e4ll\u00e4 7. Rannikkoprikaati ja muita osastoja miehitysjoukoksi. Odotusalueena Ahvenanmaalle siirt\u00e4mist\u00e4 varten oli rannikkoseutu Turusta Poriin. Mukana oli my\u00f6s Kevyt psto 14, joka oli kotipaikkakunnallaan Turussa. Kun siirto sitten tuli, sen peitenimeksi oli annettu &#8221;Operaatio Kilpapurjehdus&#8221;. Maarianhaminaan laivauksia oli hoitamassa yli 20 kuljetusalusta. Osa patteristosta kalustoineen ohjattiin F\u00e4rjsundetiin. N\u00e4it\u00e4 t\u00e4rkeit\u00e4 joukkojenkuljetuksia suojasivat sek\u00e4 molemmat panssarilaivat Ilmarinen ja V\u00e4in\u00e4m\u00f6inen ett\u00e4 tykkiveneet Uusimaa, H\u00e4meenmaa ja Karjala. T\u00e4m\u00e4 saatiin tiet\u00e4\u00e4 j\u00e4lkeen p\u00e4in. Saarilla oltiin illan tultua 22.6., ja valoisaa oli, vuoden pisin p\u00e4iv\u00e4 kun oli k\u00e4sill\u00e4.<\/p>\n<p>Sijoitus Oolannin rannoilla kesti kuitenkin vain noin kaksi viikkoa. Operaatio Kilpapurjehdukseen osallistuneet joukot olivat v\u00e4hitellen irrotettavissa teht\u00e4viin muualla, kun vihollisen maihinnousun vaara h\u00e4lveni. Niinp\u00e4 Kevyt psto 14 m\u00e4\u00e4r\u00e4ttiin Karjalan Armeijan joukkoja tukemaan. J\u00e4lleen noustiin laivaan, nyt keula Turkuun p\u00e4in. Tykit ja miehet kuormattiin junaan, ja matkaan Riihim\u00e4en kautta Tohmaj\u00e4rve\u00e4 kohden.<\/p>\n<p>Kun oli p\u00e4\u00e4sty perille ja tykit ja muu kalusto purettu vaunuista, muonituksena oli lottien maukas hernekeitto. Patterin kalustona olivat kevyet kentt\u00e4kanuunat tyyppimerkinn\u00e4lt\u00e4\u00e4n 76 LK\/13. N\u00e4iden 3 tuuman eli 76 millimetrin kaliiperisten tykkien kantama oli noin 7 kilometri\u00e4. Ne olivat vuosimallia 1913 eli jo 1. maailmansodan p\u00e4iv\u00e4t n\u00e4hneit\u00e4. Tyyppimerkinn\u00e4ss\u00e4 &#8221;L&#8221; tarkoittaa, ett\u00e4 ne olivat lyhennetty\u00e4 mallia ja siis tavallista kanuunaa kevyempi\u00e4.<\/p>\n<p>Patteristo alkoi muiden joukkojen mukana siirty\u00e4 kohden Sortavalaa, ja sen valtausoperaatioon se sitten osallistuikin jalkav\u00e4ke\u00e4 tulellaan tukien. Sortavalan tultua joukkojemme haltuun saatiin k\u00e4sky siirty\u00e4 Laatokan l\u00e4nsipuolelle Karjalan kannaksen suuntaan. Patteristo tuki eri yhtymi\u00e4 ja rykmenttej\u00e4. Er\u00e4s n\u00e4ist\u00e4 oli JR 9 komentajanaan eversti Kuistio. T\u00e4m\u00e4 kuului eversti Antero Svenssonin 7. divisioonaan, ja se puolestaan kenraalimajuri H\u00e4gglundin komentamaan VII armeijakuntaan. Patteristo tarpeen mukaan sijoitettiin vaihdellen eri tukiryhmiin. Mutta tykkimies Ahtolan ei tarvinnut mietti\u00e4 kulloinkin tuettavien joukko-osastojen numeroita. Eteen p\u00e4in ment\u00e4ess\u00e4 viestimiehet vetiv\u00e4t kentt\u00e4kaapeleita tuliasemista aina uusiin tulenjohtopisteisiin. Taakse j\u00e4\u00e4v\u00e4t linjat purettiin, jotta johtimet saatiin talteen ja taas uudestaan k\u00e4ytett\u00e4viksi. Kaapelikelojen paino hartioilla tuli tutuksi.<\/p>\n<p>Laatokan l\u00e4nsipuolta etel\u00e4\u00e4n siirrytt\u00e4ess\u00e4 sijoituspaikaksi vihdoin tuli Raudun seutu. T\u00e4\u00e4ll\u00e4 patterinp\u00e4\u00e4llikk\u00f6 luutnantti Harkola l\u00e4hti moottoripy\u00f6r\u00e4ll\u00e4 liikkeelle tarkoituksenaan tutustua etulinjan asemiin ja tilanteisiin. Mutta pian vihollisen tarkka-ampujan luoti h\u00e4net tavoitti ja pidetty patterinp\u00e4\u00e4llikk\u00f6 kaatui.<\/p>\n<p>Koulupojista muodostettu oravapatteri oli ik\u00e4vuosiltaan Suomen armeijan nuorin sotilasyksikk\u00f6. Sen tykkimiehet olivat i\u00e4lt\u00e4\u00e4n vain 15-19 vuotiaita. Rautuun tulon j\u00e4lkeen, kun asemasotavaihe alkoi vuoden 1941 lopulla, liian nuoret soturit eli vuonna 1924 syntyneet ja sit\u00e4 nuoremmat komennettiin siviiliin.<\/p>\n<p>Samalla kun nuorimmat l\u00e4htiv\u00e4t, vuoden 1923 asevelvolliset joutuivat Raskas patteristo 12:n kirjoihin. T\u00e4m\u00e4n mukana sitten porukka olikin koko sodan loppuajan. Raskaan pston teht\u00e4v\u00e4n\u00e4 oli It\u00e4-Kannaksella tukea 15. divisioonaa ja sen JR 15:n joukkoja. T\u00e4m\u00e4 oli sijoitettu puolustamaan ns. Sirki\u00e4n lohkoa. Alpi Ahtola oli edelleen tuliaseman puhelinryhm\u00e4ss\u00e4. Vuoden 1942 puolella h\u00e4net nimitettiin korpraaliksi. Upseerikouluun h\u00e4n sai komennuksen Niinisaloon, jossa noina aikoina reserviupseerien koulutus toteutettiin. Mutta siell\u00e4 meniv\u00e4t sukset ristiin er\u00e4\u00e4n luutnantin kanssa. Kun kaikkia h\u00e4nen toimiaan ja k\u00e4skyj\u00e4\u00e4n oppilas Ahtola ei kokenut reiluiksi, tuli hankauksia. Ja seurauksena oli l\u00e4ht\u00f6 &#8221;maitojunalla&#8221; takaisiin perusyksikk\u00f6\u00f6n.<\/p>\n<p>RsPsto 12:n komentajana oli majuri Pentti Arra, joka sittemmin ylennettiin everstiluutnantiksi. Patterinp\u00e4\u00e4llikk\u00f6n\u00e4 oli kapteeni Artturi Tienari. Kuten patterinp\u00e4\u00e4llikk\u00f6 Kev psto 14:ssa, Tienarikin oli siviiliammatiltaan opettaja. Raskaan pston aseet olivat 105 millimetrin kanuunoita (105 K 29).<\/p>\n<p>Ahtolan teht\u00e4v\u00e4ksi sitten tuli toimia tulenjohtueen t\u00e4hyst\u00e4j\u00e4n\u00e4. T\u00e4rke\u00e4n\u00e4 ty\u00f6v\u00e4lineen\u00e4 oli haarakaukoputki. Itse taisteluhaudassa suojassa ollen etumaastoa voi sen avulla t\u00e4hyst\u00e4\u00e4 haudan penkan yli. Asemissa pyrittiin pit\u00e4m\u00e4\u00e4n vahdissa parivartio. Mutta hyviss\u00e4 olosuhteissa aika-ajoin vartiointi ja etumaaston seuranta sent\u00e4\u00e4n voitiin j\u00e4tt\u00e4\u00e4 vain yhden miehen hoidettavaksi kerrallaan. N\u00e4in vartiovuoroja tuli harvemmin ja niist\u00e4 johtuva rasitus v\u00e4heni.<\/p>\n<p>Er\u00e4\u00e4n\u00e4 y\u00f6n\u00e4 ryss\u00e4n vanginsieppauspartio l\u00e4hestyi asemiamme. Joku partion j\u00e4senist\u00e4 s\u00e4kkipime\u00e4ss\u00e4 onneksemme astui meik\u00e4l\u00e4isten asettamaan miinaan, jolloin r\u00e4j\u00e4hdys h\u00e4lytti taisteluhaudan puolustajat. Asema saatiin miehitetyksi ja vihollisen yritys j\u00e4i onnistumatta.<\/p>\n<p>H\u00e4lytys tehtiin tavallisesti taisteluhaudasta tulenjohtueen puhelimella korsuun, mist\u00e4 tieto toimitettiin eteenp\u00e4in. T\u00e4ll\u00e4 tulenjohtueella oli oma korsukin. Sen asukkaina oli kuusi miest\u00e4 ja lis\u00e4ksi tulenjohtajat. N\u00e4m\u00e4 olivat luutnantti Leskinen sek\u00e4 luutnantti von Hellens Tampereelta. J\u00e4lkimm\u00e4inen onnistui kerran linjasta soittamaan kentt\u00e4puhelimella kotiinsa Tampereelle terveisi\u00e4. Vain pari p\u00e4iv\u00e4\u00e4 t\u00e4m\u00e4n j\u00e4lkeen etulinjaan tuli joku isompi herra k\u00e4ym\u00e4\u00e4n sek\u00e4 paikkoihin ja tilanteeseen tutustumaan. von Hellens nousi haudasta esittelem\u00e4\u00e4n etumaastoa. Samassa ven\u00e4l\u00e4inen tarkka-ampuja laukaisi kiv\u00e4\u00e4rins\u00e4 osuen luutnanttia reiteen. Luutnantti von Hellens totesi rauhallisesti, ett\u00e4 olipa mukavaa n\u00e4in p\u00e4\u00e4st\u00e4 lomalle. Sodan tragiikkaa on, ett\u00e4 lomaa luutnantti ei kuitenkaan ehtinyt saada. H\u00e4n kuoli haavoihinsa vain paria p\u00e4iv\u00e4\u00e4 my\u00f6hemmin. Veri ei ollut p\u00e4\u00e4ssyt hyytym\u00e4\u00e4n verenvuototaudin vuoksi.<\/p>\n<p>Korpraali Ahtolan henkil\u00f6kohtaisena aseena etulinjassa oli ven\u00e4l\u00e4isilt\u00e4 sotasaaliiksi otettu ns. kolmen linjan kiv\u00e4\u00e4ri. T\u00e4m\u00e4 olikin ihan tarkka ase ja hyv\u00e4 ja luotettava v\u00e4line. Ahvenanmaalla kev.pston miehill\u00e4 oli ollut italialaiset Tehi-kiv\u00e4\u00e4rit. Ne olivat lyhytpiippuisia ratsuv\u00e4en karabiineja, joiden osumatarkkuus osoittautui luvattoman heikoksi. Ahvenanmaalla kiv\u00e4\u00e4rit merellisen kosteuden vuoksi l\u00e4hes aina my\u00f6s olivat ruosteesta punaisina. Ja t\u00e4m\u00e4 aiheutti paljon jynss\u00e4ysty\u00f6t\u00e4.<\/p>\n<p>My\u00f6hemmin jossakin vaiheessa Ahtola joutui naapuripatterin p\u00e4\u00e4llik\u00f6n kapteeni Widingin henkivartijaksi. Er\u00e4\u00e4n kerran paikkoja tarkastamaan ment\u00e4ess\u00e4 tuli tuikea vihollisen tykist\u00f6keskitys. Tietenkin ly\u00f6tiin maihin eli suudeltiin is\u00e4nmaata v\u00e4h\u00e4n v\u00e4li\u00e4. Jotakin aukeaa ylitett\u00e4ess\u00e4 kapteeni katsoi kompassiaan ja komensi: &#8221;menemme tuohon suuntaan&#8221;. Mutta korpraali tokaisi, ett\u00e4 &#8221;herra kapteeni, eik\u00f6h\u00e4n ment\u00e4isi pikemminkin tuonne p\u00e4in&#8221; ja n\u00e4ytti melkein 180 astetta eri suuntaan eli l\u00e4hes vastakkaiselle puolelle. Kapteenille piti selitt\u00e4\u00e4, ett\u00e4 olisi ehk\u00e4 parempi menn\u00e4 mieluummin omien puolelle. Ahtola kun tunsi alueen entuudestaan jouduttuaan juuri niill\u00e4 seuduilla viestiyhteyksi\u00e4 rakennettaessa vet\u00e4m\u00e4\u00e4n puhelinkaapelia tuliasemasta tulenjohtueeseen.<\/p>\n<p>Vuoden 1944 suurhy\u00f6kk\u00e4yksen kes\u00e4kuussa alettua my\u00f6s 15. D ja raskas psto 12 joutuivat vet\u00e4ytym\u00e4\u00e4n Raudusta. Patteriston tuliasemat siirtyiv\u00e4t Kiviniemen kautta Taipaleenjoen ja Suvannon pohjoispuolelle. T\u00e4ss\u00e4 taisteluvaiheessa kuuluttiin silloisen everstiluutnantti Adolf Ehrnroothin viivytysosastoon, jossa h\u00e4nen oma rykmenttins\u00e4 JR 7 oli ytimen\u00e4. Patteristo siirtyi Vuosalmelle, jossa sitten varsinkin hein\u00e4kuun puolella oli kovat paikat vihollisen hy\u00f6kk\u00e4ysten torjunnassa. T\u00e4ss\u00e4 vaiheessa patteriston ja tykist\u00f6ryhm\u00e4 Arimon komentajana oli majuri O. Arimo. Viel\u00e4 t\u00e4m\u00e4n j\u00e4lkeen patteristo siirtyi usean muun patteriston mukana panssaridivisioonan tukiryhm\u00e4\u00e4n.<\/p>\n<p>Tulenjohtopoterosta Ahtola seurasi Laguksen panssarien siirtymist\u00e4 eteenp\u00e4in kun ne ajoivat vastaiskuun. Iskun j\u00e4lkeen j\u00e4lleen vaunut hieman kolhittuina, mutta ter\u00e4ksenlujina palasivat siirty\u00e4kseen seuraaviin kohteisiin. Saksalaisten Stukat (Junkers Ju 87), joita k\u00e4sitt\u00e4v\u00e4 vahva osasto oli saatu puolustuksemme tueksi, pommittivat ven\u00e4l\u00e4isten asemia ja joukkokeskityksi\u00e4 sek\u00e4 tuhosivat panssarivaunuja. Omien panssarien ja sy\u00f6ksypommittajien n\u00e4keminen toi vapauttavan tunteen: nyt vihollinen saa &#8221;mit\u00e4 kuuluu ja kuka k\u00e4ski!&#8221;.<\/p>\n<\/div><\/section>\n","protected":false},"excerpt":{"rendered":"","protected":false},"author":2,"featured_media":0,"parent":2200,"menu_order":0,"comment_status":"closed","ping_status":"closed","template":"","meta":{"footnotes":""},"class_list":["post-2247","page","type-page","status-publish","hentry"],"yoast_head":"<!-- This site is optimized with the Yoast SEO plugin v27.4 - https:\/\/yoast.com\/product\/yoast-seo-wordpress\/ -->\n<title>Oravapatteri sodassa - Veteraanien Perint\u00f6<\/title>\n<meta name=\"robots\" content=\"index, follow, max-snippet:-1, max-image-preview:large, max-video-preview:-1\" \/>\n<link rel=\"canonical\" href=\"https:\/\/veteraanienperinto.fi\/index.php\/jatkosota-etusivu\/jatkosodan-kertomukset\/sotatoimet\/sodan-alku\/oravapatteri-sodassa\/\" \/>\n<meta property=\"og:locale\" content=\"fi_FI\" \/>\n<meta property=\"og:type\" content=\"article\" \/>\n<meta property=\"og:title\" content=\"Oravapatteri sodassa - Veteraanien Perint\u00f6\" \/>\n<meta property=\"og:url\" content=\"https:\/\/veteraanienperinto.fi\/index.php\/jatkosota-etusivu\/jatkosodan-kertomukset\/sotatoimet\/sodan-alku\/oravapatteri-sodassa\/\" \/>\n<meta property=\"og:site_name\" content=\"Veteraanien Perint\u00f6\" \/>\n<meta name=\"twitter:card\" content=\"summary_large_image\" \/>\n<meta name=\"twitter:label1\" content=\"Arvioitu lukuaika\" \/>\n\t<meta name=\"twitter:data1\" content=\"7 minuuttia\" \/>\n<script type=\"application\/ld+json\" class=\"yoast-schema-graph\">{\"@context\":\"https:\\\/\\\/schema.org\",\"@graph\":[{\"@type\":\"WebPage\",\"@id\":\"https:\\\/\\\/veteraanienperinto.fi\\\/index.php\\\/jatkosota-etusivu\\\/jatkosodan-kertomukset\\\/sotatoimet\\\/sodan-alku\\\/oravapatteri-sodassa\\\/\",\"url\":\"https:\\\/\\\/veteraanienperinto.fi\\\/index.php\\\/jatkosota-etusivu\\\/jatkosodan-kertomukset\\\/sotatoimet\\\/sodan-alku\\\/oravapatteri-sodassa\\\/\",\"name\":\"Oravapatteri sodassa - Veteraanien Perint\u00f6\",\"isPartOf\":{\"@id\":\"https:\\\/\\\/veteraanienperinto.fi\\\/#website\"},\"datePublished\":\"2020-09-01T06:35:22+00:00\",\"breadcrumb\":{\"@id\":\"https:\\\/\\\/veteraanienperinto.fi\\\/index.php\\\/jatkosota-etusivu\\\/jatkosodan-kertomukset\\\/sotatoimet\\\/sodan-alku\\\/oravapatteri-sodassa\\\/#breadcrumb\"},\"inLanguage\":\"fi\",\"potentialAction\":[{\"@type\":\"ReadAction\",\"target\":[\"https:\\\/\\\/veteraanienperinto.fi\\\/index.php\\\/jatkosota-etusivu\\\/jatkosodan-kertomukset\\\/sotatoimet\\\/sodan-alku\\\/oravapatteri-sodassa\\\/\"]}]},{\"@type\":\"BreadcrumbList\",\"@id\":\"https:\\\/\\\/veteraanienperinto.fi\\\/index.php\\\/jatkosota-etusivu\\\/jatkosodan-kertomukset\\\/sotatoimet\\\/sodan-alku\\\/oravapatteri-sodassa\\\/#breadcrumb\",\"itemListElement\":[{\"@type\":\"ListItem\",\"position\":1,\"name\":\"Etusivu\",\"item\":\"https:\\\/\\\/veteraanienperinto.fi\\\/index.php\\\/etusivu-2\\\/\"},{\"@type\":\"ListItem\",\"position\":2,\"name\":\"Jatkosota &#8211; etusivu\",\"item\":\"https:\\\/\\\/veteraanienperinto.fi\\\/index.php\\\/jatkosota-etusivu\\\/\"},{\"@type\":\"ListItem\",\"position\":3,\"name\":\"Jatkosodan kertomukset\",\"item\":\"https:\\\/\\\/veteraanienperinto.fi\\\/index.php\\\/jatkosota-etusivu\\\/jatkosodan-kertomukset\\\/\"},{\"@type\":\"ListItem\",\"position\":4,\"name\":\"Sotatoimet\",\"item\":\"https:\\\/\\\/veteraanienperinto.fi\\\/index.php\\\/jatkosota-etusivu\\\/jatkosodan-kertomukset\\\/sotatoimet\\\/\"},{\"@type\":\"ListItem\",\"position\":5,\"name\":\"Sodan alku\",\"item\":\"https:\\\/\\\/veteraanienperinto.fi\\\/index.php\\\/jatkosota-etusivu\\\/jatkosodan-kertomukset\\\/sotatoimet\\\/sodan-alku\\\/\"},{\"@type\":\"ListItem\",\"position\":6,\"name\":\"Oravapatteri sodassa\"}]},{\"@type\":\"WebSite\",\"@id\":\"https:\\\/\\\/veteraanienperinto.fi\\\/#website\",\"url\":\"https:\\\/\\\/veteraanienperinto.fi\\\/\",\"name\":\"Veteraanien Perint\u00f6\",\"description\":\"Kadettikunta\",\"potentialAction\":[{\"@type\":\"SearchAction\",\"target\":{\"@type\":\"EntryPoint\",\"urlTemplate\":\"https:\\\/\\\/veteraanienperinto.fi\\\/?s={search_term_string}\"},\"query-input\":{\"@type\":\"PropertyValueSpecification\",\"valueRequired\":true,\"valueName\":\"search_term_string\"}}],\"inLanguage\":\"fi\"}]}<\/script>\n<!-- \/ Yoast SEO plugin. -->","yoast_head_json":{"title":"Oravapatteri sodassa - Veteraanien Perint\u00f6","robots":{"index":"index","follow":"follow","max-snippet":"max-snippet:-1","max-image-preview":"max-image-preview:large","max-video-preview":"max-video-preview:-1"},"canonical":"https:\/\/veteraanienperinto.fi\/index.php\/jatkosota-etusivu\/jatkosodan-kertomukset\/sotatoimet\/sodan-alku\/oravapatteri-sodassa\/","og_locale":"fi_FI","og_type":"article","og_title":"Oravapatteri sodassa - Veteraanien Perint\u00f6","og_url":"https:\/\/veteraanienperinto.fi\/index.php\/jatkosota-etusivu\/jatkosodan-kertomukset\/sotatoimet\/sodan-alku\/oravapatteri-sodassa\/","og_site_name":"Veteraanien Perint\u00f6","twitter_card":"summary_large_image","twitter_misc":{"Arvioitu lukuaika":"7 minuuttia"},"schema":{"@context":"https:\/\/schema.org","@graph":[{"@type":"WebPage","@id":"https:\/\/veteraanienperinto.fi\/index.php\/jatkosota-etusivu\/jatkosodan-kertomukset\/sotatoimet\/sodan-alku\/oravapatteri-sodassa\/","url":"https:\/\/veteraanienperinto.fi\/index.php\/jatkosota-etusivu\/jatkosodan-kertomukset\/sotatoimet\/sodan-alku\/oravapatteri-sodassa\/","name":"Oravapatteri sodassa - Veteraanien Perint\u00f6","isPartOf":{"@id":"https:\/\/veteraanienperinto.fi\/#website"},"datePublished":"2020-09-01T06:35:22+00:00","breadcrumb":{"@id":"https:\/\/veteraanienperinto.fi\/index.php\/jatkosota-etusivu\/jatkosodan-kertomukset\/sotatoimet\/sodan-alku\/oravapatteri-sodassa\/#breadcrumb"},"inLanguage":"fi","potentialAction":[{"@type":"ReadAction","target":["https:\/\/veteraanienperinto.fi\/index.php\/jatkosota-etusivu\/jatkosodan-kertomukset\/sotatoimet\/sodan-alku\/oravapatteri-sodassa\/"]}]},{"@type":"BreadcrumbList","@id":"https:\/\/veteraanienperinto.fi\/index.php\/jatkosota-etusivu\/jatkosodan-kertomukset\/sotatoimet\/sodan-alku\/oravapatteri-sodassa\/#breadcrumb","itemListElement":[{"@type":"ListItem","position":1,"name":"Etusivu","item":"https:\/\/veteraanienperinto.fi\/index.php\/etusivu-2\/"},{"@type":"ListItem","position":2,"name":"Jatkosota &#8211; etusivu","item":"https:\/\/veteraanienperinto.fi\/index.php\/jatkosota-etusivu\/"},{"@type":"ListItem","position":3,"name":"Jatkosodan kertomukset","item":"https:\/\/veteraanienperinto.fi\/index.php\/jatkosota-etusivu\/jatkosodan-kertomukset\/"},{"@type":"ListItem","position":4,"name":"Sotatoimet","item":"https:\/\/veteraanienperinto.fi\/index.php\/jatkosota-etusivu\/jatkosodan-kertomukset\/sotatoimet\/"},{"@type":"ListItem","position":5,"name":"Sodan alku","item":"https:\/\/veteraanienperinto.fi\/index.php\/jatkosota-etusivu\/jatkosodan-kertomukset\/sotatoimet\/sodan-alku\/"},{"@type":"ListItem","position":6,"name":"Oravapatteri sodassa"}]},{"@type":"WebSite","@id":"https:\/\/veteraanienperinto.fi\/#website","url":"https:\/\/veteraanienperinto.fi\/","name":"Veteraanien Perint\u00f6","description":"Kadettikunta","potentialAction":[{"@type":"SearchAction","target":{"@type":"EntryPoint","urlTemplate":"https:\/\/veteraanienperinto.fi\/?s={search_term_string}"},"query-input":{"@type":"PropertyValueSpecification","valueRequired":true,"valueName":"search_term_string"}}],"inLanguage":"fi"}]}},"_links":{"self":[{"href":"https:\/\/veteraanienperinto.fi\/index.php\/wp-json\/wp\/v2\/pages\/2247","targetHints":{"allow":["GET"]}}],"collection":[{"href":"https:\/\/veteraanienperinto.fi\/index.php\/wp-json\/wp\/v2\/pages"}],"about":[{"href":"https:\/\/veteraanienperinto.fi\/index.php\/wp-json\/wp\/v2\/types\/page"}],"author":[{"embeddable":true,"href":"https:\/\/veteraanienperinto.fi\/index.php\/wp-json\/wp\/v2\/users\/2"}],"replies":[{"embeddable":true,"href":"https:\/\/veteraanienperinto.fi\/index.php\/wp-json\/wp\/v2\/comments?post=2247"}],"version-history":[{"count":2,"href":"https:\/\/veteraanienperinto.fi\/index.php\/wp-json\/wp\/v2\/pages\/2247\/revisions"}],"predecessor-version":[{"id":5926,"href":"https:\/\/veteraanienperinto.fi\/index.php\/wp-json\/wp\/v2\/pages\/2247\/revisions\/5926"}],"up":[{"embeddable":true,"href":"https:\/\/veteraanienperinto.fi\/index.php\/wp-json\/wp\/v2\/pages\/2200"}],"wp:attachment":[{"href":"https:\/\/veteraanienperinto.fi\/index.php\/wp-json\/wp\/v2\/media?parent=2247"}],"curies":[{"name":"wp","href":"https:\/\/api.w.org\/{rel}","templated":true}]}}