{"id":2302,"date":"2020-09-01T07:16:00","date_gmt":"2020-09-01T07:16:00","guid":{"rendered":"https:\/\/veteraani.ylirotu.fi\/?page_id=2302"},"modified":"2020-09-01T07:16:00","modified_gmt":"2020-09-01T07:16:00","slug":"varsikasikranaatti","status":"publish","type":"page","link":"https:\/\/veteraanienperinto.fi\/index.php\/jatkosota-etusivu\/jatkosodan-kertomukset\/sotatoimet\/asemasota\/varsikasikranaatti\/","title":{"rendered":"Varsik\u00e4sikranaatti"},"content":{"rendered":"\n<style type=\"text\/css\" data-created_by=\"avia_inline_auto\" id=\"style-css-av-kejmagf6-7e874624ac4a4bf7bc5fcdd1fdea22c0\">\n#top .av-special-heading.av-kejmagf6-7e874624ac4a4bf7bc5fcdd1fdea22c0{\npadding-bottom:5px;\n}\nbody .av-special-heading.av-kejmagf6-7e874624ac4a4bf7bc5fcdd1fdea22c0 .av-special-heading-tag .heading-char{\nfont-size:25px;\n}\n.av-special-heading.av-kejmagf6-7e874624ac4a4bf7bc5fcdd1fdea22c0 .av-subheading{\nfont-size:15px;\n}\n<\/style>\n<div  class='av-special-heading av-kejmagf6-7e874624ac4a4bf7bc5fcdd1fdea22c0 av-special-heading-h3  avia-builder-el-0  avia-builder-el-no-sibling '><h3 class='av-special-heading-tag'  itemprop=\"headline\"  >Varsik\u00e4sikranaatti<\/h3><div class=\"special-heading-border\"><div class=\"special-heading-inner-border\"><\/div><\/div><\/div>\n<section  class='av_textblock_section av-kei9w74n-7b0f008125a778f48432b9a614d90d0f '   itemscope=\"itemscope\" itemtype=\"https:\/\/schema.org\/CreativeWork\" ><div class='avia_textblock'  itemprop=\"text\" ><p><strong>Reino Simonen:<\/strong><\/p>\n<p>Komppanian komentokorsussa vietettiin leppoisaa joulunpyhien ehtoota.<\/p>\n<p>Kotoa saadut, tasatut ja jo p\u00e4\u00e4osin sy\u00f6dyt ruokapaketit antoivat tukevan olon, ja hehkuvasta kamiinasta tulvehtiva l\u00e4mp\u00f6 pakotti v\u00e4hent\u00e4m\u00e4\u00e4n vaatteita.<\/p>\n<p>Oli mukavan turvallista olla vain ja nauttia ajatuksesta, ettei joutunut olemaan ulkona kylm\u00e4ss\u00e4 viimassa, jossa vartiomies tarvitsi paksun vartioturkin.<\/p>\n<p>L\u00e4hetit keitteliv\u00e4t kamiinan \u00e4\u00e4ress\u00e4 iltakorviketta. Komppanianp\u00e4\u00e4llikk\u00f6, kapteeni Atte Hermola, kirjoitti ihania sanoja tulevien lastensa \u00e4idille menev\u00e4\u00e4n kirjeeseen. Korsussa olijoista vain luutnantti Tuomaala ei tehnyt mit\u00e4\u00e4n, istuipahan laverinsa reunalla ja tutki varsik\u00e4sikranaattia syv\u00e4mietteisen n\u00e4k\u00f6isen\u00e4.<\/p>\n<p>&#8211; Uskaltaisikohan\u0085? kysyi Tuomaala aivan kuin itselt\u00e4\u00e4n.<\/p>\n<p>&#8211; Mit\u00e4? kysyi Hermola k\u00e4\u00e4ntyen katsomaan Tuomaalaa. N\u00e4hdess\u00e4\u00e4n k\u00e4sikranaatin Hermola jatkoi:<\/p>\n<p>&#8211; Mit\u00e4 sin\u00e4 sill\u00e4 k\u00e4sikranaatilla teet?<\/p>\n<p>&#8211; En mit\u00e4\u00e4n, mietin vain.<\/p>\n<p>J\u00e4lleen laskeutui vankkumaton rauha korsun l\u00e4mp\u00f6\u00f6n. Sen katkaisi kuitenkin Tuomaala:<\/p>\n<p>&#8211; Kyll\u00e4 sen sittenkin kerki\u00e4\u00e4.<\/p>\n<p>Hermola keskeytti kirjoittamisensa, l\u00e4hetit siirsiv\u00e4t pakit kamiinan reunalle ja j\u00e4iv\u00e4t seuraamaan keskustelua.<\/p>\n<p>&#8211; Mit\u00e4 sin\u00e4 oikein jahkailet sen k\u00e4sikranaatin kanssa, pukella pois, sanoi Hermola.<\/p>\n<p>&#8211; Joutessani vain mietin ja laskeskelin, enn\u00e4tt\u00e4isik\u00f6 t\u00e4m\u00e4n varren kiert\u00e4\u00e4 irti kranaatista heti sytytt\u00e4misen j\u00e4lkeen, ennen kuin ruuti on palanut varren l\u00e4pi ja sytytt\u00e4\u00e4 kranaatin. Luuletko, ett\u00e4 sen enn\u00e4tt\u00e4\u00e4 kiert\u00e4\u00e4 irti viidess\u00e4 ja puolessa sekunnissa?<\/p>\n<p>&#8211; Pane heti pois se k\u00e4sikranaatti \u00e4l\u00e4k\u00e4 pelleile, k\u00e4ski Hermola.<\/p>\n<p>&#8211; Mieli tekisi vain koettaa. Kyll\u00e4 min\u00e4 olen laskenut, ett\u00e4 sen enn\u00e4tt\u00e4\u00e4, mutta olkoon, puheli Tuomaala korvat h\u00f6r\u00f6ss\u00e4 kuunteleville l\u00e4heteille.<\/p>\n<p>Korsun rauhalliseen ilmapiiriin oli tullut s\u00e4r\u00f6. Kirjeeseen ei l\u00f6ytynyt sopivia sanoja, eiv\u00e4tk\u00e4 puut tahtoneet palaa kamiinassa. J\u00e4nnitys tiivistyi salavihkaiseksi vilkuiluksi: mit\u00e4 Tuomaala tekee?<\/p>\n<p>Katse etsi my\u00f6s, tosin salaa, suorinta tiet\u00e4 ovelle, niin kuin sit\u00e4 ei kotikorsussa olisi muutenkin tuntenut.<\/p>\n<p>Sitten Tuomaala todella tarttui j\u00e4lleen k\u00e4sikranaattiin, kiersi p\u00e4\u00e4tt\u00e4v\u00e4sti tulpan irti, nyk\u00e4isi sytytysnarusta ja alkoi vimmatusti kiert\u00e4\u00e4 vartta. Samalla h\u00e4n hoki \u00e4\u00e4neen:<\/p>\n<p>&#8211; Kyll\u00e4 min\u00e4 sittenkin koetan, kyll\u00e4 t\u00e4m\u00e4 kai onnistuu.<\/p>\n<p>Ovelle syntyi ruuhka, kun kaikki pyrkiv\u00e4t yht\u00e4 aikaa ulos. Vain sukkasillaan ja paitasillaan ulos paukkuvaan pakkaseen. Kenell\u00e4k\u00e4\u00e4n ei tuntunut olevan halua j\u00e4\u00e4d\u00e4 korsuun seuraamaan luutnantin kokeen onnistumista.<\/p>\n<p>Yksin j\u00e4\u00e4ty\u00e4\u00e4n luutnantti nauroi syd\u00e4mens\u00e4 pohjasta.<\/p>\n<p>H\u00e4n oli saanut eloa t\u00e4h\u00e4n nukuttavaan yksitoikkoisuuteen. K\u00e4sikranaatin varren p\u00e4\u00e4ss\u00e4 olevan nallin h\u00e4n oli jo etuk\u00e4teen poistanut.<\/p>\n<p>Kansa taisteli &#8211; miehet kertovat -lehti<\/p>\n<\/div><\/section>\n<section  class='av_textblock_section av-av_textblock-445188a952fb265869ea404d0e52fad7 '   itemscope=\"itemscope\" itemtype=\"https:\/\/schema.org\/CreativeWork\" ><div class='avia_textblock'  itemprop=\"text\" ><p>0<\/p>\n<\/div><\/section>\n","protected":false},"excerpt":{"rendered":"","protected":false},"author":2,"featured_media":0,"parent":2206,"menu_order":4,"comment_status":"closed","ping_status":"closed","template":"","meta":{"footnotes":""},"class_list":["post-2302","page","type-page","status-publish","hentry"],"yoast_head":"<!-- This site is optimized with the Yoast SEO plugin v27.6 - https:\/\/yoast.com\/product\/yoast-seo-wordpress\/ -->\n<title>Varsik\u00e4sikranaatti - Veteraanien Perint\u00f6<\/title>\n<meta name=\"robots\" content=\"index, follow, max-snippet:-1, max-image-preview:large, max-video-preview:-1\" \/>\n<link rel=\"canonical\" href=\"https:\/\/veteraanienperinto.fi\/index.php\/jatkosota-etusivu\/jatkosodan-kertomukset\/sotatoimet\/asemasota\/varsikasikranaatti\/\" \/>\n<meta property=\"og:locale\" content=\"fi_FI\" \/>\n<meta property=\"og:type\" content=\"article\" \/>\n<meta property=\"og:title\" content=\"Varsik\u00e4sikranaatti - Veteraanien Perint\u00f6\" \/>\n<meta property=\"og:url\" content=\"https:\/\/veteraanienperinto.fi\/index.php\/jatkosota-etusivu\/jatkosodan-kertomukset\/sotatoimet\/asemasota\/varsikasikranaatti\/\" \/>\n<meta property=\"og:site_name\" content=\"Veteraanien Perint\u00f6\" \/>\n<meta name=\"twitter:card\" content=\"summary_large_image\" \/>\n<meta name=\"twitter:label1\" content=\"Arvioitu lukuaika\" \/>\n\t<meta name=\"twitter:data1\" content=\"3 minuuttia\" \/>\n<script type=\"application\/ld+json\" class=\"yoast-schema-graph\">{\"@context\":\"https:\\\/\\\/schema.org\",\"@graph\":[{\"@type\":\"WebPage\",\"@id\":\"https:\\\/\\\/veteraanienperinto.fi\\\/index.php\\\/jatkosota-etusivu\\\/jatkosodan-kertomukset\\\/sotatoimet\\\/asemasota\\\/varsikasikranaatti\\\/\",\"url\":\"https:\\\/\\\/veteraanienperinto.fi\\\/index.php\\\/jatkosota-etusivu\\\/jatkosodan-kertomukset\\\/sotatoimet\\\/asemasota\\\/varsikasikranaatti\\\/\",\"name\":\"Varsik\u00e4sikranaatti - Veteraanien Perint\u00f6\",\"isPartOf\":{\"@id\":\"https:\\\/\\\/veteraanienperinto.fi\\\/#website\"},\"datePublished\":\"2020-09-01T07:16:00+00:00\",\"breadcrumb\":{\"@id\":\"https:\\\/\\\/veteraanienperinto.fi\\\/index.php\\\/jatkosota-etusivu\\\/jatkosodan-kertomukset\\\/sotatoimet\\\/asemasota\\\/varsikasikranaatti\\\/#breadcrumb\"},\"inLanguage\":\"fi\",\"potentialAction\":[{\"@type\":\"ReadAction\",\"target\":[\"https:\\\/\\\/veteraanienperinto.fi\\\/index.php\\\/jatkosota-etusivu\\\/jatkosodan-kertomukset\\\/sotatoimet\\\/asemasota\\\/varsikasikranaatti\\\/\"]}]},{\"@type\":\"BreadcrumbList\",\"@id\":\"https:\\\/\\\/veteraanienperinto.fi\\\/index.php\\\/jatkosota-etusivu\\\/jatkosodan-kertomukset\\\/sotatoimet\\\/asemasota\\\/varsikasikranaatti\\\/#breadcrumb\",\"itemListElement\":[{\"@type\":\"ListItem\",\"position\":1,\"name\":\"Etusivu\",\"item\":\"https:\\\/\\\/veteraanienperinto.fi\\\/index.php\\\/etusivu-2\\\/\"},{\"@type\":\"ListItem\",\"position\":2,\"name\":\"Jatkosota &#8211; etusivu\",\"item\":\"https:\\\/\\\/veteraanienperinto.fi\\\/index.php\\\/jatkosota-etusivu\\\/\"},{\"@type\":\"ListItem\",\"position\":3,\"name\":\"Jatkosodan kertomukset\",\"item\":\"https:\\\/\\\/veteraanienperinto.fi\\\/index.php\\\/jatkosota-etusivu\\\/jatkosodan-kertomukset\\\/\"},{\"@type\":\"ListItem\",\"position\":4,\"name\":\"Sotatoimet\",\"item\":\"https:\\\/\\\/veteraanienperinto.fi\\\/index.php\\\/jatkosota-etusivu\\\/jatkosodan-kertomukset\\\/sotatoimet\\\/\"},{\"@type\":\"ListItem\",\"position\":5,\"name\":\"Asemasota\",\"item\":\"https:\\\/\\\/veteraanienperinto.fi\\\/index.php\\\/jatkosota-etusivu\\\/jatkosodan-kertomukset\\\/sotatoimet\\\/asemasota\\\/\"},{\"@type\":\"ListItem\",\"position\":6,\"name\":\"Varsik\u00e4sikranaatti\"}]},{\"@type\":\"WebSite\",\"@id\":\"https:\\\/\\\/veteraanienperinto.fi\\\/#website\",\"url\":\"https:\\\/\\\/veteraanienperinto.fi\\\/\",\"name\":\"Veteraanien Perint\u00f6\",\"description\":\"Kadettikunta\",\"potentialAction\":[{\"@type\":\"SearchAction\",\"target\":{\"@type\":\"EntryPoint\",\"urlTemplate\":\"https:\\\/\\\/veteraanienperinto.fi\\\/?s={search_term_string}\"},\"query-input\":{\"@type\":\"PropertyValueSpecification\",\"valueRequired\":true,\"valueName\":\"search_term_string\"}}],\"inLanguage\":\"fi\"}]}<\/script>\n<!-- \/ Yoast SEO plugin. -->","yoast_head_json":{"title":"Varsik\u00e4sikranaatti - Veteraanien Perint\u00f6","robots":{"index":"index","follow":"follow","max-snippet":"max-snippet:-1","max-image-preview":"max-image-preview:large","max-video-preview":"max-video-preview:-1"},"canonical":"https:\/\/veteraanienperinto.fi\/index.php\/jatkosota-etusivu\/jatkosodan-kertomukset\/sotatoimet\/asemasota\/varsikasikranaatti\/","og_locale":"fi_FI","og_type":"article","og_title":"Varsik\u00e4sikranaatti - Veteraanien Perint\u00f6","og_url":"https:\/\/veteraanienperinto.fi\/index.php\/jatkosota-etusivu\/jatkosodan-kertomukset\/sotatoimet\/asemasota\/varsikasikranaatti\/","og_site_name":"Veteraanien Perint\u00f6","twitter_card":"summary_large_image","twitter_misc":{"Arvioitu lukuaika":"3 minuuttia"},"schema":{"@context":"https:\/\/schema.org","@graph":[{"@type":"WebPage","@id":"https:\/\/veteraanienperinto.fi\/index.php\/jatkosota-etusivu\/jatkosodan-kertomukset\/sotatoimet\/asemasota\/varsikasikranaatti\/","url":"https:\/\/veteraanienperinto.fi\/index.php\/jatkosota-etusivu\/jatkosodan-kertomukset\/sotatoimet\/asemasota\/varsikasikranaatti\/","name":"Varsik\u00e4sikranaatti - Veteraanien Perint\u00f6","isPartOf":{"@id":"https:\/\/veteraanienperinto.fi\/#website"},"datePublished":"2020-09-01T07:16:00+00:00","breadcrumb":{"@id":"https:\/\/veteraanienperinto.fi\/index.php\/jatkosota-etusivu\/jatkosodan-kertomukset\/sotatoimet\/asemasota\/varsikasikranaatti\/#breadcrumb"},"inLanguage":"fi","potentialAction":[{"@type":"ReadAction","target":["https:\/\/veteraanienperinto.fi\/index.php\/jatkosota-etusivu\/jatkosodan-kertomukset\/sotatoimet\/asemasota\/varsikasikranaatti\/"]}]},{"@type":"BreadcrumbList","@id":"https:\/\/veteraanienperinto.fi\/index.php\/jatkosota-etusivu\/jatkosodan-kertomukset\/sotatoimet\/asemasota\/varsikasikranaatti\/#breadcrumb","itemListElement":[{"@type":"ListItem","position":1,"name":"Etusivu","item":"https:\/\/veteraanienperinto.fi\/index.php\/etusivu-2\/"},{"@type":"ListItem","position":2,"name":"Jatkosota &#8211; etusivu","item":"https:\/\/veteraanienperinto.fi\/index.php\/jatkosota-etusivu\/"},{"@type":"ListItem","position":3,"name":"Jatkosodan kertomukset","item":"https:\/\/veteraanienperinto.fi\/index.php\/jatkosota-etusivu\/jatkosodan-kertomukset\/"},{"@type":"ListItem","position":4,"name":"Sotatoimet","item":"https:\/\/veteraanienperinto.fi\/index.php\/jatkosota-etusivu\/jatkosodan-kertomukset\/sotatoimet\/"},{"@type":"ListItem","position":5,"name":"Asemasota","item":"https:\/\/veteraanienperinto.fi\/index.php\/jatkosota-etusivu\/jatkosodan-kertomukset\/sotatoimet\/asemasota\/"},{"@type":"ListItem","position":6,"name":"Varsik\u00e4sikranaatti"}]},{"@type":"WebSite","@id":"https:\/\/veteraanienperinto.fi\/#website","url":"https:\/\/veteraanienperinto.fi\/","name":"Veteraanien Perint\u00f6","description":"Kadettikunta","potentialAction":[{"@type":"SearchAction","target":{"@type":"EntryPoint","urlTemplate":"https:\/\/veteraanienperinto.fi\/?s={search_term_string}"},"query-input":{"@type":"PropertyValueSpecification","valueRequired":true,"valueName":"search_term_string"}}],"inLanguage":"fi"}]}},"_links":{"self":[{"href":"https:\/\/veteraanienperinto.fi\/index.php\/wp-json\/wp\/v2\/pages\/2302","targetHints":{"allow":["GET"]}}],"collection":[{"href":"https:\/\/veteraanienperinto.fi\/index.php\/wp-json\/wp\/v2\/pages"}],"about":[{"href":"https:\/\/veteraanienperinto.fi\/index.php\/wp-json\/wp\/v2\/types\/page"}],"author":[{"embeddable":true,"href":"https:\/\/veteraanienperinto.fi\/index.php\/wp-json\/wp\/v2\/users\/2"}],"replies":[{"embeddable":true,"href":"https:\/\/veteraanienperinto.fi\/index.php\/wp-json\/wp\/v2\/comments?post=2302"}],"version-history":[{"count":2,"href":"https:\/\/veteraanienperinto.fi\/index.php\/wp-json\/wp\/v2\/pages\/2302\/revisions"}],"predecessor-version":[{"id":5995,"href":"https:\/\/veteraanienperinto.fi\/index.php\/wp-json\/wp\/v2\/pages\/2302\/revisions\/5995"}],"up":[{"embeddable":true,"href":"https:\/\/veteraanienperinto.fi\/index.php\/wp-json\/wp\/v2\/pages\/2206"}],"wp:attachment":[{"href":"https:\/\/veteraanienperinto.fi\/index.php\/wp-json\/wp\/v2\/media?parent=2302"}],"curies":[{"name":"wp","href":"https:\/\/api.w.org\/{rel}","templated":true}]}}