{"id":2454,"date":"2020-09-01T11:35:40","date_gmt":"2020-09-01T11:35:40","guid":{"rendered":"https:\/\/veteraani.ylirotu.fi\/?page_id=2454"},"modified":"2020-09-01T11:35:40","modified_gmt":"2020-09-01T11:35:40","slug":"vuosalmella","status":"publish","type":"page","link":"https:\/\/veteraanienperinto.fi\/index.php\/jatkosota-etusivu\/jatkosodan-kertomukset\/sotatoimet\/suurtaistelut\/vuosalmella\/","title":{"rendered":"Vuosalmella"},"content":{"rendered":"\n<style type=\"text\/css\" data-created_by=\"avia_inline_auto\" id=\"style-css-av-kejvkgw3-1d357a0692710a319f7ea047bf76dbec\">\n#top .av-special-heading.av-kejvkgw3-1d357a0692710a319f7ea047bf76dbec{\npadding-bottom:5px;\n}\nbody .av-special-heading.av-kejvkgw3-1d357a0692710a319f7ea047bf76dbec .av-special-heading-tag .heading-char{\nfont-size:25px;\n}\n.av-special-heading.av-kejvkgw3-1d357a0692710a319f7ea047bf76dbec .av-subheading{\nfont-size:15px;\n}\n<\/style>\n<div  class='av-special-heading av-kejvkgw3-1d357a0692710a319f7ea047bf76dbec av-special-heading-h3  avia-builder-el-0  avia-builder-el-no-sibling '><h3 class='av-special-heading-tag'  itemprop=\"headline\"  >Vuosalmella<\/h3><div class=\"special-heading-border\"><div class=\"special-heading-inner-border\"><\/div><\/div><\/div>\n<section  class='av_textblock_section av-kei9w74n-7b0f008125a778f48432b9a614d90d0f '   itemscope=\"itemscope\" itemtype=\"https:\/\/schema.org\/CreativeWork\" ><div class='avia_textblock'  itemprop=\"text\" ><p><strong>Olavi Tuomisto:<\/strong><\/p>\n<p>Kun \u00c4yr\u00e4p\u00e4\u00e4n sillanp\u00e4\u00e4aseman puolustajat ankarien taistelujen j\u00e4lkeen hein\u00e4kuussa ty\u00f6nnettiin yli Vuoksen, joutuivat muun muassa Laguksen j\u00e4\u00e4k\u00e4rit tukkimaan vihollisen sis\u00e4\u00e4nmurtoa virran pohjoisrannalla.<\/p>\n<p>Taistelun meteli ja r\u00e4iske oli korvia huumaava. Oli taisteluvaunujen r\u00e4min\u00e4\u00e4, piiskatykkien kimakoita sivalluksia, r\u00e4j\u00e4htelevi\u00e4 kranaatteja, kaikkien jalkav\u00e4kiaseiden tulta ja kaiken lis\u00e4ksi p\u00e4\u00e4mme p\u00e4\u00e4ll\u00e4 maataistelukoneet ja alati pauhaava ilmatorjuntatykist\u00f6.<\/p>\n<p>Hy\u00f6kk\u00e4\u00e4j\u00e4 pyrki ratkaisuun. Se toivoi sis\u00e4\u00e4nmurron p\u00e4\u00e4tien suunnassa johtavan tulokseen, niin ett\u00e4 se voisi marssittaa joukkonsa R\u00e4is\u00e4l\u00e4n &#8211; Kirvun &#8211; Antrean linjalle ja yht\u00e4 edemm\u00e4ksi Suomen syd\u00e4meen.<\/p>\n<p>Paineen helpottamiseksi p\u00e4\u00e4tti puolustaja siirty\u00e4 hy\u00f6kk\u00e4ykseen.<\/p>\n<p>Vihollinen oli ty\u00f6nnett\u00e4v\u00e4 takaisin yli Vuoksen ja menetetty alue vallattava takaisin Vuoksen rantaviivaa my\u00f6ten, n\u00e4in kuului k\u00e4sky.<\/p>\n<p>Hein\u00e4kuun yhdennentoista p\u00e4iv\u00e4n vastaisena y\u00f6n\u00e4 kello kahden aikaan oli hy\u00f6kk\u00e4yshetki. Hein\u00e4kuun kymmenenten\u00e4 p\u00e4iv\u00e4n\u00e4 tuli pataljoonaamme p\u00e4\u00e4llyst\u00f6- ja miehist\u00f6t\u00e4ydennyst\u00e4. Miehist\u00f6\u00e4 tuli suoraan siviilist\u00e4, vanhat ik\u00e4luokat kun olivat olleet v\u00e4lill\u00e4 kotiutettuina.<\/p>\n<p>Vakavina valmistautuivat joukkomme edess\u00e4 olevaan teht\u00e4v\u00e4\u00e4n. Hiljaiset k\u00f6rttisotilaat muodostivat hy\u00f6kk\u00e4ysosastomme rungon. Pataljoonamme, J\u00e4\u00e4k\u00e4ripataljoona 3, oli koottu keski- ja pohjoispohjalaisista, joukossa joku alkuper\u00e4inen Laguksen mies.<\/p>\n<p>Saattoi arvata uusien tulokkaiden mielialat ja mietteet, kun he hy\u00f6kk\u00e4yst\u00e4 edelt\u00e4neen p\u00e4iv\u00e4n meteliss\u00e4 koettivat sopeutua uuteen ymp\u00e4rist\u00f6\u00f6ns\u00e4.<\/p>\n<p>T\u00e4m\u00e4 p\u00e4iv\u00e4 tuntui olevan heille pitk\u00e4 kuin i\u00e4isyys.<\/p>\n<p>Aikaa tappaakseen useat kirjoittivat omaisilleen kirjeit\u00e4, ja monille t\u00e4m\u00e4 j\u00e4ikin viimeiseksi tervehdykseksi. P\u00e4iv\u00e4n kuluessa k\u00e4vi my\u00f6s komentaja tervehtim\u00e4ss\u00e4 pataljoonaa. Se n\u00e4ytti vaikuttavan rohkaisevasti mielialoihin. Samaa ei voi sanoa my\u00f6hemmin illalla j\u00e4rjestetyst\u00e4 kentt\u00e4hartaudesta, joka p\u00e4\u00e4ttyi t\u00e4ydennysmiesten itkunhurmokseen.<\/p>\n<p>Meid\u00e4t oli n\u00e4in siunattu taisteluun.<\/p>\n<p>Olimme my\u00f6s nauttineet Herran ehtoollisen tuulen humistessa kuusikossa ja kranaattien r\u00e4j\u00e4hdelless\u00e4 ymp\u00e4rill\u00e4.<\/p>\n<p>Iltay\u00f6n tunnit kuluivat kituen.<\/p>\n<p>Jotkut vanhat Laguksen miehet l\u00f6iv\u00e4t korttia. Peliss\u00e4 ei ollut kuitenkaan samaa riehakkuutta kuin joskus voimantunnon p\u00e4ivin\u00e4. Hiljaisina ja ik\u00e4\u00e4n kuin h\u00e4peillen k\u00e4\u00e4nneltiin nelj\u00e4n kuninkaan kuvakirjaa.<\/p>\n<p>Mutta mets\u00e4aukealle pystytetyn valkean koivuristin juurella rukoili joukko k\u00f6rttisotilaita maassa k\u00f6nyten. Hiukan sivummalla heist\u00e4 vehreiden koivujen katveessa olevat miehet tapailivat hiljalleen virtt\u00e4.<\/p>\n<p>Pian oli hein\u00e4kuun viile\u00e4 y\u00f6 k\u00e4\u00e4rinyt Vuoksen tienoot. Olimme valveilla. Ket\u00e4\u00e4n ei nukuttanut.<\/p>\n<p>L\u00e4hdettiin liikkeelle.<\/p>\n<p>Kuljimme avojonossa. Sivuutimme uloimmat vartiomiehet. Heilt\u00e4 sain tietoja. T\u00e4n\u00e4 aamuna viimeksi oli vihollisen n\u00e4hty liikehtiv\u00e4n etumaastossa.<\/p>\n<p>&#8211; Tunnustelija eteen!<\/p>\n<p>Levitt\u00e4ydyimme.<\/p>\n<p>Vastassa oli nyt m\u00e4rk\u00e4, heitteille j\u00e4\u00e4nyt mets\u00e4pelto. Osa joukkueestani kiersi sen oikealta. Sy\u00f6ksyin suoraan pellon poikki. Olin jo saavuttamassa vastakkaisen puolen pajupensaikon, kun huomasin ven\u00e4l\u00e4isen kentt\u00e4lapion pist\u00e4v\u00e4n esiin suosammalesta. Kehotin poikia panemaan sen vy\u00f6lleen. Kun kukaan ei n\u00e4in tehnyt, ei edes hiljent\u00e4nyt vauhtiaan, palasin takaisin, tempaisin lapion maasta ja panin raksilleni.<\/p>\n<p>Eteneminen jatkui. Joukkueeni kokoontui paikkaan, johon olin tehnyt karttaani merkinn\u00e4n: Hy\u00f6kk\u00e4ysl\u00e4ht\u00f6asema. Hyvin oli kaikki sujunut t\u00e4h\u00e4n asti. Tiedustelu oli my\u00f6s pit\u00e4nyt paikkansa, sill\u00e4 maaston pitikin olla t\u00e4h\u00e4n asti vapaa vihollisista.<\/p>\n<p>Taistelul\u00e4hettini toi pian k\u00e4skyn: &#8211; Eteneminen jatkuu, taisteluvalmius!<\/p>\n<p>L\u00e4hdin eteen tunnustelijaksi. Annoin m\u00e4\u00e4r\u00e4yksen ryhmityksest\u00e4 ja tulenavauksesta kosketuksen sattuessa. Huomasin, ett\u00e4 varajoukkueenjohtajani, \u00e4sken saapunut kersantti, ep\u00e4r\u00f6i. Rauhoitin miest\u00e4 ja lupasin itse katsoa pahimmat paikat. Tykist\u00f6 oli jo varhaisesta ammusta alkaen pauhannut molemmin puolin. V\u00e4lill\u00e4 yhtyiv\u00e4t my\u00f6s kranaatinheittimet leikkiin.<\/p>\n<p>&#8211; T\u00e4\u00e4ll\u00e4 Vuosalmella k\u00e4ytt\u00e4\u00e4 vastapuoli my\u00f6s useampikymmenputkisia heittimi\u00e4, tiesi joku.<\/p>\n<p>&#8211; \u00c4lk\u00e4\u00e4 h\u00f6lisk\u00f6, on t\u00e4ss\u00e4 kummempiakin sota-aseita n\u00e4hty. S\u00e4nkyyn meit\u00e4 on eniten kellistynyt, sanoi taistelul\u00e4hettini.<\/p>\n<p>Vajaan kilometrin kuljettuamme oli edess\u00e4 peltoaukeaan rajoittuva laakea mets\u00e4harjanne. Arvelimme, ett\u00e4 sielt\u00e4 se vihollinen mahdollisesti kiikaroi. Ilmeisesti olivat t\u00e4ss\u00e4 vihollisen etuasemat.<\/p>\n<p>Taistelu alkoi molemmin puolin kiihty\u00e4. Tykist\u00f6mme antoi muutamia kranaatteja harjanteelle, mutta suuri osa niist\u00e4 meni pitkiksi.<\/p>\n<p>Yhdell\u00e4 heitolla olimme harjanteen laella.<\/p>\n<p>Ensimm\u00e4isen tavoitteen saavutimme t\u00e4ten helposti, ainoastaan varajoukkueenjohtajani, kersantti Kontturi, kaatui. Suomalaisten tulen ansiosta j\u00e4i joukko vihollissotilaita hiljaisiksi mataliin poteroihinsa. Kaikesta n\u00e4kyi, ett\u00e4 vihollisella oli ollut tarkoitus t\u00e4ss\u00e4 paikassa vain viivytt\u00e4\u00e4, siksi liukkaasti he per\u00e4\u00e4ntyiv\u00e4t heti kosketuksen saatuamme.<\/p>\n<p>Hy\u00f6kk\u00e4ysosasto oli koko kaistallaan saavuttamassa linjan, josta voimme t\u00e4hyst\u00e4\u00e4 Vuokselle ja sen takaa kohoaville harjanteille. Tuskin olimme ehtineet miehitt\u00e4\u00e4 t\u00e4m\u00e4n v\u00e4litavoitteen, kun hy\u00f6kk\u00e4ys k\u00e4\u00e4ntyikin \u00e4kki\u00e4 puolustukseksi ja etenemisellemme pantiin piste.<\/p>\n<p>Vihollinen alkoi syyt\u00e4\u00e4 niskaamme kranaatteja, ja pian vallitsi mets\u00e4isell\u00e4 harjanteella h\u00e4vityksen kauhistus.<\/p>\n<p>Mets\u00e4 oli l\u00e4hes kokonaan pois pyyhk\u00e4isty. Suuretkin puut kaatuivat sirpaleiden katkaisemina.<\/p>\n<p>Tykist\u00f6keskitys vaikutti joukkoon vain moraalisesti, tuottamatta enempi\u00e4 tappioita. Miehet olivat aivan hermoina ja t\u00f6rm\u00e4iliv\u00e4t sinne t\u00e4nne. Annoin k\u00e4skyn asemien miehityksen harventamisesta ja loppuosan l\u00e4hett\u00e4misest\u00e4 suoja-asemiin harjanteen taakse. K\u00e4vin jokaisen ryhm\u00e4ni luona miehi\u00e4 tyynnytt\u00e4m\u00e4ss\u00e4. Viel\u00e4 emme olleet tavoitteessa, oli yritett\u00e4v\u00e4 yh\u00e4.<\/p>\n<p>Hein\u00e4kuun aamu oli kaunis Vuoksella.<\/p>\n<p>Olimme saaneet komppanianp\u00e4\u00e4llikk\u00f6mme, luutnantti Joakim Kurterin, kanssa valmiiksi suunnitelman edess\u00e4 olevan kukkulan valtaamiseksi, konekiv\u00e4\u00e4rit asetetuiksi teht\u00e4viins\u00e4 ja joukkueet l\u00e4ht\u00f6asemiin, kun taivas repesi toistamiseen.<\/p>\n<p>Nyt puhuivat vihollisen kevyet ja raskaat putket. Ensimm\u00e4inen tuli-isku meni taakse, mutta seuraavat sattuivat kohdalle. Sen j\u00e4lkeen en tajunnut pitk\u00e4\u00e4n aikaan muuta kuin vajoamista suureen tyhjyyteen. Oli vain hyv\u00e4 olla, ja mit\u00e4 sitten tapahtui, sit\u00e4 en tied\u00e4.<\/p>\n<p>Kun avasin silm\u00e4ni, kaikki oli hiljaista. Nostin p\u00e4\u00e4t\u00e4ni ja koetin kurkistella ymp\u00e4rilleni.<\/p>\n<p>Voi sit\u00e4 siivoa.<\/p>\n<p>Irronneita, ruhjoutuneita ihmisj\u00e4seni\u00e4 joka puolella, v\u00e4\u00e4ntyneiden aseiden ja irrallisten varusteiden ja ammusten sekamelskaa.<\/p>\n<p>Kohottauduin ja aloin vet\u00e4\u00e4 itse\u00e4ni sinnep\u00e4in, miss\u00e4 oletin tapaavani el\u00e4vi\u00e4 olentoja. Toivoni oli kuitenkin turha, sill\u00e4 niin pitk\u00e4lle kuin harjannetta riitti, oli Tuonen viikatemiehen j\u00e4tt\u00e4m\u00e4 j\u00e4lki t\u00e4ydellinen. Vaivoin p\u00e4\u00e4sin ry\u00f6mim\u00e4\u00e4n l\u00e4himm\u00e4n, parhaimmin s\u00e4ilyneelt\u00e4 n\u00e4ytt\u00e4v\u00e4n miehen luo, mutta h\u00e4nenk\u00e4\u00e4n valtimonsa ei en\u00e4\u00e4 ly\u00f6nyt.<\/p>\n<p>Nyt vasta huomasin, ett\u00e4 olin itsekin haavoittunut.<\/p>\n<p>Heikotti ja janotti.<\/p>\n<p>Oikeasta s\u00e4\u00e4rest\u00e4ni suihkusi verta kahdestakin kohtaa. Koetin nousta yl\u00f6s, mutta jalka repsahti sivulle, joten tiesin sen katkenneen.<\/p>\n<p>Koetin sitoa haavojani kes\u00e4pusakan riekaleilla.<\/p>\n<p>Ties kuinka kauan olin harhaillut yksin\u00e4ni t\u00e4ss\u00e4 surullisessa taistelumaastossa, kun huomasin kahden miehen l\u00e4hestyv\u00e4n takaap\u00e4in. Samanaikaisesti sattui ven\u00e4l\u00e4isen kentt\u00e4lapion p\u00e4\u00e4 silmiini silpoutuneen puun juurella. Tunsin lapion samaksi, jonka olin edetess\u00e4 vy\u00f6lleni ripustanut. Muistin my\u00f6s selv\u00e4sti, miten t\u00e4ll\u00e4 samalla lapiolla olin kaivamassa poteroa, kun kranaattikeskitys meid\u00e4t yll\u00e4tti.<\/p>\n<p>Pian olivat takaa tulleet miehet vierell\u00e4ni. Toinen heist\u00e4 oli oma taistelul\u00e4hettini, mutta h\u00e4nen mukanaan olevaa ylikersanttia en muistanut ennen tavanneeni. Pojat olivat t\u00e4ydellisesti yll\u00e4ttyneit\u00e4 t\u00e4st\u00e4 tapaamisesta, eritoten taistelul\u00e4hettini, joka vasta \u00e4sken oli l\u00e4htenyt taistelukelpoisen joukkueen luota ja nyt tapasi t\u00e4\u00e4lt\u00e4 vain yhden puolihullun miehen.<\/p>\n<p>&#8211; Kyll\u00e4 v\u00e4nrikki on heti viet\u00e4v\u00e4 taakse apua saamaan.<\/p>\n<p>&#8211; Ensiksi on otettava selv\u00e4, kuinka luutnantti Kurtenin on k\u00e4ynyt. Tuossa poterossa h\u00e4n makasi, ja mik\u00e4li muistan, heitt\u00e4ytyi konekiv\u00e4\u00e4rijoukkueen johtaja, v\u00e4nrikki Kangaskin, samaan kuoppaan keskityksen juuri alkaessa.<\/p>\n<p>Makasin kranaattikuopan reunalla mahallani ja katselin, kun pojat t\u00f6kkiv\u00e4t pitk\u00e4ll\u00e4 puunrungolla ammottavan tyhj\u00e4\u00e4, mustaa kuoppaa. Aluksi ei sielt\u00e4 l\u00f6ytynyt mit\u00e4\u00e4n, mutta lopulta tarttui kepin nen\u00e4\u00e4n vaateriekaleita ja upseerivy\u00f6n kappaleita sek\u00e4 viimeksi luultavasti osia heist\u00e4kin, joita olimme etsineet.<\/p>\n<p>&#8211; Lopettakaa, sanoin, kyll\u00e4 riitt\u00e4\u00e4. Kaikki he ovat kaatuneet.<\/p>\n<p>Vaikka tovereilleni ja koko joukkueelleni oli k\u00e4ynyt n\u00e4in, meid\u00e4n oli nyt kolmeen pekkaan huolehdittava puolustuksesta. Tiedustelin pojilta, oliko n\u00e4kyviss\u00e4 yht\u00e4\u00e4n konetuliasetta, jos vihollinen sattuisi yll\u00e4tt\u00e4m\u00e4\u00e4n. Aikansa etsitty\u00e4\u00e4n he l\u00f6ysiv\u00e4t jalkapuolen konekiv\u00e4\u00e4rin. Se nostettiin katkenneen pet\u00e4j\u00e4n haarukkaan, vy\u00f6 pantiin sis\u00e4\u00e4n ja ase suunnattiin Vuokselle.<\/p>\n<p>T\u00e4hystelimme jatkuvasti virralle, josta aika ajoin n\u00e4kyikin ahkeraa liikehtimist\u00e4. Naapuripataljoonan pit\u00e4isi ottaa meilt\u00e4 asemat vastaan, meilt\u00e4 kun ly\u00f6tiin jalat alta, tiesiv\u00e4t pojat. Tappioita oli paljon. Komentajamme oli haavoittunut, ja miltei kaikki komppanianp\u00e4\u00e4llik\u00f6t ja joukkueenjohtajat olivat pelist\u00e4 poissa.<\/p>\n<p>Vaikka tunsin itseni huonovointiseksi, en halunnut j\u00e4tt\u00e4\u00e4 etuasemaa tyhj\u00e4ksi. Vasta sitten kun vaihto saapuisi, olisin valmis l\u00e4htem\u00e4\u00e4n taakse.<\/p>\n<p>Olimme yh\u00e4 kolmeen mieheen asemissa ja t\u00e4hystelimme Vuokselle. Kun mit\u00e4\u00e4n erikoista ei tapahtunut, torkahdin hetkeksi. Her\u00e4sin, kun ylikersantti, joka oli jatkuvasti t\u00e4hyst\u00e4nyt etumaastoa, karjaisi:<\/p>\n<p>&#8211; Nyt se vanja perhana hy\u00f6kk\u00e4\u00e4!<\/p>\n<p>Olimme heti valppaina ja havaitsimme, kuinka ven\u00e4l\u00e4inen jalkav\u00e4ki hy\u00f6kk\u00e4ysvaunujen tukemana l\u00e4hestyi nopeasti asemiamme suuntanaan Oravankyt\u00f6. P\u00e4\u00e4timme, ettemme varsin helpolla anna nahkaamme.<\/p>\n<p>Mutta nyt ilmestyi meist\u00e4 vasemmalle suomalainen panssarintorjuntatykki.<\/p>\n<p>Se ampui heti kaksi hy\u00f6kk\u00e4ysvaunua tuleen, ja toiset kaksi l\u00e4htiv\u00e4t pakosalle. Samaan aikaan huomasin harjanteella takanani ja sivuilla reipasta liikett\u00e4.<\/p>\n<p>Varusmiesporukka oli tullut apuun. Heid\u00e4n tuli-iskunsa oli tehokas. Osat vaihtuivat.<\/p>\n<p>Olimme aivan yll\u00e4ttyneit\u00e4 meille tulleesta avusta ja tempauduimme mukaan taisteluun.<\/p>\n<p>&#8211; Min\u00e4kin ammun. Kuka sy\u00f6tt\u00e4\u00e4? Nostakaa, pojat, minut yl\u00f6s ja tukekaa.<\/p>\n<p>Seisoin terveell\u00e4 jalalla konekiv\u00e4\u00e4rin takana. T\u00e4ht\u00e4sin ja painoin liipaisinta. Konekiv\u00e4\u00e4ri papatti kestotulella.<\/p>\n<p>Mit\u00e4 t\u00e4m\u00e4n j\u00e4lkeen Vuosalmen puolustusasemassa tapahtui, on minulle j\u00e4\u00e4nyt h\u00e4m\u00e4r\u00e4ksi. Her\u00e4sin vasta seuraavana aamuna Kirvun kentt\u00e4sairaalassa. Meit\u00e4 Vuosalmelle pelastamaan tulleet varusmiehet kuitenkin pitiv\u00e4t siell\u00e4 pintansa rauhantuloon asti.<\/p>\n<p>Kansa taisteli &#8211; miehet kertovat -lehti<\/p>\n<\/div><\/section>\n<section  class='av_textblock_section av-26nu8o-de7b19f6a4ff4a85782c022ea993fc53 '   itemscope=\"itemscope\" itemtype=\"https:\/\/schema.org\/CreativeWork\" ><div class='avia_textblock'  itemprop=\"text\" ><p>0<\/p>\n<\/div><\/section>\n","protected":false},"excerpt":{"rendered":"","protected":false},"author":2,"featured_media":0,"parent":2213,"menu_order":3,"comment_status":"closed","ping_status":"closed","template":"","meta":{"footnotes":""},"class_list":["post-2454","page","type-page","status-publish","hentry"],"yoast_head":"<!-- This site is optimized with the Yoast SEO plugin v27.5 - https:\/\/yoast.com\/product\/yoast-seo-wordpress\/ -->\n<title>Vuosalmella - Veteraanien Perint\u00f6<\/title>\n<meta name=\"robots\" content=\"index, follow, max-snippet:-1, max-image-preview:large, max-video-preview:-1\" \/>\n<link rel=\"canonical\" href=\"https:\/\/veteraanienperinto.fi\/index.php\/jatkosota-etusivu\/jatkosodan-kertomukset\/sotatoimet\/suurtaistelut\/vuosalmella\/\" \/>\n<meta property=\"og:locale\" content=\"fi_FI\" \/>\n<meta property=\"og:type\" content=\"article\" \/>\n<meta property=\"og:title\" content=\"Vuosalmella - Veteraanien Perint\u00f6\" \/>\n<meta property=\"og:url\" content=\"https:\/\/veteraanienperinto.fi\/index.php\/jatkosota-etusivu\/jatkosodan-kertomukset\/sotatoimet\/suurtaistelut\/vuosalmella\/\" \/>\n<meta property=\"og:site_name\" content=\"Veteraanien Perint\u00f6\" \/>\n<meta name=\"twitter:card\" content=\"summary_large_image\" \/>\n<meta name=\"twitter:label1\" content=\"Arvioitu lukuaika\" \/>\n\t<meta name=\"twitter:data1\" content=\"9 minuuttia\" \/>\n<script type=\"application\/ld+json\" class=\"yoast-schema-graph\">{\"@context\":\"https:\\\/\\\/schema.org\",\"@graph\":[{\"@type\":\"WebPage\",\"@id\":\"https:\\\/\\\/veteraanienperinto.fi\\\/index.php\\\/jatkosota-etusivu\\\/jatkosodan-kertomukset\\\/sotatoimet\\\/suurtaistelut\\\/vuosalmella\\\/\",\"url\":\"https:\\\/\\\/veteraanienperinto.fi\\\/index.php\\\/jatkosota-etusivu\\\/jatkosodan-kertomukset\\\/sotatoimet\\\/suurtaistelut\\\/vuosalmella\\\/\",\"name\":\"Vuosalmella - Veteraanien Perint\u00f6\",\"isPartOf\":{\"@id\":\"https:\\\/\\\/veteraanienperinto.fi\\\/#website\"},\"datePublished\":\"2020-09-01T11:35:40+00:00\",\"breadcrumb\":{\"@id\":\"https:\\\/\\\/veteraanienperinto.fi\\\/index.php\\\/jatkosota-etusivu\\\/jatkosodan-kertomukset\\\/sotatoimet\\\/suurtaistelut\\\/vuosalmella\\\/#breadcrumb\"},\"inLanguage\":\"fi\",\"potentialAction\":[{\"@type\":\"ReadAction\",\"target\":[\"https:\\\/\\\/veteraanienperinto.fi\\\/index.php\\\/jatkosota-etusivu\\\/jatkosodan-kertomukset\\\/sotatoimet\\\/suurtaistelut\\\/vuosalmella\\\/\"]}]},{\"@type\":\"BreadcrumbList\",\"@id\":\"https:\\\/\\\/veteraanienperinto.fi\\\/index.php\\\/jatkosota-etusivu\\\/jatkosodan-kertomukset\\\/sotatoimet\\\/suurtaistelut\\\/vuosalmella\\\/#breadcrumb\",\"itemListElement\":[{\"@type\":\"ListItem\",\"position\":1,\"name\":\"Etusivu\",\"item\":\"https:\\\/\\\/veteraanienperinto.fi\\\/index.php\\\/etusivu-2\\\/\"},{\"@type\":\"ListItem\",\"position\":2,\"name\":\"Jatkosota &#8211; etusivu\",\"item\":\"https:\\\/\\\/veteraanienperinto.fi\\\/index.php\\\/jatkosota-etusivu\\\/\"},{\"@type\":\"ListItem\",\"position\":3,\"name\":\"Jatkosodan kertomukset\",\"item\":\"https:\\\/\\\/veteraanienperinto.fi\\\/index.php\\\/jatkosota-etusivu\\\/jatkosodan-kertomukset\\\/\"},{\"@type\":\"ListItem\",\"position\":4,\"name\":\"Sotatoimet\",\"item\":\"https:\\\/\\\/veteraanienperinto.fi\\\/index.php\\\/jatkosota-etusivu\\\/jatkosodan-kertomukset\\\/sotatoimet\\\/\"},{\"@type\":\"ListItem\",\"position\":5,\"name\":\"Suurtaistelut\",\"item\":\"https:\\\/\\\/veteraanienperinto.fi\\\/index.php\\\/jatkosota-etusivu\\\/jatkosodan-kertomukset\\\/sotatoimet\\\/suurtaistelut\\\/\"},{\"@type\":\"ListItem\",\"position\":6,\"name\":\"Vuosalmella\"}]},{\"@type\":\"WebSite\",\"@id\":\"https:\\\/\\\/veteraanienperinto.fi\\\/#website\",\"url\":\"https:\\\/\\\/veteraanienperinto.fi\\\/\",\"name\":\"Veteraanien Perint\u00f6\",\"description\":\"Kadettikunta\",\"potentialAction\":[{\"@type\":\"SearchAction\",\"target\":{\"@type\":\"EntryPoint\",\"urlTemplate\":\"https:\\\/\\\/veteraanienperinto.fi\\\/?s={search_term_string}\"},\"query-input\":{\"@type\":\"PropertyValueSpecification\",\"valueRequired\":true,\"valueName\":\"search_term_string\"}}],\"inLanguage\":\"fi\"}]}<\/script>\n<!-- \/ Yoast SEO plugin. -->","yoast_head_json":{"title":"Vuosalmella - Veteraanien Perint\u00f6","robots":{"index":"index","follow":"follow","max-snippet":"max-snippet:-1","max-image-preview":"max-image-preview:large","max-video-preview":"max-video-preview:-1"},"canonical":"https:\/\/veteraanienperinto.fi\/index.php\/jatkosota-etusivu\/jatkosodan-kertomukset\/sotatoimet\/suurtaistelut\/vuosalmella\/","og_locale":"fi_FI","og_type":"article","og_title":"Vuosalmella - Veteraanien Perint\u00f6","og_url":"https:\/\/veteraanienperinto.fi\/index.php\/jatkosota-etusivu\/jatkosodan-kertomukset\/sotatoimet\/suurtaistelut\/vuosalmella\/","og_site_name":"Veteraanien Perint\u00f6","twitter_card":"summary_large_image","twitter_misc":{"Arvioitu lukuaika":"9 minuuttia"},"schema":{"@context":"https:\/\/schema.org","@graph":[{"@type":"WebPage","@id":"https:\/\/veteraanienperinto.fi\/index.php\/jatkosota-etusivu\/jatkosodan-kertomukset\/sotatoimet\/suurtaistelut\/vuosalmella\/","url":"https:\/\/veteraanienperinto.fi\/index.php\/jatkosota-etusivu\/jatkosodan-kertomukset\/sotatoimet\/suurtaistelut\/vuosalmella\/","name":"Vuosalmella - Veteraanien Perint\u00f6","isPartOf":{"@id":"https:\/\/veteraanienperinto.fi\/#website"},"datePublished":"2020-09-01T11:35:40+00:00","breadcrumb":{"@id":"https:\/\/veteraanienperinto.fi\/index.php\/jatkosota-etusivu\/jatkosodan-kertomukset\/sotatoimet\/suurtaistelut\/vuosalmella\/#breadcrumb"},"inLanguage":"fi","potentialAction":[{"@type":"ReadAction","target":["https:\/\/veteraanienperinto.fi\/index.php\/jatkosota-etusivu\/jatkosodan-kertomukset\/sotatoimet\/suurtaistelut\/vuosalmella\/"]}]},{"@type":"BreadcrumbList","@id":"https:\/\/veteraanienperinto.fi\/index.php\/jatkosota-etusivu\/jatkosodan-kertomukset\/sotatoimet\/suurtaistelut\/vuosalmella\/#breadcrumb","itemListElement":[{"@type":"ListItem","position":1,"name":"Etusivu","item":"https:\/\/veteraanienperinto.fi\/index.php\/etusivu-2\/"},{"@type":"ListItem","position":2,"name":"Jatkosota &#8211; etusivu","item":"https:\/\/veteraanienperinto.fi\/index.php\/jatkosota-etusivu\/"},{"@type":"ListItem","position":3,"name":"Jatkosodan kertomukset","item":"https:\/\/veteraanienperinto.fi\/index.php\/jatkosota-etusivu\/jatkosodan-kertomukset\/"},{"@type":"ListItem","position":4,"name":"Sotatoimet","item":"https:\/\/veteraanienperinto.fi\/index.php\/jatkosota-etusivu\/jatkosodan-kertomukset\/sotatoimet\/"},{"@type":"ListItem","position":5,"name":"Suurtaistelut","item":"https:\/\/veteraanienperinto.fi\/index.php\/jatkosota-etusivu\/jatkosodan-kertomukset\/sotatoimet\/suurtaistelut\/"},{"@type":"ListItem","position":6,"name":"Vuosalmella"}]},{"@type":"WebSite","@id":"https:\/\/veteraanienperinto.fi\/#website","url":"https:\/\/veteraanienperinto.fi\/","name":"Veteraanien Perint\u00f6","description":"Kadettikunta","potentialAction":[{"@type":"SearchAction","target":{"@type":"EntryPoint","urlTemplate":"https:\/\/veteraanienperinto.fi\/?s={search_term_string}"},"query-input":{"@type":"PropertyValueSpecification","valueRequired":true,"valueName":"search_term_string"}}],"inLanguage":"fi"}]}},"_links":{"self":[{"href":"https:\/\/veteraanienperinto.fi\/index.php\/wp-json\/wp\/v2\/pages\/2454","targetHints":{"allow":["GET"]}}],"collection":[{"href":"https:\/\/veteraanienperinto.fi\/index.php\/wp-json\/wp\/v2\/pages"}],"about":[{"href":"https:\/\/veteraanienperinto.fi\/index.php\/wp-json\/wp\/v2\/types\/page"}],"author":[{"embeddable":true,"href":"https:\/\/veteraanienperinto.fi\/index.php\/wp-json\/wp\/v2\/users\/2"}],"replies":[{"embeddable":true,"href":"https:\/\/veteraanienperinto.fi\/index.php\/wp-json\/wp\/v2\/comments?post=2454"}],"version-history":[{"count":2,"href":"https:\/\/veteraanienperinto.fi\/index.php\/wp-json\/wp\/v2\/pages\/2454\/revisions"}],"predecessor-version":[{"id":6079,"href":"https:\/\/veteraanienperinto.fi\/index.php\/wp-json\/wp\/v2\/pages\/2454\/revisions\/6079"}],"up":[{"embeddable":true,"href":"https:\/\/veteraanienperinto.fi\/index.php\/wp-json\/wp\/v2\/pages\/2213"}],"wp:attachment":[{"href":"https:\/\/veteraanienperinto.fi\/index.php\/wp-json\/wp\/v2\/media?parent=2454"}],"curies":[{"name":"wp","href":"https:\/\/api.w.org\/{rel}","templated":true}]}}