{"id":2466,"date":"2020-09-01T11:43:02","date_gmt":"2020-09-01T11:43:02","guid":{"rendered":"https:\/\/veteraani.ylirotu.fi\/?page_id=2466"},"modified":"2020-12-15T17:23:54","modified_gmt":"2020-12-15T17:23:54","slug":"kahdesti-kaatunut","status":"publish","type":"page","link":"https:\/\/veteraanienperinto.fi\/index.php\/jatkosota-etusivu\/jatkosodan-kertomukset\/sotatoimet\/viimeiset-voitot\/kahdesti-kaatunut\/","title":{"rendered":"Kahdesti kaatunut"},"content":{"rendered":"\n<style type=\"text\/css\" data-created_by=\"avia_inline_auto\" id=\"style-css-av-av_heading-5c812d97a63d9b483b0169683eec14b4\">\n#top .av-special-heading.av-av_heading-5c812d97a63d9b483b0169683eec14b4{\npadding-bottom:5px;\n}\nbody .av-special-heading.av-av_heading-5c812d97a63d9b483b0169683eec14b4 .av-special-heading-tag .heading-char{\nfont-size:25px;\n}\n.av-special-heading.av-av_heading-5c812d97a63d9b483b0169683eec14b4 .av-subheading{\nfont-size:15px;\n}\n<\/style>\n<div  class='av-special-heading av-av_heading-5c812d97a63d9b483b0169683eec14b4 av-special-heading-h3  avia-builder-el-0  avia-builder-el-no-sibling '><h3 class='av-special-heading-tag'  itemprop=\"headline\"  >Kahdesti kaatunut<\/h3><div class=\"special-heading-border\"><div class=\"special-heading-inner-border\"><\/div><\/div><\/div>\n<section  class='av_textblock_section av-kei9w74n-7b0f008125a778f48432b9a614d90d0f '   itemscope=\"itemscope\" itemtype=\"https:\/\/schema.org\/CreativeWork\" ><div class='avia_textblock'  itemprop=\"text\" ><p><strong>Raul Kuutma:<\/strong><\/p>\n<p>Veljeskansan puolustajan j\u00e4ljill\u00e4 Suomen vapauden ja Viron kunnian puolesta.<\/p>\n<p>Viron nuoret miehet, joilla ei ollut mahdollisuutta taistella maansa vapauden puolesta, olivat ihastuneita suomalaisten sankaruudesta talvisodassa. Monella oli halu taistella suomalaisten soturin rinnalla, ja kun Suomenlahti j\u00e4\u00e4tyi talven 1940 pakkasissa, rohkeat pojat l\u00e4htiv\u00e4t suksilla tai potkukelkalla taipaleelle.<\/p>\n<p>Railojen lis\u00e4ksi oli v\u00e4istett\u00e4v\u00e4 Viron rannikkovartiostoa, sill\u00e4 oli m\u00e4\u00e4r\u00e4ys pid\u00e4tt\u00e4\u00e4 kaikki. J\u00e4\u00e4ll\u00e4 valvoivat my\u00f6s Neuvostoliiton partiot, ja tapaaminen heid\u00e4n kanssaan merkitsi loppua. Kuitenkin ylitse tultiin. Suomessa oli perustettu p\u00e4\u00e4majan alaisuuteen vapaaehtoisprikaati Sisu, johon kuului helmikuun 1940 loppuvaiheessa 58 virolaista. V\u00e4hint\u00e4\u00e4n saman verran virolaisia taisteli rintamalla suomalaisissa yksik\u00f6iss\u00e4.<\/p>\n<p><strong>Potkukelkalla yli Suomenlahden<\/strong><\/p>\n<p>Kylm\u00e4n\u00e4 helmikuun iltana 1940 Kaarel Karim\u00e4e otti Virumaan rannikolla suunnakseen Pohjant\u00e4hden ja aloitti taivaallisen kompassin avulla vaelluksen yli Suomenlahden. H\u00e4n oli synytnyt 3. kes\u00e4kuuta 1917 ja k\u00e4ynyt J\u00e4nedan maatalouskoulun ja Viron armeijan. Edellisen\u00e4 kes\u00e4n\u00e4 h\u00e4n oli ollut Suomessa harjoittelukurssilla P\u00e4iv\u00f6l\u00e4n maatalouskoulussa Toijalan l\u00e4hettyvill\u00e4. Se kai antoi lopullisen sys\u00e4yksen l\u00e4hte\u00e4 t\u00e4lle vaaralliselle matkalle.<\/p>\n<p>Kavereiden kanssa oli sovittu yhteisest\u00e4 ylimenomatkasta, mutta he luopuivat viime hetkell\u00e4, mik\u00e4 teki tilanteen paljon vaikeammaksi. Karim\u00e4e siis potkutteli yksikseen kelkallaan. Se oli hyv\u00e4 v\u00e4line, se auttoi yli pienten railojen. Mutta ahtoj\u00e4it\u00e4 ja hankea oli kierrelt\u00e4v\u00e4. Aamun koittaessa n\u00e4kyi kuitenkin Suomen saariston tumma viiva jossakin Porvoon edustalla. Se antoi uutta voimaa. Viimeiset kymmenen kilometri\u00e4 oli tuskien taival. Ahtoj\u00e4\u00e4t ja leve\u00e4t railot haittasivat matkantekoa. Potkukelkasta oli luovuttava rannikon tuntumassa, miss\u00e4 ahtoj\u00e4\u00e4t kohosivat kymmenen metrin korkuisiksi r\u00f6ykki\u00f6iksi. H\u00e4n ylitti ne ry\u00f6mien kovassa tuiskussa. Vihdoin edess\u00e4 n\u00e4kyi Eglesundin (Karim\u00e4en p\u00e4iv\u00e4kirjassa Egksundin) majakka.<\/p>\n<p><strong>Valposta Sisuun<\/strong><\/p>\n<p>Majakan viereisess\u00e4 talossa oli suomalaisessa asepuvussa mies, suomenruotsalainen Johansson, aikoinaan osallistunut Viron vapaussotaan. Karim\u00e4elle j\u00e4rjestettiin hevoskyyti paikalliseen rannikkovartiostoon, miss\u00e4 h\u00e4n sai sy\u00f6d\u00e4 ja lev\u00e4t\u00e4. Rajavartiomiehen saattamana Karim\u00e4e jatkoi matkaa Porvoon kautta Helsinkiin ja siell\u00e4 Valpon suojiin. Kuulustelu kesti viisi tuntia, mutta poliisit vakuuttuivat tulijan asian oikeutuksesta. Varmasti apua oli P\u00e4iv\u00f6l\u00e4n maatalouskoulun muistoista; siell\u00e4 h\u00e4net tunnettiin hyvin. Karim\u00e4e saatettiin hotelliin, jossa oli odottamassa muitakin virolaisia nuorukaisia.<\/p>\n<p>Viranomaisten k\u00e4siin joutuneet virolaiset ohjattiin p\u00e4\u00e4majan vapaaehtoisviraston kautta koulutettaviksi Lapualle kansainv\u00e4liseen Prikaati Sisuun. Se oli kirjavaa porukkaa, mutta miehet kilpailivat koulutuksessa kesken\u00e4\u00e4n, etenkin unkarilaiset ja virolaiset.<\/p>\n<p>Talvisota loppui, Sisu ei ehtinyt rintamalle asti. Karim\u00e4e vapautettiin asevoimien palveluksesta, ja h\u00e4n matkusti tuttuun P\u00e4iv\u00f6l\u00e4\u00e4n, miss\u00e4 h\u00e4nen otettiin riemuiten vastaan.<\/p>\n<p><strong>P\u00e4iv\u00e4kirjan tarina<\/strong><\/p>\n<p>Jatkosodan alkaessa astui korpraali Kaarel Karim\u00e4e taas vapaaehtoisesti Suomen armeijan palvelukseen. Perjantaina 11. hein\u00e4kuuta 1941 h\u00e4n kirjoitti p\u00e4iv\u00e4kirjaansa, jota oli pit\u00e4nyt Suomeen tulosta asti, muun muassa seuraavaa:<\/p>\n<p>\u00948.15 tulilinjalla. Viimeisen viikon lep\u00e4simme Luutalahdella. Eilen klo 15 panimme varusteet p\u00e4\u00e4lle ja marssimme t\u00e4nne, l\u00e4mp\u00f6tila on helvetillinen. Tien vieress\u00e4 on kranaattikuoppia, tykist\u00f6tulta tulee rytisten. Y\u00f6ll\u00e4 satoi, klo 4 her\u00e4tettiin ja menimme eteenp\u00e4in. Historiallinen hetki, olemme L\u00e4nnen ja Id\u00e4n rajalla. Ven\u00e4l\u00e4iset ovat Korpisel\u00e4ss\u00e4 motissa, patteristomme pehmitt\u00e4v\u00e4t niit\u00e4. T\u00e4n\u00e4\u00e4n voi tulla viel\u00e4 kuuma p\u00e4iv\u00e4.\u0094<\/p>\n<p>Samana p\u00e4iv\u00e4n\u00e4 on p\u00e4iv\u00e4kirjaan ilmestynyt lis\u00e4ys: \u0094Kuoli 11.7.1941 haavoihinsa 26. Kentt\u00e4sairaalassa Luutalahdella.\u0094<\/p>\n<p>Maaliskuussa 1975 olin komennuksella Odessassa. Ravintolassa istui viereisess\u00e4 p\u00f6yd\u00e4ss\u00e4 suomalainen perhe. Juttelin p\u00f6yt\u00e4kaverini kanssa, ja suomalaiset huomasivat meid\u00e4n olevan virolaisia. Syntyi keskustelu yli rajojen. Irene ja Juha Hakkarainen, kotoisin Joensuusta, olivat uudet tuttavamme.<\/p>\n<p>He tekiv\u00e4t samana kes\u00e4n\u00e4 automatkan Tallinnaan. Mukanaan heill\u00e4 oli mustakantinen kirjanen &#8211; Kaarel Karim\u00e4en p\u00e4iv\u00e4kirja. Sen oli heille antanut samassa talossa asuva Simo Huovinen, l\u00e4\u00e4kint\u00e4mies. H\u00e4n oli ottanut kuolleen Karim\u00e4en taskusta p\u00e4iv\u00e4kirjan ja tuonut sen kotiinsa. Simo oli l\u00e4hett\u00e4nyt sen naapuriensa matkassa Viroon siin\u00e4 toivossa, ett\u00e4 se p\u00e4\u00e4tyisi omaisten k\u00e4siin.<\/p>\n<p><strong>Hopealla paikattu kallo<\/strong><\/p>\n<p>Irene ja Juha olivat yll\u00e4ttyneit\u00e4 kuullessaan, ett\u00e4 min\u00e4kin olin taistellut vapaaehtoisena Suomen armeijassa. Etsin Karim\u00e4en syntym\u00e4seudulta omaisia, mutta talot olivat raunioina, kyl\u00e4 melkein tyhj\u00e4n\u00e4. H\u00e4nen omaisistaan ei ollut mink\u00e4\u00e4nlaista tietoa. Sanomalehtien kautta ei voinut k\u00e4ynnist\u00e4\u00e4 etsint\u00e4\u00e4. Aika oli sellainen.<\/p>\n<p>Vuonna 1987 maakansan lehti Maaleht otti vastaan artikkelin Karim\u00e4en kohtalosta ja j\u00e4tti omaisille yhteydenottopyynn\u00f6n. Sen johdosta Kaarelin sisarpuoli kirjoitti Rakveresta ja ihmetteli kovasti h\u00e4nen kaatumistaan. H\u00e4nen muistinsa mukaan Kaarel k\u00e4vi viel\u00e4 kes\u00e4ll\u00e4 1943 lomalla kotonaan ja palasi Suomeen.<\/p>\n<p>Vuonna 1992 sain Suomen Sota-arkistosta kaikkien virolaisten vapaaehtoisten kantakorttien kopiot. Kaarel Karim\u00e4en kortilla oli haavoittuminen 11.7.1941 ja sen j\u00e4lkeen pitk\u00e4 rivi sotasairaaloita, joissa h\u00e4nt\u00e4 oli hoidettu, my\u00f6s kolme lomamatkaa Viroon. Hein\u00e4kuussa 1943 Kaarel kelpuutettiin rivimieheksi JR 47:n<br \/>\nIII Pataljoonaan, joka oli jo silloin p\u00e4\u00e4osin virolaisten miehitt\u00e4m\u00e4 yksikk\u00f6. Tuonaikaiset joukkuekaverit muistavat h\u00e4net vaiteliaana ja totisena miehen\u00e4, jolla oli osa kalloa paikattu hopealaatalla.<\/p>\n<p>Karim\u00e4e haavoittui uudelleen Rajajoen asemasodassa, ja sairaalakierroksen j\u00e4lkeen h\u00e4net l\u00e4hetettiin virolaisen vapaaehtoisrykmentin JR 200:n I Pataljoonaan, alun perin III\/JR 47, joka oli rintaman reservin\u00e4 Jalkalassa.<\/p>\n<p><strong>Lopullinen l\u00e4ht\u00f6<\/strong><\/p>\n<p>Kes\u00e4kuun 9. p\u00e4iv\u00e4n\u00e4 1944 alkoi ven\u00e4l\u00e4isten suurhy\u00f6kk\u00e4ys Karjalan kannaksella, ja seuraavana p\u00e4iv\u00e4n\u00e4 oli I\/JR 200 taistelussa mukana. Kes\u00e4kuun 11. p\u00e4iv\u00e4n\u00e4 Kauhim\u00e4en maastossa vihollisen panssarit katkaisivat per\u00e4\u00e4ntymistien parilta joukkueelta, joiden miehist\u00e4 p\u00e4\u00e4osa kaatui. Siell\u00e4 kaatui &#8211; toisen kerran &#8211; my\u00f6s alikersantti Kaarel Karim\u00e4e.<\/p>\n<p>Suomen Sota-arkistosta l\u00f6ysimme Kaarelin \u00e4idille osoitetun surunvalittelun, jonka oli allekirjoittanut pataljoonan kentt\u00e4rovasti T. R. Tarkka. Poika oli j\u00e4\u00e4nyt kent\u00e4lle. Tapahtumien nopeassa vy\u00f6ryss\u00e4 tieto ei koskaan tullut perille omaisille.<\/p>\n<p>Mit\u00e4 tapahtui Luutalahdella 11.7.1941, voi vain kuvitella. Kun Karim\u00e4e oli viety ruumiiden riviin, joku kai huomasi, ett\u00e4 h\u00e4n on elossa. H\u00e4net tuotiin nopeasti ensiapuun, puhdistettiin p\u00e4\u00e4h\u00e4n tullut haava, sidottiin ja l\u00e4hetettiin sotasairaalaan. Vajaassa kahdessa vuodessa h\u00e4nest\u00e4 tuli taistelukelpoinen sotilas, joka kaatui Suomen vapauden ja Viron kunnian puolesta.<\/p>\n<\/div><\/section>\n","protected":false},"excerpt":{"rendered":"","protected":false},"author":2,"featured_media":0,"parent":2216,"menu_order":2,"comment_status":"closed","ping_status":"closed","template":"","meta":{"footnotes":""},"class_list":["post-2466","page","type-page","status-publish","hentry"],"yoast_head":"<!-- This site is optimized with the Yoast SEO plugin v27.5 - https:\/\/yoast.com\/product\/yoast-seo-wordpress\/ -->\n<title>Kahdesti kaatunut - Veteraanien Perint\u00f6<\/title>\n<meta name=\"robots\" content=\"index, follow, max-snippet:-1, max-image-preview:large, max-video-preview:-1\" \/>\n<link rel=\"canonical\" href=\"https:\/\/veteraanienperinto.fi\/index.php\/jatkosota-etusivu\/jatkosodan-kertomukset\/sotatoimet\/viimeiset-voitot\/kahdesti-kaatunut\/\" \/>\n<meta property=\"og:locale\" content=\"fi_FI\" \/>\n<meta property=\"og:type\" content=\"article\" \/>\n<meta property=\"og:title\" content=\"Kahdesti kaatunut - Veteraanien Perint\u00f6\" \/>\n<meta property=\"og:url\" content=\"https:\/\/veteraanienperinto.fi\/index.php\/jatkosota-etusivu\/jatkosodan-kertomukset\/sotatoimet\/viimeiset-voitot\/kahdesti-kaatunut\/\" \/>\n<meta property=\"og:site_name\" content=\"Veteraanien Perint\u00f6\" \/>\n<meta property=\"article:modified_time\" content=\"2020-12-15T17:23:54+00:00\" \/>\n<meta name=\"twitter:card\" content=\"summary_large_image\" \/>\n<meta name=\"twitter:label1\" content=\"Arvioitu lukuaika\" \/>\n\t<meta name=\"twitter:data1\" content=\"6 minuuttia\" \/>\n<script type=\"application\/ld+json\" class=\"yoast-schema-graph\">{\"@context\":\"https:\\\/\\\/schema.org\",\"@graph\":[{\"@type\":\"WebPage\",\"@id\":\"https:\\\/\\\/veteraanienperinto.fi\\\/index.php\\\/jatkosota-etusivu\\\/jatkosodan-kertomukset\\\/sotatoimet\\\/viimeiset-voitot\\\/kahdesti-kaatunut\\\/\",\"url\":\"https:\\\/\\\/veteraanienperinto.fi\\\/index.php\\\/jatkosota-etusivu\\\/jatkosodan-kertomukset\\\/sotatoimet\\\/viimeiset-voitot\\\/kahdesti-kaatunut\\\/\",\"name\":\"Kahdesti kaatunut - Veteraanien Perint\u00f6\",\"isPartOf\":{\"@id\":\"https:\\\/\\\/veteraanienperinto.fi\\\/#website\"},\"datePublished\":\"2020-09-01T11:43:02+00:00\",\"dateModified\":\"2020-12-15T17:23:54+00:00\",\"breadcrumb\":{\"@id\":\"https:\\\/\\\/veteraanienperinto.fi\\\/index.php\\\/jatkosota-etusivu\\\/jatkosodan-kertomukset\\\/sotatoimet\\\/viimeiset-voitot\\\/kahdesti-kaatunut\\\/#breadcrumb\"},\"inLanguage\":\"fi\",\"potentialAction\":[{\"@type\":\"ReadAction\",\"target\":[\"https:\\\/\\\/veteraanienperinto.fi\\\/index.php\\\/jatkosota-etusivu\\\/jatkosodan-kertomukset\\\/sotatoimet\\\/viimeiset-voitot\\\/kahdesti-kaatunut\\\/\"]}]},{\"@type\":\"BreadcrumbList\",\"@id\":\"https:\\\/\\\/veteraanienperinto.fi\\\/index.php\\\/jatkosota-etusivu\\\/jatkosodan-kertomukset\\\/sotatoimet\\\/viimeiset-voitot\\\/kahdesti-kaatunut\\\/#breadcrumb\",\"itemListElement\":[{\"@type\":\"ListItem\",\"position\":1,\"name\":\"Etusivu\",\"item\":\"https:\\\/\\\/veteraanienperinto.fi\\\/index.php\\\/etusivu-2\\\/\"},{\"@type\":\"ListItem\",\"position\":2,\"name\":\"Jatkosota &#8211; etusivu\",\"item\":\"https:\\\/\\\/veteraanienperinto.fi\\\/index.php\\\/jatkosota-etusivu\\\/\"},{\"@type\":\"ListItem\",\"position\":3,\"name\":\"Jatkosodan kertomukset\",\"item\":\"https:\\\/\\\/veteraanienperinto.fi\\\/index.php\\\/jatkosota-etusivu\\\/jatkosodan-kertomukset\\\/\"},{\"@type\":\"ListItem\",\"position\":4,\"name\":\"Sotatoimet\",\"item\":\"https:\\\/\\\/veteraanienperinto.fi\\\/index.php\\\/jatkosota-etusivu\\\/jatkosodan-kertomukset\\\/sotatoimet\\\/\"},{\"@type\":\"ListItem\",\"position\":5,\"name\":\"Viimeiset voitot\",\"item\":\"https:\\\/\\\/veteraanienperinto.fi\\\/index.php\\\/jatkosota-etusivu\\\/jatkosodan-kertomukset\\\/sotatoimet\\\/viimeiset-voitot\\\/\"},{\"@type\":\"ListItem\",\"position\":6,\"name\":\"Kahdesti kaatunut\"}]},{\"@type\":\"WebSite\",\"@id\":\"https:\\\/\\\/veteraanienperinto.fi\\\/#website\",\"url\":\"https:\\\/\\\/veteraanienperinto.fi\\\/\",\"name\":\"Veteraanien Perint\u00f6\",\"description\":\"Kadettikunta\",\"potentialAction\":[{\"@type\":\"SearchAction\",\"target\":{\"@type\":\"EntryPoint\",\"urlTemplate\":\"https:\\\/\\\/veteraanienperinto.fi\\\/?s={search_term_string}\"},\"query-input\":{\"@type\":\"PropertyValueSpecification\",\"valueRequired\":true,\"valueName\":\"search_term_string\"}}],\"inLanguage\":\"fi\"}]}<\/script>\n<!-- \/ Yoast SEO plugin. -->","yoast_head_json":{"title":"Kahdesti kaatunut - Veteraanien Perint\u00f6","robots":{"index":"index","follow":"follow","max-snippet":"max-snippet:-1","max-image-preview":"max-image-preview:large","max-video-preview":"max-video-preview:-1"},"canonical":"https:\/\/veteraanienperinto.fi\/index.php\/jatkosota-etusivu\/jatkosodan-kertomukset\/sotatoimet\/viimeiset-voitot\/kahdesti-kaatunut\/","og_locale":"fi_FI","og_type":"article","og_title":"Kahdesti kaatunut - Veteraanien Perint\u00f6","og_url":"https:\/\/veteraanienperinto.fi\/index.php\/jatkosota-etusivu\/jatkosodan-kertomukset\/sotatoimet\/viimeiset-voitot\/kahdesti-kaatunut\/","og_site_name":"Veteraanien Perint\u00f6","article_modified_time":"2020-12-15T17:23:54+00:00","twitter_card":"summary_large_image","twitter_misc":{"Arvioitu lukuaika":"6 minuuttia"},"schema":{"@context":"https:\/\/schema.org","@graph":[{"@type":"WebPage","@id":"https:\/\/veteraanienperinto.fi\/index.php\/jatkosota-etusivu\/jatkosodan-kertomukset\/sotatoimet\/viimeiset-voitot\/kahdesti-kaatunut\/","url":"https:\/\/veteraanienperinto.fi\/index.php\/jatkosota-etusivu\/jatkosodan-kertomukset\/sotatoimet\/viimeiset-voitot\/kahdesti-kaatunut\/","name":"Kahdesti kaatunut - Veteraanien Perint\u00f6","isPartOf":{"@id":"https:\/\/veteraanienperinto.fi\/#website"},"datePublished":"2020-09-01T11:43:02+00:00","dateModified":"2020-12-15T17:23:54+00:00","breadcrumb":{"@id":"https:\/\/veteraanienperinto.fi\/index.php\/jatkosota-etusivu\/jatkosodan-kertomukset\/sotatoimet\/viimeiset-voitot\/kahdesti-kaatunut\/#breadcrumb"},"inLanguage":"fi","potentialAction":[{"@type":"ReadAction","target":["https:\/\/veteraanienperinto.fi\/index.php\/jatkosota-etusivu\/jatkosodan-kertomukset\/sotatoimet\/viimeiset-voitot\/kahdesti-kaatunut\/"]}]},{"@type":"BreadcrumbList","@id":"https:\/\/veteraanienperinto.fi\/index.php\/jatkosota-etusivu\/jatkosodan-kertomukset\/sotatoimet\/viimeiset-voitot\/kahdesti-kaatunut\/#breadcrumb","itemListElement":[{"@type":"ListItem","position":1,"name":"Etusivu","item":"https:\/\/veteraanienperinto.fi\/index.php\/etusivu-2\/"},{"@type":"ListItem","position":2,"name":"Jatkosota &#8211; etusivu","item":"https:\/\/veteraanienperinto.fi\/index.php\/jatkosota-etusivu\/"},{"@type":"ListItem","position":3,"name":"Jatkosodan kertomukset","item":"https:\/\/veteraanienperinto.fi\/index.php\/jatkosota-etusivu\/jatkosodan-kertomukset\/"},{"@type":"ListItem","position":4,"name":"Sotatoimet","item":"https:\/\/veteraanienperinto.fi\/index.php\/jatkosota-etusivu\/jatkosodan-kertomukset\/sotatoimet\/"},{"@type":"ListItem","position":5,"name":"Viimeiset voitot","item":"https:\/\/veteraanienperinto.fi\/index.php\/jatkosota-etusivu\/jatkosodan-kertomukset\/sotatoimet\/viimeiset-voitot\/"},{"@type":"ListItem","position":6,"name":"Kahdesti kaatunut"}]},{"@type":"WebSite","@id":"https:\/\/veteraanienperinto.fi\/#website","url":"https:\/\/veteraanienperinto.fi\/","name":"Veteraanien Perint\u00f6","description":"Kadettikunta","potentialAction":[{"@type":"SearchAction","target":{"@type":"EntryPoint","urlTemplate":"https:\/\/veteraanienperinto.fi\/?s={search_term_string}"},"query-input":{"@type":"PropertyValueSpecification","valueRequired":true,"valueName":"search_term_string"}}],"inLanguage":"fi"}]}},"_links":{"self":[{"href":"https:\/\/veteraanienperinto.fi\/index.php\/wp-json\/wp\/v2\/pages\/2466","targetHints":{"allow":["GET"]}}],"collection":[{"href":"https:\/\/veteraanienperinto.fi\/index.php\/wp-json\/wp\/v2\/pages"}],"about":[{"href":"https:\/\/veteraanienperinto.fi\/index.php\/wp-json\/wp\/v2\/types\/page"}],"author":[{"embeddable":true,"href":"https:\/\/veteraanienperinto.fi\/index.php\/wp-json\/wp\/v2\/users\/2"}],"replies":[{"embeddable":true,"href":"https:\/\/veteraanienperinto.fi\/index.php\/wp-json\/wp\/v2\/comments?post=2466"}],"version-history":[{"count":3,"href":"https:\/\/veteraanienperinto.fi\/index.php\/wp-json\/wp\/v2\/pages\/2466\/revisions"}],"predecessor-version":[{"id":8136,"href":"https:\/\/veteraanienperinto.fi\/index.php\/wp-json\/wp\/v2\/pages\/2466\/revisions\/8136"}],"up":[{"embeddable":true,"href":"https:\/\/veteraanienperinto.fi\/index.php\/wp-json\/wp\/v2\/pages\/2216"}],"wp:attachment":[{"href":"https:\/\/veteraanienperinto.fi\/index.php\/wp-json\/wp\/v2\/media?parent=2466"}],"curies":[{"name":"wp","href":"https:\/\/api.w.org\/{rel}","templated":true}]}}