{"id":2473,"date":"2020-09-01T11:48:39","date_gmt":"2020-09-01T11:48:39","guid":{"rendered":"https:\/\/veteraani.ylirotu.fi\/?page_id=2473"},"modified":"2020-12-15T17:27:29","modified_gmt":"2020-12-15T17:27:29","slug":"muisteloita-sotatoimialueelta-kesasota","status":"publish","type":"page","link":"https:\/\/veteraanienperinto.fi\/index.php\/jatkosota-etusivu\/jatkosodan-kertomukset\/sotatoimet\/aselepo\/muisteloita-sotatoimialueelta-kesasota\/","title":{"rendered":"Ylip\u00e4\u00e4llik\u00f6n p\u00e4iv\u00e4k\u00e4sky"},"content":{"rendered":"\n<style type=\"text\/css\" data-created_by=\"avia_inline_auto\" id=\"style-css-av-av_heading-049e251ba77f05c693dbe4d036b8e44c\">\n#top .av-special-heading.av-av_heading-049e251ba77f05c693dbe4d036b8e44c{\npadding-bottom:5px;\n}\nbody .av-special-heading.av-av_heading-049e251ba77f05c693dbe4d036b8e44c .av-special-heading-tag .heading-char{\nfont-size:25px;\n}\n.av-special-heading.av-av_heading-049e251ba77f05c693dbe4d036b8e44c .av-subheading{\nfont-size:15px;\n}\n<\/style>\n<div  class='av-special-heading av-av_heading-049e251ba77f05c693dbe4d036b8e44c av-special-heading-h3  avia-builder-el-0  avia-builder-el-no-sibling '><h3 class='av-special-heading-tag'  itemprop=\"headline\"  >Ylip\u00e4\u00e4llik\u00f6n p\u00e4iv\u00e4k\u00e4sky<\/h3><div class=\"special-heading-border\"><div class=\"special-heading-inner-border\"><\/div><\/div><\/div>\n<section  class='av_textblock_section av-kei9w74n-7b0f008125a778f48432b9a614d90d0f '   itemscope=\"itemscope\" itemtype=\"https:\/\/schema.org\/CreativeWork\" ><div class='avia_textblock'  itemprop=\"text\" ><p>P\u00e4\u00e4maja 22.9.1944<br \/>\nYlip\u00e4\u00e4llik\u00f6n p\u00e4iv\u00e4k\u00e4sky<\/p>\n<p>N:o 132<\/p>\n<p>Suomen armeijan sotilaat!<\/p>\n<p>Sota, johon kansamme joutui kolme vuotta sitten ja jossa silt\u00e4 on vaadittu mit\u00e4 raskaimpia uhrauksia, on p\u00e4\u00e4ttynyt 19. p:n\u00e4 syyskuuta 1944 solmittuun v\u00e4lirauhaan. Katkerien kokemusten j\u00e4lkeen k\u00e4sit\u00e4mme, ett\u00e4 tulevan el\u00e4m\u00e4mme edellytyksen\u00e4 on saavuttaa pysyv\u00e4iset luottamukselliset suhteet kaikkiin naapurikansoihimme.<\/p>\n<p>Sota on Suomen kansaa kovasti koetellut. Mutta rakkautemme isiemme maahan, itsen\u00e4isyyteemme ja vapauteemme ei ole koskaan tuntenut uhrauksien rajaa.<\/p>\n<p>Kiit\u00e4n Teit\u00e4 urhoolliset sotilaat. Te olette kokeneet paljon ja kest\u00e4neet paljon. Te olette empim\u00e4tt\u00e4 olleet valmiit uhraamaan kaikkenne is\u00e4nmaan eteen ja kest\u00e4m\u00e4\u00e4n vaikeimmatkin koettelemukset. Miehekk\u00e4\u00e4n uskollisina is\u00e4nmaan asialle Te sankarillisella urheudella ja uhrimielell\u00e4 suorititte kovia taisteluja ja nurkumatta kestitte vuosikausiksi pitkittyneen sodan ankarat ponnistukset. Te taistelitte puutteellisin asein ja vaatimattomin varustein voimakasta ja urhoollista vastustajaa vastaan.<\/p>\n<p>Suomen armeijan komentajat, upseerit, aliupseerit ja miehet! Teit\u00e4 seuraa is\u00e4nmaanne ikuinen kiitos ja ylip\u00e4\u00e4llikk\u00f6nne, vanhan soturin tinkim\u00e4t\u00f6n tunnustus.<\/p>\n<p>Lausun my\u00f6s hartaan kiitokseni Suomen naiselle, joka uskollisesti, itse\u00e4\u00e4n s\u00e4\u00e4st\u00e4m\u00e4tt\u00e4 on velvollisuutensa t\u00e4ytt\u00e4nyt.<\/p>\n<p>Kotirintama on vaatinut koko kansan \u00e4\u00e4rimm\u00e4isi\u00e4 ponnistuksia kaikilla ty\u00f6n ja el\u00e4m\u00e4n aloilla. Lannistumattomin voimin se on teht\u00e4v\u00e4ns\u00e4 suorittanut.<\/p>\n<p>Liikuttunein ja kiitollisin mielin ajattelen haavoittuneita ja varsinkin invalidejamme, joista monet koko el\u00e4m\u00e4ns\u00e4 ajan joutuvat kantamaan raskasta kuormaa.<\/p>\n<p>Hartain mielin muistelen sankarivainajiamme, joiden valkeat ristit kirkkojemme kummuilla kertovat niist\u00e4, jotka antoivat suurimman uhrin.<\/p>\n<p>Is\u00e4nmaan n\u00f6yr\u00e4 kiitos kevent\u00e4k\u00f6\u00f6n leskien ja orpojen taakkaa.<\/p>\n<p>Sotilaani! Vaikeat ajat ovat viel\u00e4 edess\u00e4mme. V\u00e4lirauhansopimus on allekirjoitettu, sen ehdot on t\u00e4ytett\u00e4v\u00e4. Tilanne Lapissa on t\u00e4ll\u00e4 hetkell\u00e4 viel\u00e4 selvitt\u00e4m\u00e4tt\u00e4, ja joukoiltamme vaaditaan yh\u00e4 samaa velvollisuudentuntoa ja p\u00e4\u00e4tt\u00e4v\u00e4isyytt\u00e4, mit\u00e4 ne koko sodan aikana ovat osoittaneet.<\/p>\n<p>Tietoisina siit\u00e4, ett\u00e4 olette t\u00e4ytt\u00e4neet velvollisuutenne, palaatte Te v\u00e4hitellen kotiinne rauhan ty\u00f6saroille. Olen vakuuttunut, ett\u00e4 tartutte n\u00e4ihin toimiinne samalla tarmolla, antaumuksella ja itsekurilla, jonka olen oppinut Teiss\u00e4 tuntemaan sotapoluillanne ja jota Teiss\u00e4 aina olen ihaillut. Vakaa pyrkimyksemme olkoon rauhan toimin kohottaa maamme uuteen koko kansaamme kohdistuvaan kukoistukseen vilpitt\u00f6miss\u00e4 ja yst\u00e4v\u00e4llisiss\u00e4 suhteissa naapurimaihimme.<\/p>\n<p>Jumala Suomea suojelkoon!<\/p>\n<p>Puolustusvoimain ylip\u00e4\u00e4llikk\u00f6<br \/>\nSuomen Marsalkka Mannerheim<\/p>\n<\/div><\/section>\n","protected":false},"excerpt":{"rendered":"","protected":false},"author":2,"featured_media":0,"parent":2219,"menu_order":1,"comment_status":"closed","ping_status":"closed","template":"","meta":{"footnotes":""},"class_list":["post-2473","page","type-page","status-publish","hentry"],"yoast_head":"<!-- This site is optimized with the Yoast SEO plugin v27.5 - https:\/\/yoast.com\/product\/yoast-seo-wordpress\/ -->\n<title>Ylip\u00e4\u00e4llik\u00f6n p\u00e4iv\u00e4k\u00e4sky - Veteraanien Perint\u00f6<\/title>\n<meta name=\"robots\" content=\"index, follow, max-snippet:-1, max-image-preview:large, max-video-preview:-1\" \/>\n<link rel=\"canonical\" href=\"https:\/\/veteraanienperinto.fi\/index.php\/jatkosota-etusivu\/jatkosodan-kertomukset\/sotatoimet\/aselepo\/muisteloita-sotatoimialueelta-kesasota\/\" \/>\n<meta property=\"og:locale\" content=\"fi_FI\" \/>\n<meta property=\"og:type\" content=\"article\" \/>\n<meta property=\"og:title\" content=\"Ylip\u00e4\u00e4llik\u00f6n p\u00e4iv\u00e4k\u00e4sky - Veteraanien Perint\u00f6\" \/>\n<meta property=\"og:url\" content=\"https:\/\/veteraanienperinto.fi\/index.php\/jatkosota-etusivu\/jatkosodan-kertomukset\/sotatoimet\/aselepo\/muisteloita-sotatoimialueelta-kesasota\/\" \/>\n<meta property=\"og:site_name\" content=\"Veteraanien Perint\u00f6\" \/>\n<meta property=\"article:modified_time\" content=\"2020-12-15T17:27:29+00:00\" \/>\n<meta name=\"twitter:card\" content=\"summary_large_image\" \/>\n<meta name=\"twitter:label1\" content=\"Arvioitu lukuaika\" \/>\n\t<meta name=\"twitter:data1\" content=\"3 minuuttia\" \/>\n<script type=\"application\/ld+json\" class=\"yoast-schema-graph\">{\"@context\":\"https:\\\/\\\/schema.org\",\"@graph\":[{\"@type\":\"WebPage\",\"@id\":\"https:\\\/\\\/veteraanienperinto.fi\\\/index.php\\\/jatkosota-etusivu\\\/jatkosodan-kertomukset\\\/sotatoimet\\\/aselepo\\\/muisteloita-sotatoimialueelta-kesasota\\\/\",\"url\":\"https:\\\/\\\/veteraanienperinto.fi\\\/index.php\\\/jatkosota-etusivu\\\/jatkosodan-kertomukset\\\/sotatoimet\\\/aselepo\\\/muisteloita-sotatoimialueelta-kesasota\\\/\",\"name\":\"Ylip\u00e4\u00e4llik\u00f6n p\u00e4iv\u00e4k\u00e4sky - Veteraanien Perint\u00f6\",\"isPartOf\":{\"@id\":\"https:\\\/\\\/veteraanienperinto.fi\\\/#website\"},\"datePublished\":\"2020-09-01T11:48:39+00:00\",\"dateModified\":\"2020-12-15T17:27:29+00:00\",\"breadcrumb\":{\"@id\":\"https:\\\/\\\/veteraanienperinto.fi\\\/index.php\\\/jatkosota-etusivu\\\/jatkosodan-kertomukset\\\/sotatoimet\\\/aselepo\\\/muisteloita-sotatoimialueelta-kesasota\\\/#breadcrumb\"},\"inLanguage\":\"fi\",\"potentialAction\":[{\"@type\":\"ReadAction\",\"target\":[\"https:\\\/\\\/veteraanienperinto.fi\\\/index.php\\\/jatkosota-etusivu\\\/jatkosodan-kertomukset\\\/sotatoimet\\\/aselepo\\\/muisteloita-sotatoimialueelta-kesasota\\\/\"]}]},{\"@type\":\"BreadcrumbList\",\"@id\":\"https:\\\/\\\/veteraanienperinto.fi\\\/index.php\\\/jatkosota-etusivu\\\/jatkosodan-kertomukset\\\/sotatoimet\\\/aselepo\\\/muisteloita-sotatoimialueelta-kesasota\\\/#breadcrumb\",\"itemListElement\":[{\"@type\":\"ListItem\",\"position\":1,\"name\":\"Etusivu\",\"item\":\"https:\\\/\\\/veteraanienperinto.fi\\\/index.php\\\/etusivu-2\\\/\"},{\"@type\":\"ListItem\",\"position\":2,\"name\":\"Jatkosota &#8211; etusivu\",\"item\":\"https:\\\/\\\/veteraanienperinto.fi\\\/index.php\\\/jatkosota-etusivu\\\/\"},{\"@type\":\"ListItem\",\"position\":3,\"name\":\"Jatkosodan kertomukset\",\"item\":\"https:\\\/\\\/veteraanienperinto.fi\\\/index.php\\\/jatkosota-etusivu\\\/jatkosodan-kertomukset\\\/\"},{\"@type\":\"ListItem\",\"position\":4,\"name\":\"Sotatoimet\",\"item\":\"https:\\\/\\\/veteraanienperinto.fi\\\/index.php\\\/jatkosota-etusivu\\\/jatkosodan-kertomukset\\\/sotatoimet\\\/\"},{\"@type\":\"ListItem\",\"position\":5,\"name\":\"Aselepo\",\"item\":\"https:\\\/\\\/veteraanienperinto.fi\\\/index.php\\\/jatkosota-etusivu\\\/jatkosodan-kertomukset\\\/sotatoimet\\\/aselepo\\\/\"},{\"@type\":\"ListItem\",\"position\":6,\"name\":\"Ylip\u00e4\u00e4llik\u00f6n p\u00e4iv\u00e4k\u00e4sky\"}]},{\"@type\":\"WebSite\",\"@id\":\"https:\\\/\\\/veteraanienperinto.fi\\\/#website\",\"url\":\"https:\\\/\\\/veteraanienperinto.fi\\\/\",\"name\":\"Veteraanien Perint\u00f6\",\"description\":\"Kadettikunta\",\"potentialAction\":[{\"@type\":\"SearchAction\",\"target\":{\"@type\":\"EntryPoint\",\"urlTemplate\":\"https:\\\/\\\/veteraanienperinto.fi\\\/?s={search_term_string}\"},\"query-input\":{\"@type\":\"PropertyValueSpecification\",\"valueRequired\":true,\"valueName\":\"search_term_string\"}}],\"inLanguage\":\"fi\"}]}<\/script>\n<!-- \/ Yoast SEO plugin. -->","yoast_head_json":{"title":"Ylip\u00e4\u00e4llik\u00f6n p\u00e4iv\u00e4k\u00e4sky - Veteraanien Perint\u00f6","robots":{"index":"index","follow":"follow","max-snippet":"max-snippet:-1","max-image-preview":"max-image-preview:large","max-video-preview":"max-video-preview:-1"},"canonical":"https:\/\/veteraanienperinto.fi\/index.php\/jatkosota-etusivu\/jatkosodan-kertomukset\/sotatoimet\/aselepo\/muisteloita-sotatoimialueelta-kesasota\/","og_locale":"fi_FI","og_type":"article","og_title":"Ylip\u00e4\u00e4llik\u00f6n p\u00e4iv\u00e4k\u00e4sky - Veteraanien Perint\u00f6","og_url":"https:\/\/veteraanienperinto.fi\/index.php\/jatkosota-etusivu\/jatkosodan-kertomukset\/sotatoimet\/aselepo\/muisteloita-sotatoimialueelta-kesasota\/","og_site_name":"Veteraanien Perint\u00f6","article_modified_time":"2020-12-15T17:27:29+00:00","twitter_card":"summary_large_image","twitter_misc":{"Arvioitu lukuaika":"3 minuuttia"},"schema":{"@context":"https:\/\/schema.org","@graph":[{"@type":"WebPage","@id":"https:\/\/veteraanienperinto.fi\/index.php\/jatkosota-etusivu\/jatkosodan-kertomukset\/sotatoimet\/aselepo\/muisteloita-sotatoimialueelta-kesasota\/","url":"https:\/\/veteraanienperinto.fi\/index.php\/jatkosota-etusivu\/jatkosodan-kertomukset\/sotatoimet\/aselepo\/muisteloita-sotatoimialueelta-kesasota\/","name":"Ylip\u00e4\u00e4llik\u00f6n p\u00e4iv\u00e4k\u00e4sky - Veteraanien Perint\u00f6","isPartOf":{"@id":"https:\/\/veteraanienperinto.fi\/#website"},"datePublished":"2020-09-01T11:48:39+00:00","dateModified":"2020-12-15T17:27:29+00:00","breadcrumb":{"@id":"https:\/\/veteraanienperinto.fi\/index.php\/jatkosota-etusivu\/jatkosodan-kertomukset\/sotatoimet\/aselepo\/muisteloita-sotatoimialueelta-kesasota\/#breadcrumb"},"inLanguage":"fi","potentialAction":[{"@type":"ReadAction","target":["https:\/\/veteraanienperinto.fi\/index.php\/jatkosota-etusivu\/jatkosodan-kertomukset\/sotatoimet\/aselepo\/muisteloita-sotatoimialueelta-kesasota\/"]}]},{"@type":"BreadcrumbList","@id":"https:\/\/veteraanienperinto.fi\/index.php\/jatkosota-etusivu\/jatkosodan-kertomukset\/sotatoimet\/aselepo\/muisteloita-sotatoimialueelta-kesasota\/#breadcrumb","itemListElement":[{"@type":"ListItem","position":1,"name":"Etusivu","item":"https:\/\/veteraanienperinto.fi\/index.php\/etusivu-2\/"},{"@type":"ListItem","position":2,"name":"Jatkosota &#8211; etusivu","item":"https:\/\/veteraanienperinto.fi\/index.php\/jatkosota-etusivu\/"},{"@type":"ListItem","position":3,"name":"Jatkosodan kertomukset","item":"https:\/\/veteraanienperinto.fi\/index.php\/jatkosota-etusivu\/jatkosodan-kertomukset\/"},{"@type":"ListItem","position":4,"name":"Sotatoimet","item":"https:\/\/veteraanienperinto.fi\/index.php\/jatkosota-etusivu\/jatkosodan-kertomukset\/sotatoimet\/"},{"@type":"ListItem","position":5,"name":"Aselepo","item":"https:\/\/veteraanienperinto.fi\/index.php\/jatkosota-etusivu\/jatkosodan-kertomukset\/sotatoimet\/aselepo\/"},{"@type":"ListItem","position":6,"name":"Ylip\u00e4\u00e4llik\u00f6n p\u00e4iv\u00e4k\u00e4sky"}]},{"@type":"WebSite","@id":"https:\/\/veteraanienperinto.fi\/#website","url":"https:\/\/veteraanienperinto.fi\/","name":"Veteraanien Perint\u00f6","description":"Kadettikunta","potentialAction":[{"@type":"SearchAction","target":{"@type":"EntryPoint","urlTemplate":"https:\/\/veteraanienperinto.fi\/?s={search_term_string}"},"query-input":{"@type":"PropertyValueSpecification","valueRequired":true,"valueName":"search_term_string"}}],"inLanguage":"fi"}]}},"_links":{"self":[{"href":"https:\/\/veteraanienperinto.fi\/index.php\/wp-json\/wp\/v2\/pages\/2473","targetHints":{"allow":["GET"]}}],"collection":[{"href":"https:\/\/veteraanienperinto.fi\/index.php\/wp-json\/wp\/v2\/pages"}],"about":[{"href":"https:\/\/veteraanienperinto.fi\/index.php\/wp-json\/wp\/v2\/types\/page"}],"author":[{"embeddable":true,"href":"https:\/\/veteraanienperinto.fi\/index.php\/wp-json\/wp\/v2\/users\/2"}],"replies":[{"embeddable":true,"href":"https:\/\/veteraanienperinto.fi\/index.php\/wp-json\/wp\/v2\/comments?post=2473"}],"version-history":[{"count":3,"href":"https:\/\/veteraanienperinto.fi\/index.php\/wp-json\/wp\/v2\/pages\/2473\/revisions"}],"predecessor-version":[{"id":2475,"href":"https:\/\/veteraanienperinto.fi\/index.php\/wp-json\/wp\/v2\/pages\/2473\/revisions\/2475"}],"up":[{"embeddable":true,"href":"https:\/\/veteraanienperinto.fi\/index.php\/wp-json\/wp\/v2\/pages\/2219"}],"wp:attachment":[{"href":"https:\/\/veteraanienperinto.fi\/index.php\/wp-json\/wp\/v2\/media?parent=2473"}],"curies":[{"name":"wp","href":"https:\/\/api.w.org\/{rel}","templated":true}]}}