{"id":2524,"date":"2020-09-01T13:27:37","date_gmt":"2020-09-01T13:27:37","guid":{"rendered":"https:\/\/veteraani.ylirotu.fi\/?page_id=2524"},"modified":"2021-01-18T16:14:31","modified_gmt":"2021-01-18T16:14:31","slug":"mannerheimristin-ritarit","status":"publish","type":"page","link":"https:\/\/veteraanienperinto.fi\/index.php\/tietopankit\/kertomuksia\/mannerheimristin-ritarit\/","title":{"rendered":"Mannerheimristin ritarit"},"content":{"rendered":"<div id='full_slider_1'  class='avia-fullwidth-slider main_color avia-shadow   avia-builder-el-0  el_before_av_heading  avia-builder-el-first   container_wrap sidebar_right'  ><\/div><div id='after_full_slider_1'  class='main_color av_default_container_wrap container_wrap sidebar_right'  ><div class='container av-section-cont-open' ><div class='template-page content  av-content-small alpha units'><div class='post-entry post-entry-type-page post-entry-2524'><div class='entry-content-wrapper clearfix'>\n\n<style type=\"text\/css\" data-created_by=\"avia_inline_auto\" id=\"style-css-av-kk2rqz5q-bafc5b86a4b99a70c95a790536b9670e\">\n#top .av-special-heading.av-kk2rqz5q-bafc5b86a4b99a70c95a790536b9670e{\npadding-bottom:10px;\n}\nbody .av-special-heading.av-kk2rqz5q-bafc5b86a4b99a70c95a790536b9670e .av-special-heading-tag .heading-char{\nfont-size:25px;\n}\n.av-special-heading.av-kk2rqz5q-bafc5b86a4b99a70c95a790536b9670e .av-subheading{\nfont-size:15px;\n}\n<\/style>\n<div  class='av-special-heading av-kk2rqz5q-bafc5b86a4b99a70c95a790536b9670e av-special-heading-h2  avia-builder-el-1  el_after_av_slideshow_full  el_before_av_textblock  avia-builder-el-first '><h2 class='av-special-heading-tag'  itemprop=\"headline\"  >Mannerheimristin ritarit<\/h2><div class=\"special-heading-border\"><div class=\"special-heading-inner-border\"><\/div><\/div><\/div>\n<section  class='av_textblock_section av-kejzhdcy-5457fb037f7c64537e7dcda5f3cf2973 '   itemscope=\"itemscope\" itemtype=\"https:\/\/schema.org\/CreativeWork\" ><div class='avia_textblock'  itemprop=\"text\" ><p>Talvisodan aikana ylip\u00e4\u00e4llikk\u00f6, sotamarsalkka Mannerheim totesi, ett\u00e4 kunniamerkkis\u00e4\u00e4nn\u00f6t olivat puutteelliset. Kunniamerkkien jakoperusteet pohjautuivat sotilasarvoon. Mannerheimin kannan mukaan taistelukent\u00e4ll\u00e4 osoitettu urhoollisuus ja taitavuus oli voitava palkita erityisen korkealla kunniamerkill\u00e4 sotilaallisesta arvoasteesta riippumatta.<\/p>\n<p>V\u00e4lirauhan aikana annettiin asetus, jolla uudet kunniamerkit otettiin k\u00e4ytt\u00f6\u00f6n. Siin\u00e4 m\u00e4\u00e4r\u00e4ttiin:<\/p>\n<p>&#8221;Erinomaisen urheuden, taistellen saavutettujen eritt\u00e4in t\u00e4rkeiden tulosten tai erikoisen ansiokkaasti johdettujen sotatoimien palkitsemiseksi voidaan Suomen puolustusvoimien sotilas h\u00e4nen sotilasarvostaan riippumatta nimitt\u00e4\u00e4 1. tai 2. luokan Mannerheim-ristin ritariksi. &#8221;<\/p>\n<p>Sotien aikana taisteli tai toimi erilaisissa teht\u00e4viss\u00e4 puolustusvoimissamme noin 600 000 miest\u00e4. Mannerheim-ristin ritareita heist\u00e4 on 191. Ensimm\u00e4iseksi ritariksi nimitettiin j\u00e4\u00e4k\u00e4rieversti Ernst Ruben Lagus hein\u00e4kuussa 1941. Ritari n:o 191 on j\u00e4\u00e4k\u00e4rieverstiluutnantti Viljo Aukusti Laakso. Ensimm\u00e4isen\u00e4 rivimiehen\u00e4 palkittiin peloton panssarintorjuja, sotamies Vilho R\u00e4tt\u00f6. H\u00e4n kantaa Mannerheim-risti\u00e4 n:o 4. Kaksinkertaisia Mannerheim-ristin ritareita ovat kenraalimajuri Aaro Pajari, eversti Martti Aho, lentomestari Eino Juutilainen ja kapteeni Hans Wind. Vain kaksi miest\u00e4 on nimitetty l. luokan Mannerheim-ristin ritareiksi, sotamarsalkka Carl Gustaf Emil Mannerheim ja jalkav\u00e4enkenraali Axel Erik Heinrichs. Nuorin ritareista oli 19-vuotias kersantti Lauri Skytt\u00e4 ja vanhin 71-vuotias sotamarsalkka Mannerheim.<\/p>\n<p>Rohkeita ja suuriin saavutuksiin ylt\u00e4neit\u00e4 sotilaita oli muitakin. Mannerheim-ristin ritarit ovatkin ensisijaisesti edustava valikoima is\u00e4nmaansa puolesta taistelleita miehi\u00e4, joita n\u00e4enn\u00e4inen ylivoimakaan ei voinut lannistaa. Heid\u00e4n asenteensa on esimerkkin\u00e4 toteutettavaksi my\u00f6s rauhan t\u00f6iss\u00e4.<\/p>\n<p><strong><a href=\"http:\/\/www.mannerheim-ristinritarit.fi\/\" target=\"_blank\" rel=\"noopener\">T\u00e4st\u00e4 linkist\u00e4 Mannerheim-ristin ritarit -s\u00e4\u00e4ti\u00f6n sivuille.<\/a><\/strong><\/p>\n<\/div><\/section>\n<section  class='av_textblock_section av-kejzi4iq-2d25dd978c253771a471b4eaac19f13c '   itemscope=\"itemscope\" itemtype=\"https:\/\/schema.org\/CreativeWork\" ><div class='avia_textblock'  itemprop=\"text\" ><h3>Kertomuksia<\/h3>\n<\/div><\/section>\n\n<style type=\"text\/css\" data-created_by=\"avia_inline_auto\" id=\"style-css-av-52zcf-11ce51459cfa82f6927761fdb3999ec5\">\n.flex_column.av-52zcf-11ce51459cfa82f6927761fdb3999ec5{\nborder-radius:0px 0px 0px 0px;\npadding:0px 0px 0px 0px;\n}\n<\/style>\n<div  class='flex_column av-52zcf-11ce51459cfa82f6927761fdb3999ec5 av_one_fourth  avia-builder-el-4  el_after_av_textblock  el_before_av_one_fourth  first flex_column_div av-zero-column-padding  column-top-margin'     ><p>\n<style type=\"text\/css\" data-created_by=\"avia_inline_auto\" id=\"style-css-av-4dycb-2b1a4f9cfa6b189e4d7dd4e0eeaba7a5\">\n.avia-image-container.av-4dycb-2b1a4f9cfa6b189e4d7dd4e0eeaba7a5 img.avia_image{\nbox-shadow:none;\n}\n.avia-image-container.av-4dycb-2b1a4f9cfa6b189e4d7dd4e0eeaba7a5 .av-image-caption-overlay-center{\ncolor:#ffffff;\n}\n<\/style>\n<div  class='avia-image-container av-4dycb-2b1a4f9cfa6b189e4d7dd4e0eeaba7a5 av-styling- avia-align-center  avia-builder-el-5  el_before_av_textblock  avia-builder-el-first '   itemprop=\"image\" itemscope=\"itemscope\" itemtype=\"https:\/\/schema.org\/ImageObject\" ><div class=\"avia-image-container-inner\"><div class=\"avia-image-overlay-wrap\"><img decoding=\"async\" fetchpriority=\"high\" class='wp-image-3307 avia-img-lazy-loading-not-3307 avia_image ' src=\"https:\/\/veteraanienperinto.fi\/wp-content\/uploads\/2020\/09\/Mannerheimristin-ritarit.jpg\" alt='' title='Mannerheimristin ritarit'  height=\"174\" width=\"171\"  itemprop=\"thumbnailUrl\" srcset=\"https:\/\/veteraanienperinto.fi\/wp-content\/uploads\/2020\/09\/Mannerheimristin-ritarit.jpg 171w, https:\/\/veteraanienperinto.fi\/wp-content\/uploads\/2020\/09\/Mannerheimristin-ritarit-80x80.jpg 80w, https:\/\/veteraanienperinto.fi\/wp-content\/uploads\/2020\/09\/Mannerheimristin-ritarit-36x36.jpg 36w\" sizes=\"(max-width: 171px) 100vw, 171px\" \/><\/div><\/div><\/div><br \/>\n<section  class='av_textblock_section av-kdsbg70l-f5dc09215ab849fc95239b9908ea1c6a '   itemscope=\"itemscope\" itemtype=\"https:\/\/schema.org\/CreativeWork\" ><div class='avia_textblock'  itemprop=\"text\" ><p style=\"text-align: center;\">\u00a0Isa\u0308nmaan puolustajat<\/p>\n<\/div><\/section><\/p><\/div>\n\n<style type=\"text\/css\" data-created_by=\"avia_inline_auto\" id=\"style-css-av-erej-9166e8a7be432cfd6faf5d0eec810e9c\">\n.flex_column.av-erej-9166e8a7be432cfd6faf5d0eec810e9c{\nborder-radius:0px 0px 0px 0px;\npadding:0px 0px 0px 0px;\n}\n<\/style>\n<div  class='flex_column av-erej-9166e8a7be432cfd6faf5d0eec810e9c av_one_fourth  avia-builder-el-7  el_after_av_one_fourth  el_before_av_one_fourth  flex_column_div av-zero-column-padding  column-top-margin'     ><p>\n<style type=\"text\/css\" data-created_by=\"avia_inline_auto\" id=\"style-css-av-3ds0z-7d8782b2410ec469f4c0b44a50491fca\">\n.avia-image-container.av-3ds0z-7d8782b2410ec469f4c0b44a50491fca img.avia_image{\nbox-shadow:none;\n}\n.avia-image-container.av-3ds0z-7d8782b2410ec469f4c0b44a50491fca .av-image-caption-overlay-center{\ncolor:#ffffff;\n}\n<\/style>\n<div  class='avia-image-container av-3ds0z-7d8782b2410ec469f4c0b44a50491fca av-styling- avia-align-center  avia-builder-el-8  el_before_av_textblock  avia-builder-el-first '   itemprop=\"image\" itemscope=\"itemscope\" itemtype=\"https:\/\/schema.org\/ImageObject\" ><div class=\"avia-image-container-inner\"><div class=\"avia-image-overlay-wrap\"><a href=\"https:\/\/veteraanienperinto.fi\/index.php\/tietopankit\/kertomuksia\/mannerheimristin-ritarit\/tyrjan-jaakarijoukkue\/\" class='avia_image'  aria-label='tyrjan_jaakarijoukkue2'><img decoding=\"async\" fetchpriority=\"high\" class='wp-image-3332 avia-img-lazy-loading-not-3332 avia_image ' src=\"https:\/\/veteraanienperinto.fi\/wp-content\/uploads\/2020\/09\/tyrjan_jaakarijoukkue2-180x180.jpg\" alt='' title='tyrjan_jaakarijoukkue2'  height=\"180\" width=\"180\"  itemprop=\"thumbnailUrl\" srcset=\"https:\/\/veteraanienperinto.fi\/wp-content\/uploads\/2020\/09\/tyrjan_jaakarijoukkue2-180x180.jpg 180w, https:\/\/veteraanienperinto.fi\/wp-content\/uploads\/2020\/09\/tyrjan_jaakarijoukkue2-80x80.jpg 80w, https:\/\/veteraanienperinto.fi\/wp-content\/uploads\/2020\/09\/tyrjan_jaakarijoukkue2-36x36.jpg 36w\" sizes=\"(max-width: 180px) 100vw, 180px\" \/><\/a><\/div><\/div><\/div><br \/>\n<section  class='av_textblock_section av-kdsbghql-3654d9d4884834fe6a76ae332030ce9b '   itemscope=\"itemscope\" itemtype=\"https:\/\/schema.org\/CreativeWork\" ><div class='avia_textblock'  itemprop=\"text\" ><p class=\"art-postheader\" style=\"text-align: center;\">Tyrj\u00e4n j\u00e4\u00e4k\u00e4rijoukkue<\/p>\n<\/div><\/section><\/p><\/div>\n\n<style type=\"text\/css\" data-created_by=\"avia_inline_auto\" id=\"style-css-av-2np27-57c57c70ef5561a471d649b404398e68\">\n.flex_column.av-2np27-57c57c70ef5561a471d649b404398e68{\nborder-radius:0px 0px 0px 0px;\npadding:0px 0px 0px 0px;\n}\n<\/style>\n<div  class='flex_column av-2np27-57c57c70ef5561a471d649b404398e68 av_one_fourth  avia-builder-el-10  el_after_av_one_fourth  el_before_av_one_fourth  flex_column_div av-zero-column-padding  column-top-margin'     ><p>\n<style type=\"text\/css\" data-created_by=\"avia_inline_auto\" id=\"style-css-av-1v723-aa6ecfc1a264d9c6bd545fd2a9777b7f\">\n.avia-image-container.av-1v723-aa6ecfc1a264d9c6bd545fd2a9777b7f img.avia_image{\nbox-shadow:none;\n}\n.avia-image-container.av-1v723-aa6ecfc1a264d9c6bd545fd2a9777b7f .av-image-caption-overlay-center{\ncolor:#ffffff;\n}\n<\/style>\n<div  class='avia-image-container av-1v723-aa6ecfc1a264d9c6bd545fd2a9777b7f av-styling- avia-align-center  avia-builder-el-11  el_before_av_textblock  avia-builder-el-first '   itemprop=\"image\" itemscope=\"itemscope\" itemtype=\"https:\/\/schema.org\/ImageObject\" ><div class=\"avia-image-container-inner\"><div class=\"avia-image-overlay-wrap\"><a href=\"https:\/\/veteraanienperinto.fi\/index.php\/tietopankit\/kertomuksia\/mannerheimristin-ritarit\/miinoitustehtava-oisella-merella\/\" class='avia_image'  aria-label='Miinanlasku'><img decoding=\"async\" fetchpriority=\"high\" class='wp-image-3333 avia-img-lazy-loading-not-3333 avia_image ' src=\"https:\/\/veteraanienperinto.fi\/wp-content\/uploads\/2020\/09\/Miinanlasku-180x180.jpg\" alt='' title='Miinanlasku'  height=\"180\" width=\"180\"  itemprop=\"thumbnailUrl\" srcset=\"https:\/\/veteraanienperinto.fi\/wp-content\/uploads\/2020\/09\/Miinanlasku-180x180.jpg 180w, https:\/\/veteraanienperinto.fi\/wp-content\/uploads\/2020\/09\/Miinanlasku-80x80.jpg 80w, https:\/\/veteraanienperinto.fi\/wp-content\/uploads\/2020\/09\/Miinanlasku-36x36.jpg 36w\" sizes=\"(max-width: 180px) 100vw, 180px\" \/><\/a><\/div><\/div><\/div><br \/>\n<section  class='av_textblock_section av-kdsbgvhj-afaf37acc052683f7d4391628fa521cc '   itemscope=\"itemscope\" itemtype=\"https:\/\/schema.org\/CreativeWork\" ><div class='avia_textblock'  itemprop=\"text\" ><p class=\"art-postheader\" style=\"text-align: center;\">Miinoitusteht\u00e4v\u00e4 \u00f6isell\u00e4 merell\u00e4<\/p>\n<\/div><\/section><\/p><\/div>\n\n<style type=\"text\/css\" data-created_by=\"avia_inline_auto\" id=\"style-css-av-1lhtv-d49065122b8ed04ddc20192bfa8a6000\">\n.flex_column.av-1lhtv-d49065122b8ed04ddc20192bfa8a6000{\nborder-radius:0px 0px 0px 0px;\npadding:0px 0px 0px 0px;\n}\n<\/style>\n<div  class='flex_column av-1lhtv-d49065122b8ed04ddc20192bfa8a6000 av_one_fourth  avia-builder-el-13  el_after_av_one_fourth  avia-builder-el-last  flex_column_div av-zero-column-padding  column-top-margin'     ><p>\n<style type=\"text\/css\" data-created_by=\"avia_inline_auto\" id=\"style-css-av-sobv-82c368b9cbd45d25483e1ae4a4013362\">\n.avia-image-container.av-sobv-82c368b9cbd45d25483e1ae4a4013362 img.avia_image{\nbox-shadow:none;\n}\n.avia-image-container.av-sobv-82c368b9cbd45d25483e1ae4a4013362 .av-image-caption-overlay-center{\ncolor:#ffffff;\n}\n<\/style>\n<div  class='avia-image-container av-sobv-82c368b9cbd45d25483e1ae4a4013362 av-styling- avia-align-center  avia-builder-el-14  el_before_av_textblock  avia-builder-el-first '   itemprop=\"image\" itemscope=\"itemscope\" itemtype=\"https:\/\/schema.org\/ImageObject\" ><div class=\"avia-image-container-inner\"><div class=\"avia-image-overlay-wrap\"><a href=\"https:\/\/veteraanienperinto.fi\/index.php\/tietopankit\/kertomuksia\/mannerheimristin-ritarit\/kekselias-ritari\/\" class='avia_image'  aria-label='keks_ritari1'><img decoding=\"async\" fetchpriority=\"high\" class='wp-image-3334 avia-img-lazy-loading-not-3334 avia_image ' src=\"https:\/\/veteraanienperinto.fi\/wp-content\/uploads\/2020\/09\/keks_ritari1-180x180.jpg\" alt='' title='keks_ritari1'  height=\"180\" width=\"180\"  itemprop=\"thumbnailUrl\" srcset=\"https:\/\/veteraanienperinto.fi\/wp-content\/uploads\/2020\/09\/keks_ritari1-180x180.jpg 180w, https:\/\/veteraanienperinto.fi\/wp-content\/uploads\/2020\/09\/keks_ritari1-80x80.jpg 80w, https:\/\/veteraanienperinto.fi\/wp-content\/uploads\/2020\/09\/keks_ritari1-36x36.jpg 36w\" sizes=\"(max-width: 180px) 100vw, 180px\" \/><\/a><\/div><\/div><\/div><br \/>\n<section  class='av_textblock_section av-kdsbgvhj-afaf37acc052683f7d4391628fa521cc '   itemscope=\"itemscope\" itemtype=\"https:\/\/schema.org\/CreativeWork\" ><div class='avia_textblock'  itemprop=\"text\" ><p style=\"text-align: center;\">Kekseli\u00e4s ritari<\/p>\n<\/div><\/section><\/p><\/div>\n","protected":false},"excerpt":{"rendered":"","protected":false},"author":1,"featured_media":0,"parent":2507,"menu_order":2,"comment_status":"closed","ping_status":"closed","template":"","meta":{"footnotes":""},"class_list":["post-2524","page","type-page","status-publish","hentry"],"yoast_head":"<!-- This site is optimized with the Yoast SEO plugin v27.6 - https:\/\/yoast.com\/product\/yoast-seo-wordpress\/ -->\n<title>Mannerheimristin ritarit - Veteraanien Perint\u00f6<\/title>\n<meta name=\"robots\" content=\"index, follow, max-snippet:-1, max-image-preview:large, max-video-preview:-1\" \/>\n<link rel=\"canonical\" href=\"https:\/\/veteraanienperinto.fi\/index.php\/tietopankit\/kertomuksia\/mannerheimristin-ritarit\/\" \/>\n<meta property=\"og:locale\" content=\"fi_FI\" \/>\n<meta property=\"og:type\" content=\"article\" \/>\n<meta property=\"og:title\" content=\"Mannerheimristin ritarit - Veteraanien Perint\u00f6\" \/>\n<meta property=\"og:url\" content=\"https:\/\/veteraanienperinto.fi\/index.php\/tietopankit\/kertomuksia\/mannerheimristin-ritarit\/\" \/>\n<meta property=\"og:site_name\" content=\"Veteraanien Perint\u00f6\" \/>\n<meta property=\"article:modified_time\" content=\"2021-01-18T16:14:31+00:00\" \/>\n<meta name=\"twitter:card\" content=\"summary_large_image\" \/>\n<meta name=\"twitter:label1\" content=\"Arvioitu lukuaika\" \/>\n\t<meta name=\"twitter:data1\" content=\"6 minuuttia\" \/>\n<script type=\"application\/ld+json\" class=\"yoast-schema-graph\">{\"@context\":\"https:\\\/\\\/schema.org\",\"@graph\":[{\"@type\":\"WebPage\",\"@id\":\"https:\\\/\\\/veteraanienperinto.fi\\\/index.php\\\/tietopankit\\\/kertomuksia\\\/mannerheimristin-ritarit\\\/\",\"url\":\"https:\\\/\\\/veteraanienperinto.fi\\\/index.php\\\/tietopankit\\\/kertomuksia\\\/mannerheimristin-ritarit\\\/\",\"name\":\"Mannerheimristin ritarit - Veteraanien Perint\u00f6\",\"isPartOf\":{\"@id\":\"https:\\\/\\\/veteraanienperinto.fi\\\/#website\"},\"datePublished\":\"2020-09-01T13:27:37+00:00\",\"dateModified\":\"2021-01-18T16:14:31+00:00\",\"breadcrumb\":{\"@id\":\"https:\\\/\\\/veteraanienperinto.fi\\\/index.php\\\/tietopankit\\\/kertomuksia\\\/mannerheimristin-ritarit\\\/#breadcrumb\"},\"inLanguage\":\"fi\",\"potentialAction\":[{\"@type\":\"ReadAction\",\"target\":[\"https:\\\/\\\/veteraanienperinto.fi\\\/index.php\\\/tietopankit\\\/kertomuksia\\\/mannerheimristin-ritarit\\\/\"]}]},{\"@type\":\"BreadcrumbList\",\"@id\":\"https:\\\/\\\/veteraanienperinto.fi\\\/index.php\\\/tietopankit\\\/kertomuksia\\\/mannerheimristin-ritarit\\\/#breadcrumb\",\"itemListElement\":[{\"@type\":\"ListItem\",\"position\":1,\"name\":\"Etusivu\",\"item\":\"https:\\\/\\\/veteraanienperinto.fi\\\/index.php\\\/etusivu-2\\\/\"},{\"@type\":\"ListItem\",\"position\":2,\"name\":\"Tietopankit\",\"item\":\"https:\\\/\\\/veteraanienperinto.fi\\\/index.php\\\/tietopankit\\\/\"},{\"@type\":\"ListItem\",\"position\":3,\"name\":\"Kertomuksia\",\"item\":\"https:\\\/\\\/veteraanienperinto.fi\\\/index.php\\\/tietopankit\\\/kertomuksia\\\/\"},{\"@type\":\"ListItem\",\"position\":4,\"name\":\"Mannerheimristin ritarit\"}]},{\"@type\":\"WebSite\",\"@id\":\"https:\\\/\\\/veteraanienperinto.fi\\\/#website\",\"url\":\"https:\\\/\\\/veteraanienperinto.fi\\\/\",\"name\":\"Veteraanien Perint\u00f6\",\"description\":\"Kadettikunta\",\"potentialAction\":[{\"@type\":\"SearchAction\",\"target\":{\"@type\":\"EntryPoint\",\"urlTemplate\":\"https:\\\/\\\/veteraanienperinto.fi\\\/?s={search_term_string}\"},\"query-input\":{\"@type\":\"PropertyValueSpecification\",\"valueRequired\":true,\"valueName\":\"search_term_string\"}}],\"inLanguage\":\"fi\"}]}<\/script>\n<!-- \/ Yoast SEO plugin. -->","yoast_head_json":{"title":"Mannerheimristin ritarit - Veteraanien Perint\u00f6","robots":{"index":"index","follow":"follow","max-snippet":"max-snippet:-1","max-image-preview":"max-image-preview:large","max-video-preview":"max-video-preview:-1"},"canonical":"https:\/\/veteraanienperinto.fi\/index.php\/tietopankit\/kertomuksia\/mannerheimristin-ritarit\/","og_locale":"fi_FI","og_type":"article","og_title":"Mannerheimristin ritarit - Veteraanien Perint\u00f6","og_url":"https:\/\/veteraanienperinto.fi\/index.php\/tietopankit\/kertomuksia\/mannerheimristin-ritarit\/","og_site_name":"Veteraanien Perint\u00f6","article_modified_time":"2021-01-18T16:14:31+00:00","twitter_card":"summary_large_image","twitter_misc":{"Arvioitu lukuaika":"6 minuuttia"},"schema":{"@context":"https:\/\/schema.org","@graph":[{"@type":"WebPage","@id":"https:\/\/veteraanienperinto.fi\/index.php\/tietopankit\/kertomuksia\/mannerheimristin-ritarit\/","url":"https:\/\/veteraanienperinto.fi\/index.php\/tietopankit\/kertomuksia\/mannerheimristin-ritarit\/","name":"Mannerheimristin ritarit - Veteraanien Perint\u00f6","isPartOf":{"@id":"https:\/\/veteraanienperinto.fi\/#website"},"datePublished":"2020-09-01T13:27:37+00:00","dateModified":"2021-01-18T16:14:31+00:00","breadcrumb":{"@id":"https:\/\/veteraanienperinto.fi\/index.php\/tietopankit\/kertomuksia\/mannerheimristin-ritarit\/#breadcrumb"},"inLanguage":"fi","potentialAction":[{"@type":"ReadAction","target":["https:\/\/veteraanienperinto.fi\/index.php\/tietopankit\/kertomuksia\/mannerheimristin-ritarit\/"]}]},{"@type":"BreadcrumbList","@id":"https:\/\/veteraanienperinto.fi\/index.php\/tietopankit\/kertomuksia\/mannerheimristin-ritarit\/#breadcrumb","itemListElement":[{"@type":"ListItem","position":1,"name":"Etusivu","item":"https:\/\/veteraanienperinto.fi\/index.php\/etusivu-2\/"},{"@type":"ListItem","position":2,"name":"Tietopankit","item":"https:\/\/veteraanienperinto.fi\/index.php\/tietopankit\/"},{"@type":"ListItem","position":3,"name":"Kertomuksia","item":"https:\/\/veteraanienperinto.fi\/index.php\/tietopankit\/kertomuksia\/"},{"@type":"ListItem","position":4,"name":"Mannerheimristin ritarit"}]},{"@type":"WebSite","@id":"https:\/\/veteraanienperinto.fi\/#website","url":"https:\/\/veteraanienperinto.fi\/","name":"Veteraanien Perint\u00f6","description":"Kadettikunta","potentialAction":[{"@type":"SearchAction","target":{"@type":"EntryPoint","urlTemplate":"https:\/\/veteraanienperinto.fi\/?s={search_term_string}"},"query-input":{"@type":"PropertyValueSpecification","valueRequired":true,"valueName":"search_term_string"}}],"inLanguage":"fi"}]}},"_links":{"self":[{"href":"https:\/\/veteraanienperinto.fi\/index.php\/wp-json\/wp\/v2\/pages\/2524","targetHints":{"allow":["GET"]}}],"collection":[{"href":"https:\/\/veteraanienperinto.fi\/index.php\/wp-json\/wp\/v2\/pages"}],"about":[{"href":"https:\/\/veteraanienperinto.fi\/index.php\/wp-json\/wp\/v2\/types\/page"}],"author":[{"embeddable":true,"href":"https:\/\/veteraanienperinto.fi\/index.php\/wp-json\/wp\/v2\/users\/1"}],"replies":[{"embeddable":true,"href":"https:\/\/veteraanienperinto.fi\/index.php\/wp-json\/wp\/v2\/comments?post=2524"}],"version-history":[{"count":7,"href":"https:\/\/veteraanienperinto.fi\/index.php\/wp-json\/wp\/v2\/pages\/2524\/revisions"}],"predecessor-version":[{"id":9857,"href":"https:\/\/veteraanienperinto.fi\/index.php\/wp-json\/wp\/v2\/pages\/2524\/revisions\/9857"}],"up":[{"embeddable":true,"href":"https:\/\/veteraanienperinto.fi\/index.php\/wp-json\/wp\/v2\/pages\/2507"}],"wp:attachment":[{"href":"https:\/\/veteraanienperinto.fi\/index.php\/wp-json\/wp\/v2\/media?parent=2524"}],"curies":[{"name":"wp","href":"https:\/\/api.w.org\/{rel}","templated":true}]}}