{"id":4023,"date":"2020-09-18T06:50:26","date_gmt":"2020-09-18T06:50:26","guid":{"rendered":"https:\/\/veteraani.ylirotu.fi\/?page_id=4023"},"modified":"2021-01-13T22:16:58","modified_gmt":"2021-01-13T22:16:58","slug":"tammenlehvan-perinneliitto-ry","status":"publish","type":"page","link":"https:\/\/veteraanienperinto.fi\/index.php\/tietopankit\/tammenlehvan-perinneliitto-ry\/","title":{"rendered":"Tammenlehv\u00e4n perinneliitto ry"},"content":{"rendered":"<div id='full_slider_1'  class='avia-fullwidth-slider main_color avia-shadow   avia-builder-el-0  el_before_av_heading  avia-builder-el-first   container_wrap sidebar_right'  ><div  class='avia-slideshow av-kh4r361j-91a453bebba9ab51aae2ef0e003f6017 avia-slideshow-featured av_slideshow_full avia-slide-slider av-slideshow-ui av-control-default av-slideshow-manual av-loop-once av-loop-manual-endless av-default-height-applied   avia-slideshow-1' data-slideshow-options=\"{&quot;animation&quot;:&quot;slide&quot;,&quot;autoplay&quot;:false,&quot;loop_autoplay&quot;:&quot;once&quot;,&quot;interval&quot;:5,&quot;loop_manual&quot;:&quot;manual-endless&quot;,&quot;autoplay_stopper&quot;:false,&quot;noNavigation&quot;:false,&quot;bg_slider&quot;:false,&quot;keep_padding&quot;:false,&quot;hoverpause&quot;:false,&quot;show_slide_delay&quot;:0}\"  itemprop=\"image\" itemscope=\"itemscope\" itemtype=\"https:\/\/schema.org\/ImageObject\" ><ul class='avia-slideshow-inner ' style='padding-bottom: 28.72411489646%;'><li  class='avia-slideshow-slide av-kh4r361j-91a453bebba9ab51aae2ef0e003f6017__0  av-single-slide slide-1 slide-odd'><div data-rel='slideshow-1' class='avia-slide-wrap '   ><img decoding=\"async\" fetchpriority=\"high\" class=\"wp-image-9421 avia-img-lazy-loading-not-9421\"  src=\"https:\/\/veteraanienperinto.fi\/wp-content\/uploads\/2021\/01\/tammenlehva.png\" width=\"1497\" height=\"430\" title='tammenlehva' alt=''  itemprop=\"thumbnailUrl\" srcset=\"https:\/\/veteraanienperinto.fi\/wp-content\/uploads\/2021\/01\/tammenlehva.png 1500w, https:\/\/veteraanienperinto.fi\/wp-content\/uploads\/2021\/01\/tammenlehva-300x86.png 300w, https:\/\/veteraanienperinto.fi\/wp-content\/uploads\/2021\/01\/tammenlehva-1030x296.png 1030w, https:\/\/veteraanienperinto.fi\/wp-content\/uploads\/2021\/01\/tammenlehva-768x221.png 768w, https:\/\/veteraanienperinto.fi\/wp-content\/uploads\/2021\/01\/tammenlehva-705x203.png 705w\" sizes=\"(max-width: 1497px) 100vw, 1497px\" \/><\/div><\/li><\/ul><\/div><\/div><div id='after_full_slider_1'  class='main_color av_default_container_wrap container_wrap sidebar_right'  ><div class='container av-section-cont-open' ><div class='template-page content  av-content-small alpha units'><div class='post-entry post-entry-type-page post-entry-4023'><div class='entry-content-wrapper clearfix'>\n\n<style type=\"text\/css\" data-created_by=\"avia_inline_auto\" id=\"style-css-av-av_heading-f7a54eef65a89fda04ebfac35a55d801\">\n#top .av-special-heading.av-av_heading-f7a54eef65a89fda04ebfac35a55d801{\npadding-bottom:10px;\n}\nbody .av-special-heading.av-av_heading-f7a54eef65a89fda04ebfac35a55d801 .av-special-heading-tag .heading-char{\nfont-size:25px;\n}\n.av-special-heading.av-av_heading-f7a54eef65a89fda04ebfac35a55d801 .av-subheading{\nfont-size:15px;\n}\n<\/style>\n<div  class='av-special-heading av-av_heading-f7a54eef65a89fda04ebfac35a55d801 av-special-heading-h2  avia-builder-el-1  el_after_av_slideshow_full  el_before_av_textblock  avia-builder-el-first '><h2 class='av-special-heading-tag'  itemprop=\"headline\"  >Tammenlehv\u00e4n Perinneliitto \u2013 Veteraanien perinteet uusille sukupolville<\/h2><div class=\"special-heading-border\"><div class=\"special-heading-inner-border\"><\/div><\/div><\/div>\n<section  class='av_textblock_section av-kdsj9669-293de9042c202a77ce55fe187fbe755f '   itemscope=\"itemscope\" itemtype=\"https:\/\/schema.org\/CreativeWork\" ><div class='avia_textblock'  itemprop=\"text\" ><\/div><\/section>\n<section  class='av_textblock_section av-kf6m59xs-d44e8c257d27107120a1247561f4d906 '   itemscope=\"itemscope\" itemtype=\"https:\/\/schema.org\/CreativeWork\" ><div class='avia_textblock'  itemprop=\"text\" ><p><strong><img loading=\"lazy\" decoding=\"async\" class=\"alignright wp-image-4137 size-full\" src=\"https:\/\/veteraanienperinto.fi\/wp-content\/uploads\/2020\/09\/Tammenlehvan-perinneliitto.jpg\" alt=\"\" width=\"180\" height=\"180\" srcset=\"https:\/\/veteraanienperinto.fi\/wp-content\/uploads\/2020\/09\/Tammenlehvan-perinneliitto.jpg 180w, https:\/\/veteraanienperinto.fi\/wp-content\/uploads\/2020\/09\/Tammenlehvan-perinneliitto-80x80.jpg 80w, https:\/\/veteraanienperinto.fi\/wp-content\/uploads\/2020\/09\/Tammenlehvan-perinneliitto-36x36.jpg 36w\" sizes=\"auto, (max-width: 180px) 100vw, 180px\" \/><\/strong>Tammenlehv\u00e4n Perinneliiton tarkoituksena on hoitaa ja vaalia Suomen\u00a0<span id=\"transmark\"><\/span>vuosina 1939-1945 k\u00e4ymien sotien ja niiden veteraanien perinteit\u00e4. Liiton tavoitteena on l\u00f6yt\u00e4\u00e4 sellaiset veteraaniperinteen henkiset ja aineelliset ilmenemismuodot, jotka suomalaisen yhteiskunnan kannalta ovat t\u00e4rkeit\u00e4 ja muistettavia viel\u00e4 vuosikymmenienkin kuluttua sek\u00e4 l\u00f6yt\u00e4\u00e4 t\u00e4lle perinteelle jatkuvuutta yll\u00e4pit\u00e4v\u00e4t vastuunkantajat.<\/p>\n<p>Toiminnan painopiste on valtakunnallisesti merkitt\u00e4v\u00e4n perinneaineiston ja veteraanisukupolven arvojen vaalimisessa. Tammenlehv\u00e4n perinneliiton alaisuudessa on toiminut lukuisia esimerkiksi opetuksen, museoiden tai muistomerkkien kartoittamiseen keskittyneit\u00e4 ty\u00f6ryhmi\u00e4, joiden ty\u00f6n tuloksia on n\u00e4ht\u00e4viss\u00e4 t\u00e4ll\u00e4 sivustolla.<\/p>\n<p>Tammenlehv\u00e4n Perinneliitto perustettiin 24.4.2003. Liiton perustajaj\u00e4seni\u00e4 ovat Sotainvalidien Veljesliitto, Suomen Sotaveteraaniliitto, Rintamaveteraaniliitto ja Rintamanaisten Liitto. Liiton toiminta-ajatuksena on koota yhteen yhteis\u00f6j\u00e4, jotka ovat kiinnostuneita, halukkaita ja kykenevi\u00e4 osallistumaan liiton tarkoitusta edist\u00e4v\u00e4\u00e4n perinnety\u00f6h\u00f6n. Liiton j\u00e4senin\u00e4 on t\u00e4ll\u00e4 hetkell\u00e4 22 veteraani-, maanpuolustus- ja perinnety\u00f6t\u00e4 tekev\u00e4\u00e4 yhteis\u00f6\u00e4.<\/p>\n<p><strong>J\u00e4senyhteis\u00f6t<\/strong><\/p>\n<ul>\n<li>Sotainvalidien Veljesliitto ry<\/li>\n<li>Suomen Sotaveteraaniliitto ry<\/li>\n<li>Rintamaveteraaniliitto ry<\/li>\n<li>Kaatuneitten Omaisten Liitto ry<\/li>\n<li>Kadettikunta ry<\/li>\n<li>Karjalan Liitto<\/li>\n<li>Maanpuolustuskiltojen liitto ry<\/li>\n<li>Reservil\u00e4isliitto ry<\/li>\n<li>Rintamaveteraaniliiton kannatus- ja perinnes\u00e4\u00e4ti\u00f6<\/li>\n<li>Sotainvalidien Perinnej\u00e4rjest\u00f6 ry<\/li>\n<li>Sotaveteraanien tuki- ja perinnes\u00e4\u00e4ti\u00f6<\/li>\n<li>Sotavainajien muiston vaalimisyhdistys ry<\/li>\n<li>Sotilaskotiliitto ry<\/li>\n<li>Sotilaspoikien Perinneliitto ry<\/li>\n<li>Suojeluskuntien ja Lotta Sv\u00e4rdin Perinteiden Liitto ry<\/li>\n<li>Suomen Kotiseutuliitto ry<\/li>\n<li>Suomen Lottaperinneliitto ry<\/li>\n<li>Suomen-poikien perinneyhdistys ry<\/li>\n<li>Suomen Rauhanturvaajaliitto ry<\/li>\n<li>Suomen Reserviupseeriliitto ry<\/li>\n<li>Vapaussodan Perinneliitto ry<\/li>\n<li>Veteraanivastuu ry<\/li>\n<\/ul>\n<p><strong><a href=\"https:\/\/tammenlehva.fi\/\" target=\"_blank\" rel=\"noopener noreferrer\">Linkki Tammenlehv\u00e4n perinneliiton sivuille.<\/a><\/strong><\/p>\n<\/div><\/section>\n","protected":false},"excerpt":{"rendered":"","protected":false},"author":1,"featured_media":0,"parent":29,"menu_order":4,"comment_status":"closed","ping_status":"closed","template":"","meta":{"footnotes":""},"class_list":["post-4023","page","type-page","status-publish","hentry"],"yoast_head":"<!-- This site is optimized with the Yoast SEO plugin v27.5 - https:\/\/yoast.com\/product\/yoast-seo-wordpress\/ -->\n<title>Tammenlehv\u00e4n perinneliitto ry - Veteraanien Perint\u00f6<\/title>\n<meta name=\"robots\" content=\"index, follow, max-snippet:-1, max-image-preview:large, max-video-preview:-1\" \/>\n<link rel=\"canonical\" href=\"https:\/\/veteraanienperinto.fi\/index.php\/tietopankit\/tammenlehvan-perinneliitto-ry\/\" \/>\n<meta property=\"og:locale\" content=\"fi_FI\" \/>\n<meta property=\"og:type\" content=\"article\" \/>\n<meta property=\"og:title\" content=\"Tammenlehv\u00e4n perinneliitto ry - Veteraanien Perint\u00f6\" \/>\n<meta property=\"og:url\" content=\"https:\/\/veteraanienperinto.fi\/index.php\/tietopankit\/tammenlehvan-perinneliitto-ry\/\" \/>\n<meta property=\"og:site_name\" content=\"Veteraanien Perint\u00f6\" \/>\n<meta property=\"article:modified_time\" content=\"2021-01-13T22:16:58+00:00\" \/>\n<meta property=\"og:image\" content=\"https:\/\/veteraanienperinto.fi\/wp-content\/uploads\/2020\/09\/Tammenlehvan-perinneliitto.jpg\" \/>\n<meta name=\"twitter:card\" content=\"summary_large_image\" \/>\n<meta name=\"twitter:label1\" content=\"Arvioitu lukuaika\" \/>\n\t<meta name=\"twitter:data1\" content=\"3 minuuttia\" \/>\n<script type=\"application\/ld+json\" class=\"yoast-schema-graph\">{\"@context\":\"https:\\\/\\\/schema.org\",\"@graph\":[{\"@type\":\"WebPage\",\"@id\":\"https:\\\/\\\/veteraanienperinto.fi\\\/index.php\\\/tietopankit\\\/tammenlehvan-perinneliitto-ry\\\/\",\"url\":\"https:\\\/\\\/veteraanienperinto.fi\\\/index.php\\\/tietopankit\\\/tammenlehvan-perinneliitto-ry\\\/\",\"name\":\"Tammenlehv\u00e4n perinneliitto ry - Veteraanien Perint\u00f6\",\"isPartOf\":{\"@id\":\"https:\\\/\\\/veteraanienperinto.fi\\\/#website\"},\"primaryImageOfPage\":{\"@id\":\"https:\\\/\\\/veteraanienperinto.fi\\\/index.php\\\/tietopankit\\\/tammenlehvan-perinneliitto-ry\\\/#primaryimage\"},\"image\":{\"@id\":\"https:\\\/\\\/veteraanienperinto.fi\\\/index.php\\\/tietopankit\\\/tammenlehvan-perinneliitto-ry\\\/#primaryimage\"},\"thumbnailUrl\":\"https:\\\/\\\/veteraanienperinto.fi\\\/wp-content\\\/uploads\\\/2020\\\/09\\\/Tammenlehvan-perinneliitto.jpg\",\"datePublished\":\"2020-09-18T06:50:26+00:00\",\"dateModified\":\"2021-01-13T22:16:58+00:00\",\"breadcrumb\":{\"@id\":\"https:\\\/\\\/veteraanienperinto.fi\\\/index.php\\\/tietopankit\\\/tammenlehvan-perinneliitto-ry\\\/#breadcrumb\"},\"inLanguage\":\"fi\",\"potentialAction\":[{\"@type\":\"ReadAction\",\"target\":[\"https:\\\/\\\/veteraanienperinto.fi\\\/index.php\\\/tietopankit\\\/tammenlehvan-perinneliitto-ry\\\/\"]}]},{\"@type\":\"ImageObject\",\"inLanguage\":\"fi\",\"@id\":\"https:\\\/\\\/veteraanienperinto.fi\\\/index.php\\\/tietopankit\\\/tammenlehvan-perinneliitto-ry\\\/#primaryimage\",\"url\":\"https:\\\/\\\/veteraanienperinto.fi\\\/wp-content\\\/uploads\\\/2020\\\/09\\\/Tammenlehvan-perinneliitto.jpg\",\"contentUrl\":\"https:\\\/\\\/veteraanienperinto.fi\\\/wp-content\\\/uploads\\\/2020\\\/09\\\/Tammenlehvan-perinneliitto.jpg\",\"width\":180,\"height\":180},{\"@type\":\"BreadcrumbList\",\"@id\":\"https:\\\/\\\/veteraanienperinto.fi\\\/index.php\\\/tietopankit\\\/tammenlehvan-perinneliitto-ry\\\/#breadcrumb\",\"itemListElement\":[{\"@type\":\"ListItem\",\"position\":1,\"name\":\"Etusivu\",\"item\":\"https:\\\/\\\/veteraanienperinto.fi\\\/index.php\\\/etusivu-2\\\/\"},{\"@type\":\"ListItem\",\"position\":2,\"name\":\"Tietopankit\",\"item\":\"https:\\\/\\\/veteraanienperinto.fi\\\/index.php\\\/tietopankit\\\/\"},{\"@type\":\"ListItem\",\"position\":3,\"name\":\"Tammenlehv\u00e4n perinneliitto ry\"}]},{\"@type\":\"WebSite\",\"@id\":\"https:\\\/\\\/veteraanienperinto.fi\\\/#website\",\"url\":\"https:\\\/\\\/veteraanienperinto.fi\\\/\",\"name\":\"Veteraanien Perint\u00f6\",\"description\":\"Kadettikunta\",\"potentialAction\":[{\"@type\":\"SearchAction\",\"target\":{\"@type\":\"EntryPoint\",\"urlTemplate\":\"https:\\\/\\\/veteraanienperinto.fi\\\/?s={search_term_string}\"},\"query-input\":{\"@type\":\"PropertyValueSpecification\",\"valueRequired\":true,\"valueName\":\"search_term_string\"}}],\"inLanguage\":\"fi\"}]}<\/script>\n<!-- \/ Yoast SEO plugin. -->","yoast_head_json":{"title":"Tammenlehv\u00e4n perinneliitto ry - Veteraanien Perint\u00f6","robots":{"index":"index","follow":"follow","max-snippet":"max-snippet:-1","max-image-preview":"max-image-preview:large","max-video-preview":"max-video-preview:-1"},"canonical":"https:\/\/veteraanienperinto.fi\/index.php\/tietopankit\/tammenlehvan-perinneliitto-ry\/","og_locale":"fi_FI","og_type":"article","og_title":"Tammenlehv\u00e4n perinneliitto ry - Veteraanien Perint\u00f6","og_url":"https:\/\/veteraanienperinto.fi\/index.php\/tietopankit\/tammenlehvan-perinneliitto-ry\/","og_site_name":"Veteraanien Perint\u00f6","article_modified_time":"2021-01-13T22:16:58+00:00","og_image":[{"url":"https:\/\/veteraanienperinto.fi\/wp-content\/uploads\/2020\/09\/Tammenlehvan-perinneliitto.jpg","type":"","width":"","height":""}],"twitter_card":"summary_large_image","twitter_misc":{"Arvioitu lukuaika":"3 minuuttia"},"schema":{"@context":"https:\/\/schema.org","@graph":[{"@type":"WebPage","@id":"https:\/\/veteraanienperinto.fi\/index.php\/tietopankit\/tammenlehvan-perinneliitto-ry\/","url":"https:\/\/veteraanienperinto.fi\/index.php\/tietopankit\/tammenlehvan-perinneliitto-ry\/","name":"Tammenlehv\u00e4n perinneliitto ry - Veteraanien Perint\u00f6","isPartOf":{"@id":"https:\/\/veteraanienperinto.fi\/#website"},"primaryImageOfPage":{"@id":"https:\/\/veteraanienperinto.fi\/index.php\/tietopankit\/tammenlehvan-perinneliitto-ry\/#primaryimage"},"image":{"@id":"https:\/\/veteraanienperinto.fi\/index.php\/tietopankit\/tammenlehvan-perinneliitto-ry\/#primaryimage"},"thumbnailUrl":"https:\/\/veteraanienperinto.fi\/wp-content\/uploads\/2020\/09\/Tammenlehvan-perinneliitto.jpg","datePublished":"2020-09-18T06:50:26+00:00","dateModified":"2021-01-13T22:16:58+00:00","breadcrumb":{"@id":"https:\/\/veteraanienperinto.fi\/index.php\/tietopankit\/tammenlehvan-perinneliitto-ry\/#breadcrumb"},"inLanguage":"fi","potentialAction":[{"@type":"ReadAction","target":["https:\/\/veteraanienperinto.fi\/index.php\/tietopankit\/tammenlehvan-perinneliitto-ry\/"]}]},{"@type":"ImageObject","inLanguage":"fi","@id":"https:\/\/veteraanienperinto.fi\/index.php\/tietopankit\/tammenlehvan-perinneliitto-ry\/#primaryimage","url":"https:\/\/veteraanienperinto.fi\/wp-content\/uploads\/2020\/09\/Tammenlehvan-perinneliitto.jpg","contentUrl":"https:\/\/veteraanienperinto.fi\/wp-content\/uploads\/2020\/09\/Tammenlehvan-perinneliitto.jpg","width":180,"height":180},{"@type":"BreadcrumbList","@id":"https:\/\/veteraanienperinto.fi\/index.php\/tietopankit\/tammenlehvan-perinneliitto-ry\/#breadcrumb","itemListElement":[{"@type":"ListItem","position":1,"name":"Etusivu","item":"https:\/\/veteraanienperinto.fi\/index.php\/etusivu-2\/"},{"@type":"ListItem","position":2,"name":"Tietopankit","item":"https:\/\/veteraanienperinto.fi\/index.php\/tietopankit\/"},{"@type":"ListItem","position":3,"name":"Tammenlehv\u00e4n perinneliitto ry"}]},{"@type":"WebSite","@id":"https:\/\/veteraanienperinto.fi\/#website","url":"https:\/\/veteraanienperinto.fi\/","name":"Veteraanien Perint\u00f6","description":"Kadettikunta","potentialAction":[{"@type":"SearchAction","target":{"@type":"EntryPoint","urlTemplate":"https:\/\/veteraanienperinto.fi\/?s={search_term_string}"},"query-input":{"@type":"PropertyValueSpecification","valueRequired":true,"valueName":"search_term_string"}}],"inLanguage":"fi"}]}},"_links":{"self":[{"href":"https:\/\/veteraanienperinto.fi\/index.php\/wp-json\/wp\/v2\/pages\/4023","targetHints":{"allow":["GET"]}}],"collection":[{"href":"https:\/\/veteraanienperinto.fi\/index.php\/wp-json\/wp\/v2\/pages"}],"about":[{"href":"https:\/\/veteraanienperinto.fi\/index.php\/wp-json\/wp\/v2\/types\/page"}],"author":[{"embeddable":true,"href":"https:\/\/veteraanienperinto.fi\/index.php\/wp-json\/wp\/v2\/users\/1"}],"replies":[{"embeddable":true,"href":"https:\/\/veteraanienperinto.fi\/index.php\/wp-json\/wp\/v2\/comments?post=4023"}],"version-history":[{"count":10,"href":"https:\/\/veteraanienperinto.fi\/index.php\/wp-json\/wp\/v2\/pages\/4023\/revisions"}],"predecessor-version":[{"id":10649,"href":"https:\/\/veteraanienperinto.fi\/index.php\/wp-json\/wp\/v2\/pages\/4023\/revisions\/10649"}],"up":[{"embeddable":true,"href":"https:\/\/veteraanienperinto.fi\/index.php\/wp-json\/wp\/v2\/pages\/29"}],"wp:attachment":[{"href":"https:\/\/veteraanienperinto.fi\/index.php\/wp-json\/wp\/v2\/media?parent=4023"}],"curies":[{"name":"wp","href":"https:\/\/api.w.org\/{rel}","templated":true}]}}