{"id":469,"date":"2020-08-29T09:13:19","date_gmt":"2020-08-29T09:13:19","guid":{"rendered":"https:\/\/veteraani.ylirotu.fi\/?page_id=469"},"modified":"2021-01-26T14:43:10","modified_gmt":"2021-01-26T14:43:10","slug":"jalleenrakennus-ja-asutustoiminta","status":"publish","type":"page","link":"https:\/\/veteraanienperinto.fi\/index.php\/jalleenrakentaminen\/siviiliyhteiskunta\/jalleenrakennus-ja-asutustoiminta\/","title":{"rendered":"J\u00e4lleenrakennus- ja asutustoiminta"},"content":{"rendered":"<div id='full_slider_1'  class='avia-fullwidth-slider main_color avia-shadow   avia-builder-el-0  el_before_av_heading  avia-builder-el-first   container_wrap sidebar_right'  ><\/div><div id='after_full_slider_1'  class='main_color av_default_container_wrap container_wrap sidebar_right'  ><div class='container av-section-cont-open' ><div class='template-page content  av-content-small alpha units'><div class='post-entry post-entry-type-page post-entry-469'><div class='entry-content-wrapper clearfix'>\n\n<style type=\"text\/css\" data-created_by=\"avia_inline_auto\" id=\"style-css-av-kke40b84-a516ab2b1fa0d2b1338c70d4fba2c698\">\n#top .av-special-heading.av-kke40b84-a516ab2b1fa0d2b1338c70d4fba2c698{\npadding-bottom:10px;\n}\nbody .av-special-heading.av-kke40b84-a516ab2b1fa0d2b1338c70d4fba2c698 .av-special-heading-tag .heading-char{\nfont-size:25px;\n}\n.av-special-heading.av-kke40b84-a516ab2b1fa0d2b1338c70d4fba2c698 .av-subheading{\nfont-size:15px;\n}\n<\/style>\n<div  class='av-special-heading av-kke40b84-a516ab2b1fa0d2b1338c70d4fba2c698 av-special-heading-h2  avia-builder-el-1  el_after_av_slideshow_full  el_before_av_textblock  avia-builder-el-first '><h2 class='av-special-heading-tag'  itemprop=\"headline\"  >J\u00e4lleenrakennus- ja asutustoiminta<\/h2><div class=\"special-heading-border\"><div class=\"special-heading-inner-border\"><\/div><\/div><\/div>\n<section  class='av_textblock_section av-9k25x-05a3c3644896b10d76178592e9f38448 '   itemscope=\"itemscope\" itemtype=\"https:\/\/schema.org\/CreativeWork\" ><div class='avia_textblock'  itemprop=\"text\" ><p>Sotien tuhot, luovutetun alueen menetykset ja uusi asutustoiminta vaativat sodan j\u00e4lkeen veteraanisukupolvelta laajamittaista rakentamista ja peltojen raivaamista. Maassamme oli ilmahy\u00f6kk\u00e4yksiss\u00e4 tuhoutunut 3900 rakennusta ja Lapin sodan seurauksena tuhoutui viel\u00e4 sotiemme viime vaiheessa 41 000 erilaista rakennusta. Lapin tuhoon sis\u00e4ltyi paljon muutakin, kuten 516 maantiesiltaa ja 218 rautatiesiltaa. Erityisesti Lapin j\u00e4lleenrakentaminen oli suuri hanke, joka kesti kauan.<\/p>\n<p>Siirtov\u00e4en ja rintamamiesten asuttamiseksi s\u00e4\u00e4dettiin vuonna 1945 maanhankintalaki. Karjalaisen maataloussiirtov\u00e4en asuttaminen onnistui h\u00e4mm\u00e4stytt\u00e4v\u00e4n nopeasti. Kunnia t\u00e4st\u00e4 kuuluu sek\u00e4 itse maann\u00e4lk\u00e4iselle siirtov\u00e4elle ett\u00e4 lain toimeenpanosta vastanneille tarmokkaille viranomaisille. Jo kolmen vuoden kuluttua lain voimaanastumisesta oli l\u00e4hes kaikilla maansaantiin halukkailla uusi viljelm\u00e4. Rintamamiesten asuttaminen painottui 1940-luvun loppuun ja sekin tapahtui yleens\u00e4 hyvin nopeasti. Kaikki t\u00e4m\u00e4 oli t\u00e4rke\u00e4 osa maamme sodanj\u00e4lkeist\u00e4 ripe\u00e4\u00e4 kehityst\u00e4.<\/p>\n<p>Peltojen raivaaminen vaati veteraaneilta monesti suuria ponnistuksia, sill\u00e4 se tapahtui usein k\u00e4sivoimin. Syntyi my\u00f6s paljon korpi- eli kylmi\u00e4 tiloja, jonne ei aluksi ollut edes tieyhteyksi\u00e4. Joiltakin uudistiloilta vei halla monta ensimm\u00e4ist\u00e4 satoa. Monista puutteistaan huolimatta maatalous kehittyi voimakkaasti ja maamme elintarviketuotanto saatiin nostettua muutamassa vuodessa vastaamaan normaalia rauhanajan tarvetta.<\/p>\n<p>Asuttamiseen liittyv\u00e4\u00e4 rakennustoimintaa haittasi aluksi puute rakennustarvikkeista. T\u00e4m\u00e4 johtui osittain Lapin suuria tarvikem\u00e4\u00e4ri\u00e4 vaatineesta j\u00e4lleenrakentamisesta sek\u00e4 esimerkiksi voimalaitosty\u00f6maista. Puutetta oli sementist\u00e4 ja jopa nauloista ja lasista. Vain puutavaraa oli riitt\u00e4v\u00e4sti. Rakentaminen ei monesti olisi ollut mahdollista ilman naapuriapua ja talkooty\u00f6t\u00e4. T\u00e4ss\u00e4kin veteraanisukupolvi osoitti suurta yhteenkuuluvuutta erityisesti auttaessaan sotainvalideja ja sotaleski\u00e4.<\/p>\n<p>Siirtov\u00e4keen kuulunut ja rintamalta palannut maanviljelysv\u00e4est\u00f6 ei sijoittunut sodan j\u00e4lkeen kokonaisuudessaan takaisin maatalouteen. Erityisesti sotakorvausteollisuus tarvitsi juuri t\u00e4t\u00e4 v\u00e4est\u00f6\u00e4. Jo ennen sotia k\u00e4ynniss\u00e4 ollut yhteiskunnan rakennemuutos, teollistuminen ja kaupungistuminen, jatkui kiihtyv\u00e4ll\u00e4 vauhdilla. Veteraanisukupolvi toteutti t\u00e4m\u00e4n suuren suomalaisen yhteiskunnan rakennemuutoksen.<\/p>\n<\/div><\/section>\n","protected":false},"excerpt":{"rendered":"","protected":false},"author":1,"featured_media":0,"parent":76,"menu_order":1,"comment_status":"closed","ping_status":"closed","template":"","meta":{"footnotes":""},"class_list":["post-469","page","type-page","status-publish","hentry"],"yoast_head":"<!-- This site is optimized with the Yoast SEO plugin v27.5 - https:\/\/yoast.com\/product\/yoast-seo-wordpress\/ -->\n<title>J\u00e4lleenrakennus- ja asutustoiminta - Veteraanien Perint\u00f6<\/title>\n<meta name=\"robots\" content=\"index, follow, max-snippet:-1, max-image-preview:large, max-video-preview:-1\" \/>\n<link rel=\"canonical\" href=\"https:\/\/veteraanienperinto.fi\/index.php\/jalleenrakentaminen\/siviiliyhteiskunta\/jalleenrakennus-ja-asutustoiminta\/\" \/>\n<meta property=\"og:locale\" content=\"fi_FI\" \/>\n<meta property=\"og:type\" content=\"article\" \/>\n<meta property=\"og:title\" content=\"J\u00e4lleenrakennus- ja asutustoiminta - Veteraanien Perint\u00f6\" \/>\n<meta property=\"og:url\" content=\"https:\/\/veteraanienperinto.fi\/index.php\/jalleenrakentaminen\/siviiliyhteiskunta\/jalleenrakennus-ja-asutustoiminta\/\" \/>\n<meta property=\"og:site_name\" content=\"Veteraanien Perint\u00f6\" \/>\n<meta property=\"article:modified_time\" content=\"2021-01-26T14:43:10+00:00\" \/>\n<meta name=\"twitter:card\" content=\"summary_large_image\" \/>\n<meta name=\"twitter:label1\" content=\"Arvioitu lukuaika\" \/>\n\t<meta name=\"twitter:data1\" content=\"2 minuuttia\" \/>\n<script type=\"application\/ld+json\" class=\"yoast-schema-graph\">{\"@context\":\"https:\\\/\\\/schema.org\",\"@graph\":[{\"@type\":\"WebPage\",\"@id\":\"https:\\\/\\\/veteraanienperinto.fi\\\/index.php\\\/jalleenrakentaminen\\\/siviiliyhteiskunta\\\/jalleenrakennus-ja-asutustoiminta\\\/\",\"url\":\"https:\\\/\\\/veteraanienperinto.fi\\\/index.php\\\/jalleenrakentaminen\\\/siviiliyhteiskunta\\\/jalleenrakennus-ja-asutustoiminta\\\/\",\"name\":\"J\u00e4lleenrakennus- ja asutustoiminta - Veteraanien Perint\u00f6\",\"isPartOf\":{\"@id\":\"https:\\\/\\\/veteraanienperinto.fi\\\/#website\"},\"datePublished\":\"2020-08-29T09:13:19+00:00\",\"dateModified\":\"2021-01-26T14:43:10+00:00\",\"breadcrumb\":{\"@id\":\"https:\\\/\\\/veteraanienperinto.fi\\\/index.php\\\/jalleenrakentaminen\\\/siviiliyhteiskunta\\\/jalleenrakennus-ja-asutustoiminta\\\/#breadcrumb\"},\"inLanguage\":\"fi\",\"potentialAction\":[{\"@type\":\"ReadAction\",\"target\":[\"https:\\\/\\\/veteraanienperinto.fi\\\/index.php\\\/jalleenrakentaminen\\\/siviiliyhteiskunta\\\/jalleenrakennus-ja-asutustoiminta\\\/\"]}]},{\"@type\":\"BreadcrumbList\",\"@id\":\"https:\\\/\\\/veteraanienperinto.fi\\\/index.php\\\/jalleenrakentaminen\\\/siviiliyhteiskunta\\\/jalleenrakennus-ja-asutustoiminta\\\/#breadcrumb\",\"itemListElement\":[{\"@type\":\"ListItem\",\"position\":1,\"name\":\"Etusivu\",\"item\":\"https:\\\/\\\/veteraanienperinto.fi\\\/index.php\\\/etusivu-2\\\/\"},{\"@type\":\"ListItem\",\"position\":2,\"name\":\"J\u00e4lleenrakentaminen\",\"item\":\"https:\\\/\\\/veteraanienperinto.fi\\\/index.php\\\/jalleenrakentaminen\\\/\"},{\"@type\":\"ListItem\",\"position\":3,\"name\":\"Siviiliyhteiskunta\",\"item\":\"https:\\\/\\\/veteraanienperinto.fi\\\/index.php\\\/jalleenrakentaminen\\\/siviiliyhteiskunta\\\/\"},{\"@type\":\"ListItem\",\"position\":4,\"name\":\"J\u00e4lleenrakennus- ja asutustoiminta\"}]},{\"@type\":\"WebSite\",\"@id\":\"https:\\\/\\\/veteraanienperinto.fi\\\/#website\",\"url\":\"https:\\\/\\\/veteraanienperinto.fi\\\/\",\"name\":\"Veteraanien Perint\u00f6\",\"description\":\"Kadettikunta\",\"potentialAction\":[{\"@type\":\"SearchAction\",\"target\":{\"@type\":\"EntryPoint\",\"urlTemplate\":\"https:\\\/\\\/veteraanienperinto.fi\\\/?s={search_term_string}\"},\"query-input\":{\"@type\":\"PropertyValueSpecification\",\"valueRequired\":true,\"valueName\":\"search_term_string\"}}],\"inLanguage\":\"fi\"}]}<\/script>\n<!-- \/ Yoast SEO plugin. -->","yoast_head_json":{"title":"J\u00e4lleenrakennus- ja asutustoiminta - Veteraanien Perint\u00f6","robots":{"index":"index","follow":"follow","max-snippet":"max-snippet:-1","max-image-preview":"max-image-preview:large","max-video-preview":"max-video-preview:-1"},"canonical":"https:\/\/veteraanienperinto.fi\/index.php\/jalleenrakentaminen\/siviiliyhteiskunta\/jalleenrakennus-ja-asutustoiminta\/","og_locale":"fi_FI","og_type":"article","og_title":"J\u00e4lleenrakennus- ja asutustoiminta - Veteraanien Perint\u00f6","og_url":"https:\/\/veteraanienperinto.fi\/index.php\/jalleenrakentaminen\/siviiliyhteiskunta\/jalleenrakennus-ja-asutustoiminta\/","og_site_name":"Veteraanien Perint\u00f6","article_modified_time":"2021-01-26T14:43:10+00:00","twitter_card":"summary_large_image","twitter_misc":{"Arvioitu lukuaika":"2 minuuttia"},"schema":{"@context":"https:\/\/schema.org","@graph":[{"@type":"WebPage","@id":"https:\/\/veteraanienperinto.fi\/index.php\/jalleenrakentaminen\/siviiliyhteiskunta\/jalleenrakennus-ja-asutustoiminta\/","url":"https:\/\/veteraanienperinto.fi\/index.php\/jalleenrakentaminen\/siviiliyhteiskunta\/jalleenrakennus-ja-asutustoiminta\/","name":"J\u00e4lleenrakennus- ja asutustoiminta - Veteraanien Perint\u00f6","isPartOf":{"@id":"https:\/\/veteraanienperinto.fi\/#website"},"datePublished":"2020-08-29T09:13:19+00:00","dateModified":"2021-01-26T14:43:10+00:00","breadcrumb":{"@id":"https:\/\/veteraanienperinto.fi\/index.php\/jalleenrakentaminen\/siviiliyhteiskunta\/jalleenrakennus-ja-asutustoiminta\/#breadcrumb"},"inLanguage":"fi","potentialAction":[{"@type":"ReadAction","target":["https:\/\/veteraanienperinto.fi\/index.php\/jalleenrakentaminen\/siviiliyhteiskunta\/jalleenrakennus-ja-asutustoiminta\/"]}]},{"@type":"BreadcrumbList","@id":"https:\/\/veteraanienperinto.fi\/index.php\/jalleenrakentaminen\/siviiliyhteiskunta\/jalleenrakennus-ja-asutustoiminta\/#breadcrumb","itemListElement":[{"@type":"ListItem","position":1,"name":"Etusivu","item":"https:\/\/veteraanienperinto.fi\/index.php\/etusivu-2\/"},{"@type":"ListItem","position":2,"name":"J\u00e4lleenrakentaminen","item":"https:\/\/veteraanienperinto.fi\/index.php\/jalleenrakentaminen\/"},{"@type":"ListItem","position":3,"name":"Siviiliyhteiskunta","item":"https:\/\/veteraanienperinto.fi\/index.php\/jalleenrakentaminen\/siviiliyhteiskunta\/"},{"@type":"ListItem","position":4,"name":"J\u00e4lleenrakennus- ja asutustoiminta"}]},{"@type":"WebSite","@id":"https:\/\/veteraanienperinto.fi\/#website","url":"https:\/\/veteraanienperinto.fi\/","name":"Veteraanien Perint\u00f6","description":"Kadettikunta","potentialAction":[{"@type":"SearchAction","target":{"@type":"EntryPoint","urlTemplate":"https:\/\/veteraanienperinto.fi\/?s={search_term_string}"},"query-input":{"@type":"PropertyValueSpecification","valueRequired":true,"valueName":"search_term_string"}}],"inLanguage":"fi"}]}},"_links":{"self":[{"href":"https:\/\/veteraanienperinto.fi\/index.php\/wp-json\/wp\/v2\/pages\/469","targetHints":{"allow":["GET"]}}],"collection":[{"href":"https:\/\/veteraanienperinto.fi\/index.php\/wp-json\/wp\/v2\/pages"}],"about":[{"href":"https:\/\/veteraanienperinto.fi\/index.php\/wp-json\/wp\/v2\/types\/page"}],"author":[{"embeddable":true,"href":"https:\/\/veteraanienperinto.fi\/index.php\/wp-json\/wp\/v2\/users\/1"}],"replies":[{"embeddable":true,"href":"https:\/\/veteraanienperinto.fi\/index.php\/wp-json\/wp\/v2\/comments?post=469"}],"version-history":[{"count":6,"href":"https:\/\/veteraanienperinto.fi\/index.php\/wp-json\/wp\/v2\/pages\/469\/revisions"}],"predecessor-version":[{"id":10617,"href":"https:\/\/veteraanienperinto.fi\/index.php\/wp-json\/wp\/v2\/pages\/469\/revisions\/10617"}],"up":[{"embeddable":true,"href":"https:\/\/veteraanienperinto.fi\/index.php\/wp-json\/wp\/v2\/pages\/76"}],"wp:attachment":[{"href":"https:\/\/veteraanienperinto.fi\/index.php\/wp-json\/wp\/v2\/media?parent=469"}],"curies":[{"name":"wp","href":"https:\/\/api.w.org\/{rel}","templated":true}]}}