{"id":5319,"date":"2020-11-17T12:56:56","date_gmt":"2020-11-17T12:56:56","guid":{"rendered":"https:\/\/veteraani.ylirotu.fi\/?page_id=5319"},"modified":"2021-01-26T18:21:59","modified_gmt":"2021-01-26T18:21:59","slug":"tyskland","status":"publish","type":"page","link":"https:\/\/veteraanienperinto.fi\/index.php\/sv\/vinterkriget\/vinterkrigets-bakgrund\/utrikespolitisk-situation\/tyskland\/","title":{"rendered":"Tyskland"},"content":{"rendered":"<div id='full_slider_1'  class='avia-fullwidth-slider main_color avia-shadow   avia-builder-el-0  el_before_av_heading  avia-builder-el-first   container_wrap sidebar_right'  ><\/div><div id='after_full_slider_1'  class='main_color av_default_container_wrap container_wrap sidebar_right'  ><div class='container av-section-cont-open' ><div class='template-page content  av-content-small alpha units'><div class='post-entry post-entry-type-page post-entry-5319'><div class='entry-content-wrapper clearfix'>\n\n<style type=\"text\/css\" data-created_by=\"avia_inline_auto\" id=\"style-css-av-kkebtqbz-4aec6a8852bf8c9cbc0ed2573320d291\">\n#top .av-special-heading.av-kkebtqbz-4aec6a8852bf8c9cbc0ed2573320d291{\npadding-bottom:10px;\n}\nbody .av-special-heading.av-kkebtqbz-4aec6a8852bf8c9cbc0ed2573320d291 .av-special-heading-tag .heading-char{\nfont-size:25px;\n}\n.av-special-heading.av-kkebtqbz-4aec6a8852bf8c9cbc0ed2573320d291 .av-subheading{\nfont-size:15px;\n}\n<\/style>\n<div  class='av-special-heading av-kkebtqbz-4aec6a8852bf8c9cbc0ed2573320d291 av-special-heading-h3  avia-builder-el-1  el_after_av_slideshow_full  el_before_av_textblock  avia-builder-el-first '><h3 class='av-special-heading-tag'  itemprop=\"headline\"  >Tyskland<\/h3><div class=\"special-heading-border\"><div class=\"special-heading-inner-border\"><\/div><\/div><\/div>\n<section  class='av_textblock_section av-35jltj-5eea266e6c5783da046b054ebb5c8ff9 '   itemscope=\"itemscope\" itemtype=\"https:\/\/schema.org\/CreativeWork\" ><div class='avia_textblock'  itemprop=\"text\" ><p>I fredsf\u00f6rdraget som ingicks i Versailles \u00e5r 1919 efter f\u00f6rsta v\u00e4rldskriget blev Tyskland som f\u00f6rlorat kriget tvunget att ge upp betydande landomr\u00e5den, speciellt den s\u00e5 kallade polska korridoren till \u00d6stersj\u00f6n, samt att betala stora krigsskadest\u00e5nd. Tysklands arm\u00e9 begr\u00e4nsades till en liten yrkesarm\u00e9 och bland annat f\u00f6rbj\u00f6ds milit\u00e4rflyget. En j\u00e4tteinflation och omfattande arbetsl\u00f6shet satte Tysklands folk p\u00e5 h\u00e5rda prov. Weimarrepublikens demokratiska regeringar, som f\u00f6ljde efter att kejsarmakten blivit avskaffad, var svaga.<\/p>\n<p>I Tyskland f\u00f6rekom omfattande oroligheter och ytterlighetselementens popularitet v\u00e4xte. En s\u00e5dan gruppering var Tysklands Nationalsocialistiska Arbetarparti som leddes av Adolf Hitler. P\u00e5 grund av valframg\u00e5ngen utn\u00e4mndes Hitler \u00e5r 1933 till rikskansler, det vill s\u00e4ga statsminister. Relativt snabbt koncentrerade Hitler all makt \u00e5t sig sj\u00e4lv och styrde med diktatorsfasoner.<\/p>\n<p>Hitler b\u00f6rjade strax h\u00e4va best\u00e4mmelserna i Versaillesf\u00f6rdraget. I detta fick han ett omfattande godk\u00e4nnande, eftersom fredsf\u00f6rdraget ans\u00e5gs or\u00e4ttvist. V\u00e5ldet som speciellt riktade sig mot judarna och f\u00f6rtrycks\u00e5tg\u00e4rderna d\u00e4remot medf\u00f6rde kritik i vida kretsar redan fr\u00e5n b\u00f6rjan.<\/p>\n<p>Allm\u00e4n v\u00e4rnplikt inf\u00f6rdes i Tyskland \u00e5r 1935. Tyskland p\u00e5b\u00f6rjade en kraftig upprustning. Samtidigt satte man i g\u00e5ng med regionala arrangemang. Det demilitariserade Rhenlandet ockuperades \u00e5r 1936. \u00d6sterrike ansl\u00f6ts till Tyskland \u00e5r 1938. En tysk frivilligtrupp, Legion Condor, deltog under \u00e5ren 1936-39 i spanska inb\u00f6rdeskriget i de nationalistiska, det vill s\u00e4ga general Francos trupper, som vann kriget.<\/p>\n<p>Med st\u00f6d av M\u00fcnchenf\u00f6rdraget som ing\u00e5tts med v\u00e4stmakterna \u00e5r 1938 ockuperade Tyskland de s\u00e5 kallade sudetomr\u00e5dena i Tjeckoslovakien, som var bebodda av tyskar. I mars 1939 ockuperade Tyskland hela Tjeckoslovakien. Till hela v\u00e4rldens stora f\u00f6rv\u00e5ning ingick Tyskland 23.8.1939 en nonaggressionspakt med Sovjetunionen, som hade ansetts som en sannolik fiende till Tyskland. P\u00e5 basis av detta s\u00e5 kallade Molotov-Ribbentrop-avtal hade Tyskland fria h\u00e4nder i fr\u00e5ga om de v\u00e4stra delarna av Polen. \u00d6stra delen av Polen, de baltiska l\u00e4nderna och Finland kom att h\u00f6ra till Sovjetunionens intressesf\u00e4r.<\/p>\n<p>Tyskland inledde krigsoperationer mot Polen 1.9.1939. Storbritannien och Frankrike f\u00f6rklarade Tyskland krig 3.9.1939. Andra v\u00e4rldskriget hade brutit ut.<\/p>\n<\/div><\/section>\n","protected":false},"excerpt":{"rendered":"","protected":false},"author":1,"featured_media":0,"parent":5315,"menu_order":0,"comment_status":"closed","ping_status":"closed","template":"","meta":{"footnotes":""},"class_list":["post-5319","page","type-page","status-publish","hentry"],"yoast_head":"<!-- This site is optimized with the Yoast SEO plugin v27.6 - https:\/\/yoast.com\/product\/yoast-seo-wordpress\/ -->\n<title>Tyskland - Veteraanien Perint\u00f6<\/title>\n<meta name=\"robots\" content=\"index, follow, max-snippet:-1, max-image-preview:large, max-video-preview:-1\" \/>\n<link rel=\"canonical\" href=\"https:\/\/veteraanienperinto.fi\/index.php\/sv\/vinterkriget\/vinterkrigets-bakgrund\/utrikespolitisk-situation\/tyskland\/\" \/>\n<meta property=\"og:locale\" content=\"fi_FI\" \/>\n<meta property=\"og:type\" content=\"article\" \/>\n<meta property=\"og:title\" content=\"Tyskland - Veteraanien Perint\u00f6\" \/>\n<meta property=\"og:url\" content=\"https:\/\/veteraanienperinto.fi\/index.php\/sv\/vinterkriget\/vinterkrigets-bakgrund\/utrikespolitisk-situation\/tyskland\/\" \/>\n<meta property=\"og:site_name\" content=\"Veteraanien Perint\u00f6\" \/>\n<meta property=\"article:modified_time\" content=\"2021-01-26T18:21:59+00:00\" \/>\n<meta name=\"twitter:card\" content=\"summary_large_image\" \/>\n<meta name=\"twitter:label1\" content=\"Arvioitu lukuaika\" \/>\n\t<meta name=\"twitter:data1\" content=\"3 minuuttia\" \/>\n<script type=\"application\/ld+json\" class=\"yoast-schema-graph\">{\"@context\":\"https:\\\/\\\/schema.org\",\"@graph\":[{\"@type\":\"WebPage\",\"@id\":\"https:\\\/\\\/veteraanienperinto.fi\\\/index.php\\\/sv\\\/vinterkriget\\\/vinterkrigets-bakgrund\\\/utrikespolitisk-situation\\\/tyskland\\\/\",\"url\":\"https:\\\/\\\/veteraanienperinto.fi\\\/index.php\\\/sv\\\/vinterkriget\\\/vinterkrigets-bakgrund\\\/utrikespolitisk-situation\\\/tyskland\\\/\",\"name\":\"Tyskland - Veteraanien Perint\u00f6\",\"isPartOf\":{\"@id\":\"https:\\\/\\\/veteraanienperinto.fi\\\/#website\"},\"datePublished\":\"2020-11-17T12:56:56+00:00\",\"dateModified\":\"2021-01-26T18:21:59+00:00\",\"breadcrumb\":{\"@id\":\"https:\\\/\\\/veteraanienperinto.fi\\\/index.php\\\/sv\\\/vinterkriget\\\/vinterkrigets-bakgrund\\\/utrikespolitisk-situation\\\/tyskland\\\/#breadcrumb\"},\"inLanguage\":\"fi\",\"potentialAction\":[{\"@type\":\"ReadAction\",\"target\":[\"https:\\\/\\\/veteraanienperinto.fi\\\/index.php\\\/sv\\\/vinterkriget\\\/vinterkrigets-bakgrund\\\/utrikespolitisk-situation\\\/tyskland\\\/\"]}]},{\"@type\":\"BreadcrumbList\",\"@id\":\"https:\\\/\\\/veteraanienperinto.fi\\\/index.php\\\/sv\\\/vinterkriget\\\/vinterkrigets-bakgrund\\\/utrikespolitisk-situation\\\/tyskland\\\/#breadcrumb\",\"itemListElement\":[{\"@type\":\"ListItem\",\"position\":1,\"name\":\"Etusivu\",\"item\":\"https:\\\/\\\/veteraanienperinto.fi\\\/index.php\\\/etusivu-2\\\/\"},{\"@type\":\"ListItem\",\"position\":2,\"name\":\"Vinterkriget\",\"item\":\"https:\\\/\\\/veteraanienperinto.fi\\\/index.php\\\/sv\\\/vinterkriget\\\/\"},{\"@type\":\"ListItem\",\"position\":3,\"name\":\"Vinterkrigets bakgrund\",\"item\":\"https:\\\/\\\/veteraanienperinto.fi\\\/index.php\\\/sv\\\/vinterkriget\\\/vinterkrigets-bakgrund\\\/\"},{\"@type\":\"ListItem\",\"position\":4,\"name\":\"Utrikespolitisk situation\",\"item\":\"https:\\\/\\\/veteraanienperinto.fi\\\/index.php\\\/sv\\\/vinterkriget\\\/vinterkrigets-bakgrund\\\/utrikespolitisk-situation\\\/\"},{\"@type\":\"ListItem\",\"position\":5,\"name\":\"Tyskland\"}]},{\"@type\":\"WebSite\",\"@id\":\"https:\\\/\\\/veteraanienperinto.fi\\\/#website\",\"url\":\"https:\\\/\\\/veteraanienperinto.fi\\\/\",\"name\":\"Veteraanien Perint\u00f6\",\"description\":\"Kadettikunta\",\"potentialAction\":[{\"@type\":\"SearchAction\",\"target\":{\"@type\":\"EntryPoint\",\"urlTemplate\":\"https:\\\/\\\/veteraanienperinto.fi\\\/?s={search_term_string}\"},\"query-input\":{\"@type\":\"PropertyValueSpecification\",\"valueRequired\":true,\"valueName\":\"search_term_string\"}}],\"inLanguage\":\"fi\"}]}<\/script>\n<!-- \/ Yoast SEO plugin. -->","yoast_head_json":{"title":"Tyskland - Veteraanien Perint\u00f6","robots":{"index":"index","follow":"follow","max-snippet":"max-snippet:-1","max-image-preview":"max-image-preview:large","max-video-preview":"max-video-preview:-1"},"canonical":"https:\/\/veteraanienperinto.fi\/index.php\/sv\/vinterkriget\/vinterkrigets-bakgrund\/utrikespolitisk-situation\/tyskland\/","og_locale":"fi_FI","og_type":"article","og_title":"Tyskland - Veteraanien Perint\u00f6","og_url":"https:\/\/veteraanienperinto.fi\/index.php\/sv\/vinterkriget\/vinterkrigets-bakgrund\/utrikespolitisk-situation\/tyskland\/","og_site_name":"Veteraanien Perint\u00f6","article_modified_time":"2021-01-26T18:21:59+00:00","twitter_card":"summary_large_image","twitter_misc":{"Arvioitu lukuaika":"3 minuuttia"},"schema":{"@context":"https:\/\/schema.org","@graph":[{"@type":"WebPage","@id":"https:\/\/veteraanienperinto.fi\/index.php\/sv\/vinterkriget\/vinterkrigets-bakgrund\/utrikespolitisk-situation\/tyskland\/","url":"https:\/\/veteraanienperinto.fi\/index.php\/sv\/vinterkriget\/vinterkrigets-bakgrund\/utrikespolitisk-situation\/tyskland\/","name":"Tyskland - Veteraanien Perint\u00f6","isPartOf":{"@id":"https:\/\/veteraanienperinto.fi\/#website"},"datePublished":"2020-11-17T12:56:56+00:00","dateModified":"2021-01-26T18:21:59+00:00","breadcrumb":{"@id":"https:\/\/veteraanienperinto.fi\/index.php\/sv\/vinterkriget\/vinterkrigets-bakgrund\/utrikespolitisk-situation\/tyskland\/#breadcrumb"},"inLanguage":"fi","potentialAction":[{"@type":"ReadAction","target":["https:\/\/veteraanienperinto.fi\/index.php\/sv\/vinterkriget\/vinterkrigets-bakgrund\/utrikespolitisk-situation\/tyskland\/"]}]},{"@type":"BreadcrumbList","@id":"https:\/\/veteraanienperinto.fi\/index.php\/sv\/vinterkriget\/vinterkrigets-bakgrund\/utrikespolitisk-situation\/tyskland\/#breadcrumb","itemListElement":[{"@type":"ListItem","position":1,"name":"Etusivu","item":"https:\/\/veteraanienperinto.fi\/index.php\/etusivu-2\/"},{"@type":"ListItem","position":2,"name":"Vinterkriget","item":"https:\/\/veteraanienperinto.fi\/index.php\/sv\/vinterkriget\/"},{"@type":"ListItem","position":3,"name":"Vinterkrigets bakgrund","item":"https:\/\/veteraanienperinto.fi\/index.php\/sv\/vinterkriget\/vinterkrigets-bakgrund\/"},{"@type":"ListItem","position":4,"name":"Utrikespolitisk situation","item":"https:\/\/veteraanienperinto.fi\/index.php\/sv\/vinterkriget\/vinterkrigets-bakgrund\/utrikespolitisk-situation\/"},{"@type":"ListItem","position":5,"name":"Tyskland"}]},{"@type":"WebSite","@id":"https:\/\/veteraanienperinto.fi\/#website","url":"https:\/\/veteraanienperinto.fi\/","name":"Veteraanien Perint\u00f6","description":"Kadettikunta","potentialAction":[{"@type":"SearchAction","target":{"@type":"EntryPoint","urlTemplate":"https:\/\/veteraanienperinto.fi\/?s={search_term_string}"},"query-input":{"@type":"PropertyValueSpecification","valueRequired":true,"valueName":"search_term_string"}}],"inLanguage":"fi"}]}},"_links":{"self":[{"href":"https:\/\/veteraanienperinto.fi\/index.php\/wp-json\/wp\/v2\/pages\/5319","targetHints":{"allow":["GET"]}}],"collection":[{"href":"https:\/\/veteraanienperinto.fi\/index.php\/wp-json\/wp\/v2\/pages"}],"about":[{"href":"https:\/\/veteraanienperinto.fi\/index.php\/wp-json\/wp\/v2\/types\/page"}],"author":[{"embeddable":true,"href":"https:\/\/veteraanienperinto.fi\/index.php\/wp-json\/wp\/v2\/users\/1"}],"replies":[{"embeddable":true,"href":"https:\/\/veteraanienperinto.fi\/index.php\/wp-json\/wp\/v2\/comments?post=5319"}],"version-history":[{"count":5,"href":"https:\/\/veteraanienperinto.fi\/index.php\/wp-json\/wp\/v2\/pages\/5319\/revisions"}],"predecessor-version":[{"id":10697,"href":"https:\/\/veteraanienperinto.fi\/index.php\/wp-json\/wp\/v2\/pages\/5319\/revisions\/10697"}],"up":[{"embeddable":true,"href":"https:\/\/veteraanienperinto.fi\/index.php\/wp-json\/wp\/v2\/pages\/5315"}],"wp:attachment":[{"href":"https:\/\/veteraanienperinto.fi\/index.php\/wp-json\/wp\/v2\/media?parent=5319"}],"curies":[{"name":"wp","href":"https:\/\/api.w.org\/{rel}","templated":true}]}}