{"id":5381,"date":"2020-11-17T13:35:14","date_gmt":"2020-11-17T13:35:14","guid":{"rendered":"https:\/\/veteraani.ylirotu.fi\/?page_id=5381"},"modified":"2021-01-26T23:03:51","modified_gmt":"2021-01-26T23:03:51","slug":"krigsutbrottet","status":"publish","type":"page","link":"https:\/\/veteraanienperinto.fi\/index.php\/sv\/vinterkriget\/vinterkrigets-gang\/krigsutbrottet\/","title":{"rendered":"Krigsutbrottet"},"content":{"rendered":"<div id='full_slider_1'  class='avia-fullwidth-slider main_color avia-shadow   avia-builder-el-0  el_before_av_heading  avia-builder-el-first   container_wrap sidebar_right'  ><div  class='avia-slideshow av-kgtwayzi-fb8a55f341e02b3616a12f54bedbd6fd avia-slideshow-featured av_slideshow_full avia-slide-slider av-slideshow-ui av-control-default av-slideshow-manual av-loop-once av-loop-manual-endless av-default-height-applied   avia-slideshow-1' data-slideshow-options=\"{&quot;animation&quot;:&quot;slide&quot;,&quot;autoplay&quot;:false,&quot;loop_autoplay&quot;:&quot;once&quot;,&quot;interval&quot;:5,&quot;loop_manual&quot;:&quot;manual-endless&quot;,&quot;autoplay_stopper&quot;:false,&quot;noNavigation&quot;:false,&quot;bg_slider&quot;:false,&quot;keep_padding&quot;:false,&quot;hoverpause&quot;:false,&quot;show_slide_delay&quot;:0}\"  itemprop=\"image\" itemscope=\"itemscope\" itemtype=\"https:\/\/schema.org\/ImageObject\" ><ul class='avia-slideshow-inner ' style='padding-bottom: 28.666666666667%;'><li  class='avia-slideshow-slide av-kgtwayzi-fb8a55f341e02b3616a12f54bedbd6fd__0  av-single-slide slide-1 slide-odd'><div data-rel='slideshow-1' class='avia-slide-wrap '   ><div class='av-slideshow-caption av-kgtwayzi-fb8a55f341e02b3616a12f54bedbd6fd__0 caption_fullwidth caption_bottom caption_bottom_framed caption_framed'><div class=\"container caption_container\"><div class=\"slideshow_caption\"><div class=\"slideshow_inner_caption\"><div class=\"slideshow_align_caption\"><div class='avia-caption-content '  itemprop=\"description\" ><p>Frukost under extra\u00f6vningar h\u00f6sten 1939 p\u00e5 den Karelska n\u00e4set landtungen<\/p>\n<\/div><\/div><\/div><\/div><\/div><\/div><img decoding=\"async\" fetchpriority=\"high\" class=\"wp-image-4565 avia-img-lazy-loading-not-4565\"  src=\"https:\/\/veteraanienperinto.fi\/wp-content\/uploads\/2020\/10\/yh-kannas-1500x430.png\" width=\"1500\" height=\"430\" title='yh-kannas' alt=''  itemprop=\"thumbnailUrl\" srcset=\"https:\/\/veteraanienperinto.fi\/wp-content\/uploads\/2020\/10\/yh-kannas.png 1500w, https:\/\/veteraanienperinto.fi\/wp-content\/uploads\/2020\/10\/yh-kannas-300x86.png 300w, https:\/\/veteraanienperinto.fi\/wp-content\/uploads\/2020\/10\/yh-kannas-1030x295.png 1030w, https:\/\/veteraanienperinto.fi\/wp-content\/uploads\/2020\/10\/yh-kannas-768x220.png 768w, https:\/\/veteraanienperinto.fi\/wp-content\/uploads\/2020\/10\/yh-kannas-705x202.png 705w\" sizes=\"(max-width: 1500px) 100vw, 1500px\" \/><\/div><\/li><\/ul><\/div><\/div><div id='after_full_slider_1'  class='main_color av_default_container_wrap container_wrap sidebar_right'  ><div class='container av-section-cont-open' ><div class='template-page content  av-content-small alpha units'><div class='post-entry post-entry-type-page post-entry-5381'><div class='entry-content-wrapper clearfix'>\n\n<style type=\"text\/css\" data-created_by=\"avia_inline_auto\" id=\"style-css-av-kkelw8et-644c19f0b543c6fc2432fbb6071470a6\">\n#top .av-special-heading.av-kkelw8et-644c19f0b543c6fc2432fbb6071470a6{\npadding-bottom:10px;\n}\nbody .av-special-heading.av-kkelw8et-644c19f0b543c6fc2432fbb6071470a6 .av-special-heading-tag .heading-char{\nfont-size:25px;\n}\n.av-special-heading.av-kkelw8et-644c19f0b543c6fc2432fbb6071470a6 .av-subheading{\nfont-size:15px;\n}\n<\/style>\n<div  class='av-special-heading av-kkelw8et-644c19f0b543c6fc2432fbb6071470a6 av-special-heading-h2  avia-builder-el-1  el_after_av_slideshow_full  el_before_av_textblock  avia-builder-el-first '><h2 class='av-special-heading-tag'  itemprop=\"headline\"  >Krigsutbrottet<\/h2><div class=\"special-heading-border\"><div class=\"special-heading-inner-border\"><\/div><\/div><\/div>\n<section  class='av_textblock_section av-kdsr1etg-e9d29ce21b88c7808a8ae4c4f60a7bbb '   itemscope=\"itemscope\" itemtype=\"https:\/\/schema.org\/CreativeWork\" ><div class='avia_textblock'  itemprop=\"text\" ><p>Sovjetarm\u00e9n inledde anfall mot Finland till lands, till sj\u00f6ss och i luften 30.11.1939. Vid landgr\u00e4nserna kom inte fienden \u00e5t att \u00f6verraska, eftersom skyddstrupper sammansatta av bev\u00e4ringar och reservister fr\u00e5n gr\u00e4nstrakterna hade grupperats vid gr\u00e4nserna genast efter att \u00f6verl\u00e4ggningarna hade b\u00f6rjat i Moskva. Ocks\u00e5 andra reservister, som bildade f\u00e4ltarm\u00e9n, hade 6.10. inkallats till extra \u00f6vningar, vilka allm\u00e4nt p\u00e5 finska gavs ben\u00e4mningen YH. Trupperna f\u00f6rflyttades fr\u00e5n sina hembygder till planerade f\u00f6rsvarsst\u00e4llningar, d\u00e4r utbildning och bef\u00e4stningsarbete p\u00e5b\u00f6rjades. YH-tiden hade en avg\u00f6rande och viktig betydelse f\u00f6r arm\u00e9ns stridsberedskap.<\/p>\n<p>I Helsingfors var \u00e4nd\u00e5 \u00f6verraskningen total. Sovjetiska bombplan f\u00e4llde sina bomber i Helsingfors genast 30.11. p\u00e5 morgonen. Sammanlagt 91 civilpersoner miste livet.<\/p>\n<p>Sovjetunionens avsikt var att snabbt sl\u00e5 de finl\u00e4ndska trupperna och avancera till Helsingfors inom tv\u00e5 veckor. Samtidigt hade man f\u00f6r avsikt att sk\u00e4ra av Finland med hj\u00e4lp av trupper som skulle anfalla i riktning mot Ule\u00e5borg. Alla v\u00e4griktningar utnyttjades. Man trodde inte p\u00e5 n\u00e5got segt motst\u00e5nd fr\u00e5n finl\u00e4ndarna.<\/p>\n<\/div><\/section>\n\n<style type=\"text\/css\" data-created_by=\"avia_inline_auto\" id=\"style-css-av-kh4cw4rf-8dd8d3dcbda5a1379a8a9b7c0357afaf\">\n.avia-image-container.av-kh4cw4rf-8dd8d3dcbda5a1379a8a9b7c0357afaf img.avia_image{\nbox-shadow:none;\n}\n.avia-image-container.av-kh4cw4rf-8dd8d3dcbda5a1379a8a9b7c0357afaf .av-image-caption-overlay-center{\ncolor:#ffffff;\n}\n<\/style>\n<div  class='avia-image-container av-kh4cw4rf-8dd8d3dcbda5a1379a8a9b7c0357afaf av-styling- avia-align-center  avia-builder-el-3  el_after_av_textblock  avia-builder-el-last '   itemprop=\"image\" itemscope=\"itemscope\" itemtype=\"https:\/\/schema.org\/ImageObject\" ><div class=\"avia-image-container-inner\"><div class=\"avia-image-overlay-wrap\"><img decoding=\"async\" fetchpriority=\"high\" class='wp-image-5110 avia-img-lazy-loading-not-5110 avia_image ' src=\"https:\/\/veteraanienperinto.fi\/wp-content\/uploads\/2020\/11\/talvisodantaistelut-scaled.jpg\" alt='' title='talvisodantaistelut'  height=\"2560\" width=\"2017\"  itemprop=\"thumbnailUrl\" srcset=\"https:\/\/veteraanienperinto.fi\/wp-content\/uploads\/2020\/11\/talvisodantaistelut-scaled.jpg 2017w, https:\/\/veteraanienperinto.fi\/wp-content\/uploads\/2020\/11\/talvisodantaistelut-236x300.jpg 236w, https:\/\/veteraanienperinto.fi\/wp-content\/uploads\/2020\/11\/talvisodantaistelut-811x1030.jpg 811w, https:\/\/veteraanienperinto.fi\/wp-content\/uploads\/2020\/11\/talvisodantaistelut-768x975.jpg 768w, https:\/\/veteraanienperinto.fi\/wp-content\/uploads\/2020\/11\/talvisodantaistelut-1210x1536.jpg 1210w, https:\/\/veteraanienperinto.fi\/wp-content\/uploads\/2020\/11\/talvisodantaistelut-1613x2048.jpg 1613w, https:\/\/veteraanienperinto.fi\/wp-content\/uploads\/2020\/11\/talvisodantaistelut-1182x1500.jpg 1182w, https:\/\/veteraanienperinto.fi\/wp-content\/uploads\/2020\/11\/talvisodantaistelut-555x705.jpg 555w\" sizes=\"(max-width: 2017px) 100vw, 2017px\" \/><\/div><\/div><\/div>\n","protected":false},"excerpt":{"rendered":"","protected":false},"author":1,"featured_media":0,"parent":5377,"menu_order":0,"comment_status":"closed","ping_status":"closed","template":"","meta":{"footnotes":""},"class_list":["post-5381","page","type-page","status-publish","hentry"],"yoast_head":"<!-- This site is optimized with the Yoast SEO plugin v27.4 - https:\/\/yoast.com\/product\/yoast-seo-wordpress\/ -->\n<title>Krigsutbrottet - Veteraanien Perint\u00f6<\/title>\n<meta name=\"robots\" content=\"index, follow, max-snippet:-1, max-image-preview:large, max-video-preview:-1\" \/>\n<link rel=\"canonical\" href=\"https:\/\/veteraanienperinto.fi\/index.php\/sv\/vinterkriget\/vinterkrigets-gang\/krigsutbrottet\/\" \/>\n<meta property=\"og:locale\" content=\"fi_FI\" \/>\n<meta property=\"og:type\" content=\"article\" \/>\n<meta property=\"og:title\" content=\"Krigsutbrottet - Veteraanien Perint\u00f6\" \/>\n<meta property=\"og:url\" content=\"https:\/\/veteraanienperinto.fi\/index.php\/sv\/vinterkriget\/vinterkrigets-gang\/krigsutbrottet\/\" \/>\n<meta property=\"og:site_name\" content=\"Veteraanien Perint\u00f6\" \/>\n<meta property=\"article:modified_time\" content=\"2021-01-26T23:03:51+00:00\" \/>\n<meta name=\"twitter:card\" content=\"summary_large_image\" \/>\n<meta name=\"twitter:label1\" content=\"Arvioitu lukuaika\" \/>\n\t<meta name=\"twitter:data1\" content=\"3 minuuttia\" \/>\n<script type=\"application\/ld+json\" class=\"yoast-schema-graph\">{\"@context\":\"https:\\\/\\\/schema.org\",\"@graph\":[{\"@type\":\"WebPage\",\"@id\":\"https:\\\/\\\/veteraanienperinto.fi\\\/index.php\\\/sv\\\/vinterkriget\\\/vinterkrigets-gang\\\/krigsutbrottet\\\/\",\"url\":\"https:\\\/\\\/veteraanienperinto.fi\\\/index.php\\\/sv\\\/vinterkriget\\\/vinterkrigets-gang\\\/krigsutbrottet\\\/\",\"name\":\"Krigsutbrottet - Veteraanien Perint\u00f6\",\"isPartOf\":{\"@id\":\"https:\\\/\\\/veteraanienperinto.fi\\\/#website\"},\"datePublished\":\"2020-11-17T13:35:14+00:00\",\"dateModified\":\"2021-01-26T23:03:51+00:00\",\"breadcrumb\":{\"@id\":\"https:\\\/\\\/veteraanienperinto.fi\\\/index.php\\\/sv\\\/vinterkriget\\\/vinterkrigets-gang\\\/krigsutbrottet\\\/#breadcrumb\"},\"inLanguage\":\"fi\",\"potentialAction\":[{\"@type\":\"ReadAction\",\"target\":[\"https:\\\/\\\/veteraanienperinto.fi\\\/index.php\\\/sv\\\/vinterkriget\\\/vinterkrigets-gang\\\/krigsutbrottet\\\/\"]}]},{\"@type\":\"BreadcrumbList\",\"@id\":\"https:\\\/\\\/veteraanienperinto.fi\\\/index.php\\\/sv\\\/vinterkriget\\\/vinterkrigets-gang\\\/krigsutbrottet\\\/#breadcrumb\",\"itemListElement\":[{\"@type\":\"ListItem\",\"position\":1,\"name\":\"Etusivu\",\"item\":\"https:\\\/\\\/veteraanienperinto.fi\\\/index.php\\\/etusivu-2\\\/\"},{\"@type\":\"ListItem\",\"position\":2,\"name\":\"Vinterkriget\",\"item\":\"https:\\\/\\\/veteraanienperinto.fi\\\/index.php\\\/sv\\\/vinterkriget\\\/\"},{\"@type\":\"ListItem\",\"position\":3,\"name\":\"Vinterkrigets g\u00e5ng\",\"item\":\"https:\\\/\\\/veteraanienperinto.fi\\\/index.php\\\/sv\\\/vinterkriget\\\/vinterkrigets-gang\\\/\"},{\"@type\":\"ListItem\",\"position\":4,\"name\":\"Krigsutbrottet\"}]},{\"@type\":\"WebSite\",\"@id\":\"https:\\\/\\\/veteraanienperinto.fi\\\/#website\",\"url\":\"https:\\\/\\\/veteraanienperinto.fi\\\/\",\"name\":\"Veteraanien Perint\u00f6\",\"description\":\"Kadettikunta\",\"potentialAction\":[{\"@type\":\"SearchAction\",\"target\":{\"@type\":\"EntryPoint\",\"urlTemplate\":\"https:\\\/\\\/veteraanienperinto.fi\\\/?s={search_term_string}\"},\"query-input\":{\"@type\":\"PropertyValueSpecification\",\"valueRequired\":true,\"valueName\":\"search_term_string\"}}],\"inLanguage\":\"fi\"}]}<\/script>\n<!-- \/ Yoast SEO plugin. -->","yoast_head_json":{"title":"Krigsutbrottet - Veteraanien Perint\u00f6","robots":{"index":"index","follow":"follow","max-snippet":"max-snippet:-1","max-image-preview":"max-image-preview:large","max-video-preview":"max-video-preview:-1"},"canonical":"https:\/\/veteraanienperinto.fi\/index.php\/sv\/vinterkriget\/vinterkrigets-gang\/krigsutbrottet\/","og_locale":"fi_FI","og_type":"article","og_title":"Krigsutbrottet - Veteraanien Perint\u00f6","og_url":"https:\/\/veteraanienperinto.fi\/index.php\/sv\/vinterkriget\/vinterkrigets-gang\/krigsutbrottet\/","og_site_name":"Veteraanien Perint\u00f6","article_modified_time":"2021-01-26T23:03:51+00:00","twitter_card":"summary_large_image","twitter_misc":{"Arvioitu lukuaika":"3 minuuttia"},"schema":{"@context":"https:\/\/schema.org","@graph":[{"@type":"WebPage","@id":"https:\/\/veteraanienperinto.fi\/index.php\/sv\/vinterkriget\/vinterkrigets-gang\/krigsutbrottet\/","url":"https:\/\/veteraanienperinto.fi\/index.php\/sv\/vinterkriget\/vinterkrigets-gang\/krigsutbrottet\/","name":"Krigsutbrottet - Veteraanien Perint\u00f6","isPartOf":{"@id":"https:\/\/veteraanienperinto.fi\/#website"},"datePublished":"2020-11-17T13:35:14+00:00","dateModified":"2021-01-26T23:03:51+00:00","breadcrumb":{"@id":"https:\/\/veteraanienperinto.fi\/index.php\/sv\/vinterkriget\/vinterkrigets-gang\/krigsutbrottet\/#breadcrumb"},"inLanguage":"fi","potentialAction":[{"@type":"ReadAction","target":["https:\/\/veteraanienperinto.fi\/index.php\/sv\/vinterkriget\/vinterkrigets-gang\/krigsutbrottet\/"]}]},{"@type":"BreadcrumbList","@id":"https:\/\/veteraanienperinto.fi\/index.php\/sv\/vinterkriget\/vinterkrigets-gang\/krigsutbrottet\/#breadcrumb","itemListElement":[{"@type":"ListItem","position":1,"name":"Etusivu","item":"https:\/\/veteraanienperinto.fi\/index.php\/etusivu-2\/"},{"@type":"ListItem","position":2,"name":"Vinterkriget","item":"https:\/\/veteraanienperinto.fi\/index.php\/sv\/vinterkriget\/"},{"@type":"ListItem","position":3,"name":"Vinterkrigets g\u00e5ng","item":"https:\/\/veteraanienperinto.fi\/index.php\/sv\/vinterkriget\/vinterkrigets-gang\/"},{"@type":"ListItem","position":4,"name":"Krigsutbrottet"}]},{"@type":"WebSite","@id":"https:\/\/veteraanienperinto.fi\/#website","url":"https:\/\/veteraanienperinto.fi\/","name":"Veteraanien Perint\u00f6","description":"Kadettikunta","potentialAction":[{"@type":"SearchAction","target":{"@type":"EntryPoint","urlTemplate":"https:\/\/veteraanienperinto.fi\/?s={search_term_string}"},"query-input":{"@type":"PropertyValueSpecification","valueRequired":true,"valueName":"search_term_string"}}],"inLanguage":"fi"}]}},"_links":{"self":[{"href":"https:\/\/veteraanienperinto.fi\/index.php\/wp-json\/wp\/v2\/pages\/5381","targetHints":{"allow":["GET"]}}],"collection":[{"href":"https:\/\/veteraanienperinto.fi\/index.php\/wp-json\/wp\/v2\/pages"}],"about":[{"href":"https:\/\/veteraanienperinto.fi\/index.php\/wp-json\/wp\/v2\/types\/page"}],"author":[{"embeddable":true,"href":"https:\/\/veteraanienperinto.fi\/index.php\/wp-json\/wp\/v2\/users\/1"}],"replies":[{"embeddable":true,"href":"https:\/\/veteraanienperinto.fi\/index.php\/wp-json\/wp\/v2\/comments?post=5381"}],"version-history":[{"count":8,"href":"https:\/\/veteraanienperinto.fi\/index.php\/wp-json\/wp\/v2\/pages\/5381\/revisions"}],"predecessor-version":[{"id":10821,"href":"https:\/\/veteraanienperinto.fi\/index.php\/wp-json\/wp\/v2\/pages\/5381\/revisions\/10821"}],"up":[{"embeddable":true,"href":"https:\/\/veteraanienperinto.fi\/index.php\/wp-json\/wp\/v2\/pages\/5377"}],"wp:attachment":[{"href":"https:\/\/veteraanienperinto.fi\/index.php\/wp-json\/wp\/v2\/media?parent=5381"}],"curies":[{"name":"wp","href":"https:\/\/api.w.org\/{rel}","templated":true}]}}