{"id":5389,"date":"2020-11-17T13:37:52","date_gmt":"2020-11-17T13:37:52","guid":{"rendered":"https:\/\/veteraani.ylirotu.fi\/?page_id=5389"},"modified":"2021-01-26T23:04:38","modified_gmt":"2021-01-26T23:04:38","slug":"avvarjningssegrarna-pa-karelska-naset","status":"publish","type":"page","link":"https:\/\/veteraanienperinto.fi\/index.php\/sv\/vinterkriget\/vinterkrigets-gang\/avvarjningssegrarna-pa-karelska-naset\/","title":{"rendered":"Avv\u00e4rjningssegrarna p\u00e5 Karelska n\u00e4set"},"content":{"rendered":"<div id='full_slider_1'  class='avia-fullwidth-slider main_color avia-shadow   avia-builder-el-0  el_before_av_heading  avia-builder-el-first   container_wrap sidebar_right'  ><div  class='avia-slideshow av-bmr2b-c6c6925b2aaa4e2afbf063c3e7d1c6fb avia-slideshow-featured av_slideshow_full avia-slide-slider av-slideshow-ui av-control-default av-slideshow-manual av-loop-once av-loop-manual-endless av-default-height-applied   avia-slideshow-1' data-slideshow-options=\"{&quot;animation&quot;:&quot;slide&quot;,&quot;autoplay&quot;:false,&quot;loop_autoplay&quot;:&quot;once&quot;,&quot;interval&quot;:5,&quot;loop_manual&quot;:&quot;manual-endless&quot;,&quot;autoplay_stopper&quot;:false,&quot;noNavigation&quot;:false,&quot;bg_slider&quot;:false,&quot;keep_padding&quot;:false,&quot;hoverpause&quot;:false,&quot;show_slide_delay&quot;:0}\"  itemprop=\"image\" itemscope=\"itemscope\" itemtype=\"https:\/\/schema.org\/ImageObject\" ><ul class='avia-slideshow-inner ' style='padding-bottom: 28.666666666667%;'><li  class='avia-slideshow-slide av-bmr2b-c6c6925b2aaa4e2afbf063c3e7d1c6fb__0  av-single-slide slide-1 slide-odd'><div data-rel='slideshow-1' class='avia-slide-wrap '   ><div class='av-slideshow-caption av-bmr2b-c6c6925b2aaa4e2afbf063c3e7d1c6fb__0 caption_fullwidth caption_bottom caption_bottom_framed caption_framed'><div class=\"container caption_container\"><div class=\"slideshow_caption\"><div class=\"slideshow_inner_caption\"><div class=\"slideshow_align_caption\"><div class='avia-caption-content '  itemprop=\"description\" ><p>Soldater fr\u00e5n Kuoleman komppania &#8221;D\u00f6dens Kompani&#8221; i L\u00e4tt Division i Division 4 i Summa den 20 december 1939<\/p>\n<\/div><\/div><\/div><\/div><\/div><\/div><img decoding=\"async\" fetchpriority=\"high\" class=\"wp-image-4572 avia-img-lazy-loading-not-4572\"  src=\"https:\/\/veteraanienperinto.fi\/wp-content\/uploads\/2020\/10\/kuolemankomppania-1500x430.png\" width=\"1500\" height=\"430\" title='kuolemankomppania' alt=''  itemprop=\"thumbnailUrl\" srcset=\"https:\/\/veteraanienperinto.fi\/wp-content\/uploads\/2020\/10\/kuolemankomppania.png 1500w, https:\/\/veteraanienperinto.fi\/wp-content\/uploads\/2020\/10\/kuolemankomppania-300x86.png 300w, https:\/\/veteraanienperinto.fi\/wp-content\/uploads\/2020\/10\/kuolemankomppania-1030x295.png 1030w, https:\/\/veteraanienperinto.fi\/wp-content\/uploads\/2020\/10\/kuolemankomppania-768x220.png 768w, https:\/\/veteraanienperinto.fi\/wp-content\/uploads\/2020\/10\/kuolemankomppania-705x202.png 705w\" sizes=\"(max-width: 1500px) 100vw, 1500px\" \/><\/div><\/li><\/ul><\/div><\/div><div id='after_full_slider_1'  class='main_color av_default_container_wrap container_wrap sidebar_right'  ><div class='container av-section-cont-open' ><div class='template-page content  av-content-small alpha units'><div class='post-entry post-entry-type-page post-entry-5389'><div class='entry-content-wrapper clearfix'>\n\n<style type=\"text\/css\" data-created_by=\"avia_inline_auto\" id=\"style-css-av-kkelx8ty-fa96b99a6399acde4180f55762c0ffda\">\n#top .av-special-heading.av-kkelx8ty-fa96b99a6399acde4180f55762c0ffda{\npadding-bottom:10px;\n}\nbody .av-special-heading.av-kkelx8ty-fa96b99a6399acde4180f55762c0ffda .av-special-heading-tag .heading-char{\nfont-size:25px;\n}\n.av-special-heading.av-kkelx8ty-fa96b99a6399acde4180f55762c0ffda .av-subheading{\nfont-size:15px;\n}\n<\/style>\n<div  class='av-special-heading av-kkelx8ty-fa96b99a6399acde4180f55762c0ffda av-special-heading-h2  avia-builder-el-1  el_after_av_slideshow_full  el_before_av_textblock  avia-builder-el-first '><h2 class='av-special-heading-tag'  itemprop=\"headline\"  >Avv\u00e4rjningssegrarna p\u00e5 Karelska n\u00e4set<\/h2><div class=\"special-heading-border\"><div class=\"special-heading-inner-border\"><\/div><\/div><\/div>\n<section  class='av_textblock_section av-kdsr1etg-e9d29ce21b88c7808a8ae4c4f60a7bbb '   itemscope=\"itemscope\" itemtype=\"https:\/\/schema.org\/CreativeWork\" ><div class='avia_textblock'  itemprop=\"text\" ><p>Skyddstruppsstriderna r\u00e4ckte ungef\u00e4r en vecka, varefter ryssarna fick k\u00e4nning med finl\u00e4ndarnas huvudst\u00e4llningar. I Taipale i \u00f6stra delen av Karelska n\u00e4set h\u00f6ll angriparen p\u00e5 att komma till genombrott, men avv\u00e4rjdes slutligen i sv\u00e5ra strider. Framf\u00f6r st\u00e4llningarna blev 35 f\u00f6rst\u00f6rda fiendepansarvagnar. Inom Taipaleomr\u00e5det rasade striderna till krigets slut. Ryssarna kom aldrig till ett avg\u00f6rande genombrott och led oerh\u00f6rda f\u00f6rluster.<\/p>\n<p>I riktningen som p\u00e5 f\u00f6rhand bed\u00f6mts som den farligaste, inom Summa och L\u00e4hde avsnitten i de mellersta delarna av Karelska n\u00e4set, f\u00f6rs\u00f6kte fienden bryta igenom v\u00e5rt f\u00f6rsvar strax f\u00f6re julen. En del pansarvagnar kom \u00e5t att tr\u00e4nga sig in i st\u00e4llningarna men de f\u00f6rst\u00f6rdes med br\u00e4nnflaskor och buntladdningar under dygnets m\u00f6rka timmar. Ocks\u00e5 de h\u00e5rdaste fientliga anfall avv\u00e4rjdes senast vid motattacker. P\u00e5 stridsf\u00e4ltet kvarblev 58 f\u00f6rst\u00f6rda pansarvagnar och h\u00f6gvis av stupade fiender. Mannerheimlinjen h\u00f6ll. Tidningarna runt om i v\u00e4rlden skrev om undret i Summa.<\/p>\n<\/div><\/section>\n","protected":false},"excerpt":{"rendered":"","protected":false},"author":1,"featured_media":0,"parent":5377,"menu_order":2,"comment_status":"closed","ping_status":"closed","template":"","meta":{"footnotes":""},"class_list":["post-5389","page","type-page","status-publish","hentry"],"yoast_head":"<!-- This site is optimized with the Yoast SEO plugin v27.6 - https:\/\/yoast.com\/product\/yoast-seo-wordpress\/ -->\n<title>Avv\u00e4rjningssegrarna p\u00e5 Karelska n\u00e4set - Veteraanien Perint\u00f6<\/title>\n<meta name=\"robots\" content=\"index, follow, max-snippet:-1, max-image-preview:large, max-video-preview:-1\" \/>\n<link rel=\"canonical\" href=\"https:\/\/veteraanienperinto.fi\/index.php\/sv\/vinterkriget\/vinterkrigets-gang\/avvarjningssegrarna-pa-karelska-naset\/\" \/>\n<meta property=\"og:locale\" content=\"fi_FI\" \/>\n<meta property=\"og:type\" content=\"article\" \/>\n<meta property=\"og:title\" content=\"Avv\u00e4rjningssegrarna p\u00e5 Karelska n\u00e4set - Veteraanien Perint\u00f6\" \/>\n<meta property=\"og:url\" content=\"https:\/\/veteraanienperinto.fi\/index.php\/sv\/vinterkriget\/vinterkrigets-gang\/avvarjningssegrarna-pa-karelska-naset\/\" \/>\n<meta property=\"og:site_name\" content=\"Veteraanien Perint\u00f6\" \/>\n<meta property=\"article:modified_time\" content=\"2021-01-26T23:04:38+00:00\" \/>\n<meta name=\"twitter:card\" content=\"summary_large_image\" \/>\n<meta name=\"twitter:label1\" content=\"Arvioitu lukuaika\" \/>\n\t<meta name=\"twitter:data1\" content=\"2 minuuttia\" \/>\n<script type=\"application\/ld+json\" class=\"yoast-schema-graph\">{\"@context\":\"https:\\\/\\\/schema.org\",\"@graph\":[{\"@type\":\"WebPage\",\"@id\":\"https:\\\/\\\/veteraanienperinto.fi\\\/index.php\\\/sv\\\/vinterkriget\\\/vinterkrigets-gang\\\/avvarjningssegrarna-pa-karelska-naset\\\/\",\"url\":\"https:\\\/\\\/veteraanienperinto.fi\\\/index.php\\\/sv\\\/vinterkriget\\\/vinterkrigets-gang\\\/avvarjningssegrarna-pa-karelska-naset\\\/\",\"name\":\"Avv\u00e4rjningssegrarna p\u00e5 Karelska n\u00e4set - Veteraanien Perint\u00f6\",\"isPartOf\":{\"@id\":\"https:\\\/\\\/veteraanienperinto.fi\\\/#website\"},\"datePublished\":\"2020-11-17T13:37:52+00:00\",\"dateModified\":\"2021-01-26T23:04:38+00:00\",\"breadcrumb\":{\"@id\":\"https:\\\/\\\/veteraanienperinto.fi\\\/index.php\\\/sv\\\/vinterkriget\\\/vinterkrigets-gang\\\/avvarjningssegrarna-pa-karelska-naset\\\/#breadcrumb\"},\"inLanguage\":\"fi\",\"potentialAction\":[{\"@type\":\"ReadAction\",\"target\":[\"https:\\\/\\\/veteraanienperinto.fi\\\/index.php\\\/sv\\\/vinterkriget\\\/vinterkrigets-gang\\\/avvarjningssegrarna-pa-karelska-naset\\\/\"]}]},{\"@type\":\"BreadcrumbList\",\"@id\":\"https:\\\/\\\/veteraanienperinto.fi\\\/index.php\\\/sv\\\/vinterkriget\\\/vinterkrigets-gang\\\/avvarjningssegrarna-pa-karelska-naset\\\/#breadcrumb\",\"itemListElement\":[{\"@type\":\"ListItem\",\"position\":1,\"name\":\"Etusivu\",\"item\":\"https:\\\/\\\/veteraanienperinto.fi\\\/index.php\\\/etusivu-2\\\/\"},{\"@type\":\"ListItem\",\"position\":2,\"name\":\"Vinterkriget\",\"item\":\"https:\\\/\\\/veteraanienperinto.fi\\\/index.php\\\/sv\\\/vinterkriget\\\/\"},{\"@type\":\"ListItem\",\"position\":3,\"name\":\"Vinterkrigets g\u00e5ng\",\"item\":\"https:\\\/\\\/veteraanienperinto.fi\\\/index.php\\\/sv\\\/vinterkriget\\\/vinterkrigets-gang\\\/\"},{\"@type\":\"ListItem\",\"position\":4,\"name\":\"Avv\u00e4rjningssegrarna p\u00e5 Karelska n\u00e4set\"}]},{\"@type\":\"WebSite\",\"@id\":\"https:\\\/\\\/veteraanienperinto.fi\\\/#website\",\"url\":\"https:\\\/\\\/veteraanienperinto.fi\\\/\",\"name\":\"Veteraanien Perint\u00f6\",\"description\":\"Kadettikunta\",\"potentialAction\":[{\"@type\":\"SearchAction\",\"target\":{\"@type\":\"EntryPoint\",\"urlTemplate\":\"https:\\\/\\\/veteraanienperinto.fi\\\/?s={search_term_string}\"},\"query-input\":{\"@type\":\"PropertyValueSpecification\",\"valueRequired\":true,\"valueName\":\"search_term_string\"}}],\"inLanguage\":\"fi\"}]}<\/script>\n<!-- \/ Yoast SEO plugin. -->","yoast_head_json":{"title":"Avv\u00e4rjningssegrarna p\u00e5 Karelska n\u00e4set - Veteraanien Perint\u00f6","robots":{"index":"index","follow":"follow","max-snippet":"max-snippet:-1","max-image-preview":"max-image-preview:large","max-video-preview":"max-video-preview:-1"},"canonical":"https:\/\/veteraanienperinto.fi\/index.php\/sv\/vinterkriget\/vinterkrigets-gang\/avvarjningssegrarna-pa-karelska-naset\/","og_locale":"fi_FI","og_type":"article","og_title":"Avv\u00e4rjningssegrarna p\u00e5 Karelska n\u00e4set - Veteraanien Perint\u00f6","og_url":"https:\/\/veteraanienperinto.fi\/index.php\/sv\/vinterkriget\/vinterkrigets-gang\/avvarjningssegrarna-pa-karelska-naset\/","og_site_name":"Veteraanien Perint\u00f6","article_modified_time":"2021-01-26T23:04:38+00:00","twitter_card":"summary_large_image","twitter_misc":{"Arvioitu lukuaika":"2 minuuttia"},"schema":{"@context":"https:\/\/schema.org","@graph":[{"@type":"WebPage","@id":"https:\/\/veteraanienperinto.fi\/index.php\/sv\/vinterkriget\/vinterkrigets-gang\/avvarjningssegrarna-pa-karelska-naset\/","url":"https:\/\/veteraanienperinto.fi\/index.php\/sv\/vinterkriget\/vinterkrigets-gang\/avvarjningssegrarna-pa-karelska-naset\/","name":"Avv\u00e4rjningssegrarna p\u00e5 Karelska n\u00e4set - Veteraanien Perint\u00f6","isPartOf":{"@id":"https:\/\/veteraanienperinto.fi\/#website"},"datePublished":"2020-11-17T13:37:52+00:00","dateModified":"2021-01-26T23:04:38+00:00","breadcrumb":{"@id":"https:\/\/veteraanienperinto.fi\/index.php\/sv\/vinterkriget\/vinterkrigets-gang\/avvarjningssegrarna-pa-karelska-naset\/#breadcrumb"},"inLanguage":"fi","potentialAction":[{"@type":"ReadAction","target":["https:\/\/veteraanienperinto.fi\/index.php\/sv\/vinterkriget\/vinterkrigets-gang\/avvarjningssegrarna-pa-karelska-naset\/"]}]},{"@type":"BreadcrumbList","@id":"https:\/\/veteraanienperinto.fi\/index.php\/sv\/vinterkriget\/vinterkrigets-gang\/avvarjningssegrarna-pa-karelska-naset\/#breadcrumb","itemListElement":[{"@type":"ListItem","position":1,"name":"Etusivu","item":"https:\/\/veteraanienperinto.fi\/index.php\/etusivu-2\/"},{"@type":"ListItem","position":2,"name":"Vinterkriget","item":"https:\/\/veteraanienperinto.fi\/index.php\/sv\/vinterkriget\/"},{"@type":"ListItem","position":3,"name":"Vinterkrigets g\u00e5ng","item":"https:\/\/veteraanienperinto.fi\/index.php\/sv\/vinterkriget\/vinterkrigets-gang\/"},{"@type":"ListItem","position":4,"name":"Avv\u00e4rjningssegrarna p\u00e5 Karelska n\u00e4set"}]},{"@type":"WebSite","@id":"https:\/\/veteraanienperinto.fi\/#website","url":"https:\/\/veteraanienperinto.fi\/","name":"Veteraanien Perint\u00f6","description":"Kadettikunta","potentialAction":[{"@type":"SearchAction","target":{"@type":"EntryPoint","urlTemplate":"https:\/\/veteraanienperinto.fi\/?s={search_term_string}"},"query-input":{"@type":"PropertyValueSpecification","valueRequired":true,"valueName":"search_term_string"}}],"inLanguage":"fi"}]}},"_links":{"self":[{"href":"https:\/\/veteraanienperinto.fi\/index.php\/wp-json\/wp\/v2\/pages\/5389","targetHints":{"allow":["GET"]}}],"collection":[{"href":"https:\/\/veteraanienperinto.fi\/index.php\/wp-json\/wp\/v2\/pages"}],"about":[{"href":"https:\/\/veteraanienperinto.fi\/index.php\/wp-json\/wp\/v2\/types\/page"}],"author":[{"embeddable":true,"href":"https:\/\/veteraanienperinto.fi\/index.php\/wp-json\/wp\/v2\/users\/1"}],"replies":[{"embeddable":true,"href":"https:\/\/veteraanienperinto.fi\/index.php\/wp-json\/wp\/v2\/comments?post=5389"}],"version-history":[{"count":8,"href":"https:\/\/veteraanienperinto.fi\/index.php\/wp-json\/wp\/v2\/pages\/5389\/revisions"}],"predecessor-version":[{"id":10825,"href":"https:\/\/veteraanienperinto.fi\/index.php\/wp-json\/wp\/v2\/pages\/5389\/revisions\/10825"}],"up":[{"embeddable":true,"href":"https:\/\/veteraanienperinto.fi\/index.php\/wp-json\/wp\/v2\/pages\/5377"}],"wp:attachment":[{"href":"https:\/\/veteraanienperinto.fi\/index.php\/wp-json\/wp\/v2\/media?parent=5389"}],"curies":[{"name":"wp","href":"https:\/\/api.w.org\/{rel}","templated":true}]}}