{"id":5401,"date":"2020-11-17T13:40:31","date_gmt":"2020-11-17T13:40:31","guid":{"rendered":"https:\/\/veteraani.ylirotu.fi\/?page_id=5401"},"modified":"2021-01-27T08:01:39","modified_gmt":"2021-01-27T08:01:39","slug":"moskvafreden","status":"publish","type":"page","link":"https:\/\/veteraanienperinto.fi\/index.php\/sv\/vinterkriget\/vinterkrigets-gang\/moskvafreden\/","title":{"rendered":"Moskvafreden"},"content":{"rendered":"<div id='full_slider_1'  class='avia-fullwidth-slider main_color avia-shadow   avia-builder-el-0  el_before_av_heading  avia-builder-el-first   container_wrap sidebar_right'  ><div  class='avia-slideshow av-kgty3kaa-b7bd24646036c77481badc49651978f6 avia-slideshow-featured av_slideshow_full avia-slide-slider av-slideshow-ui av-control-default av-slideshow-manual av-loop-once av-loop-manual-endless av-default-height-applied   avia-slideshow-1' data-slideshow-options=\"{&quot;animation&quot;:&quot;slide&quot;,&quot;autoplay&quot;:false,&quot;loop_autoplay&quot;:&quot;once&quot;,&quot;interval&quot;:5,&quot;loop_manual&quot;:&quot;manual-endless&quot;,&quot;autoplay_stopper&quot;:false,&quot;noNavigation&quot;:false,&quot;bg_slider&quot;:false,&quot;keep_padding&quot;:false,&quot;hoverpause&quot;:false,&quot;show_slide_delay&quot;:0}\"  itemprop=\"image\" itemscope=\"itemscope\" itemtype=\"https:\/\/schema.org\/ImageObject\" ><ul class='avia-slideshow-inner ' style='padding-bottom: 28.666666666667%;'><li  class='avia-slideshow-slide av-kgty3kaa-b7bd24646036c77481badc49651978f6__0  av-single-slide slide-1 slide-odd'><div data-rel='slideshow-1' class='avia-slide-wrap '   ><div class='av-slideshow-caption av-kgty3kaa-b7bd24646036c77481badc49651978f6__0 caption_fullwidth caption_bottom caption_bottom_framed caption_framed'><div class=\"container caption_container\"><div class=\"slideshow_caption\"><div class=\"slideshow_inner_caption\"><div class=\"slideshow_align_caption\"><div class='avia-caption-content '  itemprop=\"description\" ><p>Sorgflaggning i Helsingfors i mars 1940<\/p>\n<\/div><\/div><\/div><\/div><\/div><\/div><img decoding=\"async\" fetchpriority=\"high\" class=\"wp-image-4586 avia-img-lazy-loading-not-4586\"  src=\"https:\/\/veteraanienperinto.fi\/wp-content\/uploads\/2020\/10\/moskovanrauha-1500x430.png\" width=\"1500\" height=\"430\" title='moskovanrauha' alt=''  itemprop=\"thumbnailUrl\" srcset=\"https:\/\/veteraanienperinto.fi\/wp-content\/uploads\/2020\/10\/moskovanrauha.png 1500w, https:\/\/veteraanienperinto.fi\/wp-content\/uploads\/2020\/10\/moskovanrauha-300x86.png 300w, https:\/\/veteraanienperinto.fi\/wp-content\/uploads\/2020\/10\/moskovanrauha-1030x295.png 1030w, https:\/\/veteraanienperinto.fi\/wp-content\/uploads\/2020\/10\/moskovanrauha-768x220.png 768w, https:\/\/veteraanienperinto.fi\/wp-content\/uploads\/2020\/10\/moskovanrauha-705x202.png 705w\" sizes=\"(max-width: 1500px) 100vw, 1500px\" \/><\/div><\/li><\/ul><\/div><\/div><div id='after_full_slider_1'  class='main_color av_default_container_wrap container_wrap sidebar_right'  ><div class='container av-section-cont-open' ><div class='template-page content  av-content-small alpha units'><div class='post-entry post-entry-type-page post-entry-5401'><div class='entry-content-wrapper clearfix'>\n\n<style type=\"text\/css\" data-created_by=\"avia_inline_auto\" id=\"style-css-av-av_heading-77dde29a100d5238b4e5914b016d17b4\">\n#top .av-special-heading.av-av_heading-77dde29a100d5238b4e5914b016d17b4{\npadding-bottom:10px;\n}\nbody .av-special-heading.av-av_heading-77dde29a100d5238b4e5914b016d17b4 .av-special-heading-tag .heading-char{\nfont-size:25px;\n}\n.av-special-heading.av-av_heading-77dde29a100d5238b4e5914b016d17b4 .av-subheading{\nfont-size:15px;\n}\n<\/style>\n<div  class='av-special-heading av-av_heading-77dde29a100d5238b4e5914b016d17b4 av-special-heading-h2  avia-builder-el-1  el_after_av_slideshow_full  el_before_av_textblock  avia-builder-el-first '><h2 class='av-special-heading-tag'  itemprop=\"headline\"  >Moskvafreden<\/h2><div class=\"special-heading-border\"><div class=\"special-heading-inner-border\"><\/div><\/div><\/div>\n<section  class='av_textblock_section av-kdsr1etg-e9d29ce21b88c7808a8ae4c4f60a7bbb '   itemscope=\"itemscope\" itemtype=\"https:\/\/schema.org\/CreativeWork\" ><div class='avia_textblock'  itemprop=\"text\" ><p>Fredstrevanden hade inletts redan i slutet av februari 1940. De egentliga underhandlingarna inleddes 8.3.1940 i Moskva. Ocks\u00e5 Sovjetunionens ledning f\u00f6rs\u00f6kte snabbt uppn\u00e5 fred. Sovjetunionen hade f\u00f6rutom enorma manskaps- och utrustningsf\u00f6rluster lidit en stor prestigef\u00f6rlust. Ett eventuellt ingripande av Frankrike och England skulle ha haft oanade f\u00f6ljder.<\/p>\n<p>Dessutom n\u00e4rmade sig menf\u00f6restid, vilket skulle ha f\u00f6rsv\u00e5rat massarm\u00e9ns verksamhet. Fredsf\u00f6rdraget undertecknades 12.3.1940 och fientligheterna upph\u00f6rde 13.3. Finlands vinterkrig hade r\u00e4ckt 105 \u00e4rofyllda dagar.<\/p>\n<p>Moskvafredens villkor var tunga. Fast\u00e4n Finland hade k\u00e4mpat tappert och framg\u00e5ngsrikt mot den \u00f6verm\u00e4ktiga fienden m\u00e5ste landet n\u00f6ja sig med de fredsvillkor som denne dikterade. Man f\u00f6rlorade Karelen, var tvungen att utarrendera Hang\u00f6 udd och \u00f6ver 400000 finl\u00e4ndare m\u00e5ste evakueras. Finlands bl\u00e5korsflaggor hissades p\u00e5 halvst\u00e5ng den dag d\u00e5 kriget slutade. De uttryckte sorg med anledning av det f\u00f6rlorade Karelen och andra avtr\u00e4dda omr\u00e5den. Samtidigt hedrades de 23000 stupade och 45000 s\u00e5rade finl\u00e4ndska soldaterna. Det gav ingen tr\u00f6st att fiendens f\u00f6rluster hade varit minst fem-sexfalt st\u00f6rre.<\/p>\n<p>Denna avv\u00e4rjningsseger som vinterkrigets veteraner, s\u00e5ledes de unga bev\u00e4ringarna, reservisterna och till och med skolpojkarna k\u00e4mpade f\u00f6r var den st\u00f6rsta prestationen under Finlands sj\u00e4lvst\u00e4ndighet. Det finl\u00e4ndska vinterkriget kan anses som mycket s\u00e4reget i m\u00e4nsklighetens historia. \u00d6verallt i v\u00e4rlden spred sig beskedet om finl\u00e4ndarnas stord\u00e5d. \u00d6ver 300 utl\u00e4ndska journalister rapporterade dagligen till sina heml\u00e4nder om det nordliga hj\u00e4ltefolkets kamp.<\/p>\n<p>&#8221;Vinterkrigets mirakel&#8221; hade intr\u00e4ffat. Grunden f\u00f6r detta hade lagts genom utvecklingen f\u00f6re kriget samt genom &#8221;Vinterkrigsandan&#8221; som uppstod under YH- och krigstiden. I striderna \u00f6verskred vinterkrigets veteraner gr\u00e4nserna f\u00f6r m\u00e4nsklig uth\u00e5llighet och hemmafronten deltog i striden av fullaste hj\u00e4rta. Under vinterkriget besannades de ord som skrivits p\u00e5 Kungsporten p\u00e5 Sveaborg: &#8221;O efterv\u00e4rld, st\u00e5 h\u00e4r p\u00e5 egen botten och lita icke p\u00e5 fr\u00e4mmande hj\u00e4lp&#8221;. Dessa ord inneh\u00e5ller visdom ocks\u00e5 f\u00f6r dagens finl\u00e4ndare.<\/p>\n<\/div><\/section>\n","protected":false},"excerpt":{"rendered":"","protected":false},"author":1,"featured_media":0,"parent":5377,"menu_order":5,"comment_status":"closed","ping_status":"closed","template":"","meta":{"footnotes":""},"class_list":["post-5401","page","type-page","status-publish","hentry"],"yoast_head":"<!-- This site is optimized with the Yoast SEO plugin v27.6 - https:\/\/yoast.com\/product\/yoast-seo-wordpress\/ -->\n<title>Moskvafreden - Veteraanien Perint\u00f6<\/title>\n<meta name=\"robots\" content=\"index, follow, max-snippet:-1, max-image-preview:large, max-video-preview:-1\" \/>\n<link rel=\"canonical\" href=\"https:\/\/veteraanienperinto.fi\/index.php\/sv\/vinterkriget\/vinterkrigets-gang\/moskvafreden\/\" \/>\n<meta property=\"og:locale\" content=\"fi_FI\" \/>\n<meta property=\"og:type\" content=\"article\" \/>\n<meta property=\"og:title\" content=\"Moskvafreden - Veteraanien Perint\u00f6\" \/>\n<meta property=\"og:url\" content=\"https:\/\/veteraanienperinto.fi\/index.php\/sv\/vinterkriget\/vinterkrigets-gang\/moskvafreden\/\" \/>\n<meta property=\"og:site_name\" content=\"Veteraanien Perint\u00f6\" \/>\n<meta property=\"article:modified_time\" content=\"2021-01-27T08:01:39+00:00\" \/>\n<meta name=\"twitter:card\" content=\"summary_large_image\" \/>\n<meta name=\"twitter:label1\" content=\"Arvioitu lukuaika\" \/>\n\t<meta name=\"twitter:data1\" content=\"3 minuuttia\" \/>\n<script type=\"application\/ld+json\" class=\"yoast-schema-graph\">{\"@context\":\"https:\\\/\\\/schema.org\",\"@graph\":[{\"@type\":\"WebPage\",\"@id\":\"https:\\\/\\\/veteraanienperinto.fi\\\/index.php\\\/sv\\\/vinterkriget\\\/vinterkrigets-gang\\\/moskvafreden\\\/\",\"url\":\"https:\\\/\\\/veteraanienperinto.fi\\\/index.php\\\/sv\\\/vinterkriget\\\/vinterkrigets-gang\\\/moskvafreden\\\/\",\"name\":\"Moskvafreden - Veteraanien Perint\u00f6\",\"isPartOf\":{\"@id\":\"https:\\\/\\\/veteraanienperinto.fi\\\/#website\"},\"datePublished\":\"2020-11-17T13:40:31+00:00\",\"dateModified\":\"2021-01-27T08:01:39+00:00\",\"breadcrumb\":{\"@id\":\"https:\\\/\\\/veteraanienperinto.fi\\\/index.php\\\/sv\\\/vinterkriget\\\/vinterkrigets-gang\\\/moskvafreden\\\/#breadcrumb\"},\"inLanguage\":\"fi\",\"potentialAction\":[{\"@type\":\"ReadAction\",\"target\":[\"https:\\\/\\\/veteraanienperinto.fi\\\/index.php\\\/sv\\\/vinterkriget\\\/vinterkrigets-gang\\\/moskvafreden\\\/\"]}]},{\"@type\":\"BreadcrumbList\",\"@id\":\"https:\\\/\\\/veteraanienperinto.fi\\\/index.php\\\/sv\\\/vinterkriget\\\/vinterkrigets-gang\\\/moskvafreden\\\/#breadcrumb\",\"itemListElement\":[{\"@type\":\"ListItem\",\"position\":1,\"name\":\"Etusivu\",\"item\":\"https:\\\/\\\/veteraanienperinto.fi\\\/index.php\\\/etusivu-2\\\/\"},{\"@type\":\"ListItem\",\"position\":2,\"name\":\"Vinterkriget\",\"item\":\"https:\\\/\\\/veteraanienperinto.fi\\\/index.php\\\/sv\\\/vinterkriget\\\/\"},{\"@type\":\"ListItem\",\"position\":3,\"name\":\"Vinterkrigets g\u00e5ng\",\"item\":\"https:\\\/\\\/veteraanienperinto.fi\\\/index.php\\\/sv\\\/vinterkriget\\\/vinterkrigets-gang\\\/\"},{\"@type\":\"ListItem\",\"position\":4,\"name\":\"Moskvafreden\"}]},{\"@type\":\"WebSite\",\"@id\":\"https:\\\/\\\/veteraanienperinto.fi\\\/#website\",\"url\":\"https:\\\/\\\/veteraanienperinto.fi\\\/\",\"name\":\"Veteraanien Perint\u00f6\",\"description\":\"Kadettikunta\",\"potentialAction\":[{\"@type\":\"SearchAction\",\"target\":{\"@type\":\"EntryPoint\",\"urlTemplate\":\"https:\\\/\\\/veteraanienperinto.fi\\\/?s={search_term_string}\"},\"query-input\":{\"@type\":\"PropertyValueSpecification\",\"valueRequired\":true,\"valueName\":\"search_term_string\"}}],\"inLanguage\":\"fi\"}]}<\/script>\n<!-- \/ Yoast SEO plugin. -->","yoast_head_json":{"title":"Moskvafreden - Veteraanien Perint\u00f6","robots":{"index":"index","follow":"follow","max-snippet":"max-snippet:-1","max-image-preview":"max-image-preview:large","max-video-preview":"max-video-preview:-1"},"canonical":"https:\/\/veteraanienperinto.fi\/index.php\/sv\/vinterkriget\/vinterkrigets-gang\/moskvafreden\/","og_locale":"fi_FI","og_type":"article","og_title":"Moskvafreden - Veteraanien Perint\u00f6","og_url":"https:\/\/veteraanienperinto.fi\/index.php\/sv\/vinterkriget\/vinterkrigets-gang\/moskvafreden\/","og_site_name":"Veteraanien Perint\u00f6","article_modified_time":"2021-01-27T08:01:39+00:00","twitter_card":"summary_large_image","twitter_misc":{"Arvioitu lukuaika":"3 minuuttia"},"schema":{"@context":"https:\/\/schema.org","@graph":[{"@type":"WebPage","@id":"https:\/\/veteraanienperinto.fi\/index.php\/sv\/vinterkriget\/vinterkrigets-gang\/moskvafreden\/","url":"https:\/\/veteraanienperinto.fi\/index.php\/sv\/vinterkriget\/vinterkrigets-gang\/moskvafreden\/","name":"Moskvafreden - Veteraanien Perint\u00f6","isPartOf":{"@id":"https:\/\/veteraanienperinto.fi\/#website"},"datePublished":"2020-11-17T13:40:31+00:00","dateModified":"2021-01-27T08:01:39+00:00","breadcrumb":{"@id":"https:\/\/veteraanienperinto.fi\/index.php\/sv\/vinterkriget\/vinterkrigets-gang\/moskvafreden\/#breadcrumb"},"inLanguage":"fi","potentialAction":[{"@type":"ReadAction","target":["https:\/\/veteraanienperinto.fi\/index.php\/sv\/vinterkriget\/vinterkrigets-gang\/moskvafreden\/"]}]},{"@type":"BreadcrumbList","@id":"https:\/\/veteraanienperinto.fi\/index.php\/sv\/vinterkriget\/vinterkrigets-gang\/moskvafreden\/#breadcrumb","itemListElement":[{"@type":"ListItem","position":1,"name":"Etusivu","item":"https:\/\/veteraanienperinto.fi\/index.php\/etusivu-2\/"},{"@type":"ListItem","position":2,"name":"Vinterkriget","item":"https:\/\/veteraanienperinto.fi\/index.php\/sv\/vinterkriget\/"},{"@type":"ListItem","position":3,"name":"Vinterkrigets g\u00e5ng","item":"https:\/\/veteraanienperinto.fi\/index.php\/sv\/vinterkriget\/vinterkrigets-gang\/"},{"@type":"ListItem","position":4,"name":"Moskvafreden"}]},{"@type":"WebSite","@id":"https:\/\/veteraanienperinto.fi\/#website","url":"https:\/\/veteraanienperinto.fi\/","name":"Veteraanien Perint\u00f6","description":"Kadettikunta","potentialAction":[{"@type":"SearchAction","target":{"@type":"EntryPoint","urlTemplate":"https:\/\/veteraanienperinto.fi\/?s={search_term_string}"},"query-input":{"@type":"PropertyValueSpecification","valueRequired":true,"valueName":"search_term_string"}}],"inLanguage":"fi"}]}},"_links":{"self":[{"href":"https:\/\/veteraanienperinto.fi\/index.php\/wp-json\/wp\/v2\/pages\/5401","targetHints":{"allow":["GET"]}}],"collection":[{"href":"https:\/\/veteraanienperinto.fi\/index.php\/wp-json\/wp\/v2\/pages"}],"about":[{"href":"https:\/\/veteraanienperinto.fi\/index.php\/wp-json\/wp\/v2\/types\/page"}],"author":[{"embeddable":true,"href":"https:\/\/veteraanienperinto.fi\/index.php\/wp-json\/wp\/v2\/users\/1"}],"replies":[{"embeddable":true,"href":"https:\/\/veteraanienperinto.fi\/index.php\/wp-json\/wp\/v2\/comments?post=5401"}],"version-history":[{"count":8,"href":"https:\/\/veteraanienperinto.fi\/index.php\/wp-json\/wp\/v2\/pages\/5401\/revisions"}],"predecessor-version":[{"id":10848,"href":"https:\/\/veteraanienperinto.fi\/index.php\/wp-json\/wp\/v2\/pages\/5401\/revisions\/10848"}],"up":[{"embeddable":true,"href":"https:\/\/veteraanienperinto.fi\/index.php\/wp-json\/wp\/v2\/pages\/5377"}],"wp:attachment":[{"href":"https:\/\/veteraanienperinto.fi\/index.php\/wp-json\/wp\/v2\/media?parent=5401"}],"curies":[{"name":"wp","href":"https:\/\/api.w.org\/{rel}","templated":true}]}}