{"id":541,"date":"2020-08-29T10:16:01","date_gmt":"2020-08-29T10:16:01","guid":{"rendered":"https:\/\/veteraani.ylirotu.fi\/?page_id=541"},"modified":"2021-01-26T15:01:56","modified_gmt":"2021-01-26T15:01:56","slug":"kenttatykisto","status":"publish","type":"page","link":"https:\/\/veteraanienperinto.fi\/index.php\/tietopankit\/aselajit\/kenttatykisto\/","title":{"rendered":"Kentt\u00e4tykist\u00f6"},"content":{"rendered":"<div id='full_slider_1'  class='avia-fullwidth-slider main_color avia-shadow   avia-builder-el-0  el_before_av_heading  avia-builder-el-first   container_wrap sidebar_right'  ><\/div><div id='after_full_slider_1'  class='main_color av_default_container_wrap container_wrap sidebar_right'  ><div class='container av-section-cont-open' ><div class='template-page content  av-content-small alpha units'><div class='post-entry post-entry-type-page post-entry-541'><div class='entry-content-wrapper clearfix'>\n\n<style type=\"text\/css\" data-created_by=\"avia_inline_auto\" id=\"style-css-av-kke4ogat-2e8625b731f1d8889a2f994b3160d0c8\">\n#top .av-special-heading.av-kke4ogat-2e8625b731f1d8889a2f994b3160d0c8{\npadding-bottom:10px;\n}\nbody .av-special-heading.av-kke4ogat-2e8625b731f1d8889a2f994b3160d0c8 .av-special-heading-tag .heading-char{\nfont-size:25px;\n}\n.av-special-heading.av-kke4ogat-2e8625b731f1d8889a2f994b3160d0c8 .av-subheading{\nfont-size:15px;\n}\n<\/style>\n<div  class='av-special-heading av-kke4ogat-2e8625b731f1d8889a2f994b3160d0c8 av-special-heading-h2  avia-builder-el-1  el_after_av_slideshow_full  el_before_av_textblock  avia-builder-el-first '><h2 class='av-special-heading-tag'  itemprop=\"headline\"  >Kentt\u00e4tykist\u00f6<\/h2><div class=\"special-heading-border\"><div class=\"special-heading-inner-border\"><\/div><\/div><\/div>\n<section  class='av_textblock_section av-9hied-b1bfc073448e3c5c476ce736dd301987 '   itemscope=\"itemscope\" itemtype=\"https:\/\/schema.org\/CreativeWork\" ><div class='avia_textblock'  itemprop=\"text\" ><p><strong>Talvisota<\/strong><\/p>\n<p>Vuonna 1918 Suomeen oli vapaussota-kansalaissodan j\u00e4lkeen j\u00e4\u00e4nyt 266 kentt\u00e4tykki\u00e4. Ne olivat p\u00e4\u00e4asiassa ven\u00e4l\u00e4isilt\u00e4 ja punaisilta saatua sotasaalista. P\u00e4\u00e4osa tykeist\u00e4 oli 76 mm kevyit\u00e4 kanuunoita vuosimallia 1902. Varsinaisten kentt\u00e4tykkien lis\u00e4ksi ven\u00e4l\u00e4isilt\u00e4 oli j\u00e4\u00e4nyt Suomeen suurehko m\u00e4\u00e4r\u00e4 1800-luvulta per\u00e4isi olleita vanhentuneita ja k\u00f6mpel\u00f6it\u00e4 j\u00e4ykk\u00e4lavettisia tykkej\u00e4, joilla oli vaatimaton tulinopeus.<\/p>\n<p>Kentt\u00e4tykkej\u00e4 ja niiden ampumatarvikkeita hankittiin 1920-luvulla vain pieni\u00e4 m\u00e4\u00e4ri\u00e4 useasta eri maasta. Hankitut tykkimallit olivat muutamaa poikkeusta lukuun ottamatta samoja, joita ven\u00e4l\u00e4isilt\u00e4 oli j\u00e4\u00e4nyt Suomeen. Vain kahdeksan kevytt\u00e4 kanuunaa oli uudempaa mallia 1920-luvulta.<\/p>\n<p>Raskasta tykist\u00f6\u00e4 hankittiin hyvin niukasti. Kentt\u00e4tykist\u00f6\u00e4 ei hankittu 1930-luvulla ollenkaan Sen sijaan perustettiin Valtion Tykkitehdas, jonka ensimm\u00e4iset tykit valmistuivat kuitenkin vasta vuonna 1943.<\/p>\n<p>Suomen kentt\u00e4tykist\u00f6 saavutti ampumatekniikassa 1920- ja 1930-luvuilla hyvin korkean tason. T\u00e4m\u00e4 oli erityisesti tykist\u00f6n tarkastajaksi nimitetyn eversti, my\u00f6hemmin tykist\u00f6nkenraali Vilho Petter Nenosen ansiota. Tykist\u00f6n ampumatekniikkaa ja taktillista k\u00e4ytt\u00f6\u00e4 hiottiin vuodesta 1920 l\u00e4htien joka vuosi Karjalan kannaksella Perkj\u00e4rvell\u00e4 j\u00e4rjestetyill\u00e4 l\u00e4hes kolme kuukautta kest\u00e4neill\u00e4 kes\u00e4leireill\u00e4, joihin osallistuivat kaikki kentt\u00e4tykist\u00f6joukot. Vuodesta 1925 l\u00e4htien j\u00e4rjestettiin my\u00f6s kaksiviikkoisia talvileirej\u00e4. Kentt\u00e4tykist\u00f6n leireill\u00e4 kehittyi yhten\u00e4inen henki ja aselajin korkea ammattitaito, mill\u00e4 oli suuri merkitys sodan vuosina.<\/p>\n<p>Talvisodan alkaessa Suomella oli vain 33 kentt\u00e4tykist\u00f6patteristoa. Patteristoon kuului m\u00e4\u00e4r\u00e4vahvuuden mukaan 12 tykki\u00e4. Tykkikalusto oli l\u00e4hes yksinomaan kevytt\u00e4, sill\u00e4 vain nelj\u00e4ll\u00e4 patteristolla olivat raskaat tykit. Kaikki 1920- ja 1930-luvuilla tehdyt esitykset kentt\u00e4tykist\u00f6n kehitt\u00e4miseksi oli j\u00e4tetty huomioon ottamatta taloudellisista ja poliittisista syist\u00e4. Kentt\u00e4tykkej\u00e4 oli joukoilla 412 ja kranaatteja vain alle 300 000. T\u00e4m\u00e4 merkitsi sit\u00e4, ett\u00e4 ampumatarvikkeita oli vain muutaman viikon tarpeisiin.<\/p>\n<p>Talvisodassa Suomen kentt\u00e4tykist\u00f6 joutui k\u00e4rsim\u00e4\u00e4n osaltaan niist\u00e4 virheist\u00e4, joita oli tehty ennen talvisotaa j\u00e4tt\u00e4m\u00e4ll\u00e4 kehitt\u00e4m\u00e4tt\u00e4 Suomen puolustuskyky\u00e4. Ampumatarvikkeita oli niin v\u00e4h\u00e4n, ett\u00e4 t\u00e4rkeimpiinkin maaleihin voitiin yleens\u00e4 ampua enint\u00e4\u00e4n vain muutamia kymmeni\u00e4 kranaatteja. Vihollinen k\u00e4ytti suomalaisten asemien murskaamiseen satakertaisia kranaattim\u00e4\u00e4ri\u00e4. Suomalainen jalkav\u00e4kisotilas maksoi verell\u00e4\u00e4n n\u00e4ist\u00e4 s\u00e4\u00e4st\u00f6ist\u00e4. Rajoittamalla kranaattien k\u00e4ytt\u00f6\u00e4 muualla saattoi suomalainen kentt\u00e4tykist\u00f6 kuitenkin ajoittain joissakin paikoissa, kuten Taipaleella, murskata hy\u00f6kk\u00e4\u00e4v\u00e4t vihollismassat keskitetyll\u00e4 ja hyvin johdetulla tulella.<\/p>\n<p>Talvisodan aikana monet valtiot myiv\u00e4t, lahjoittivat tai lainasivat Suomelle kentt\u00e4tykkej\u00e4.<\/p>\n<p>My\u00f6t\u00e4tunto Suomea kohtaan oli maailmanlaajuinen. Erityisesti Ranska, Iso-Britannia, Ruotsi ja Norja auttoivat Suomea. Espanjan l\u00e4hett\u00e4m\u00e4t tykit tulivat vasta sodan j\u00e4lkeen. Italia l\u00e4hetti kranaatinheittimi\u00e4 ja ampumatarvikkeita. Yhdysvaltojen suuri apu tuli liian my\u00f6h\u00e4\u00e4n. Suurin osa eri maista tilatusta materiaalista ei ehtinyt talvisotaan.<\/p>\n<p><strong>Jatkosota<\/strong><\/p>\n<p>V\u00e4lirauhan aikana Suomen kentt\u00e4tykist\u00f6 vahventui olennaisesti. Yhdysvalloista saapui noin 230 kentt\u00e4tykki\u00e4 ja suuri m\u00e4\u00e4r\u00e4 kranaatteja. Talvisodan aikana muista maista hankittuja tykkej\u00e4 saatiin muutos- ja korjaust\u00f6iden j\u00e4lkeen k\u00e4ytt\u00f6\u00f6n. Sotasaalistykkej\u00e4 oli k\u00e4ytt\u00f6kunnossa 160 ja niist\u00e4 suuri osa voitiin ottaa kentt\u00e4tykist\u00f6joukoille. Saksan ja Suomen suhteiden l\u00e4mmetty\u00e4 saatiin Saksasta ostettua 220 tykki\u00e4, jotka olivat p\u00e4\u00e4asiassa Puolasta ja Ranskasta saatua sotasaalista. Patteristoja oli nyt 77 ja tykkej\u00e4 yli 1000. Raskasta tykist\u00f6\u00e4 oli jo 20 patteristoa.<\/p>\n<p>Jatkosodan alkaessa ei en\u00e4\u00e4 tarvinnut s\u00e4\u00e4st\u00e4\u00e4 jokaista kranaattia niin kuin talvisodassa. Kranaatteja oli sodan alussa 2,7 miljoonaa. Suomalaisten alkaessa vallata takaisin talvisodassa menetettyj\u00e4 alueita voitiin ampua voimakkaita kentt\u00e4tykist\u00f6n ja kranaatinheittimist\u00f6n tulivalmisteluita ennen kuin jalkav\u00e4ki l\u00e4hti hy\u00f6kk\u00e4\u00e4m\u00e4\u00e4n. Esimerkiksi Tuulosjoella Laatokan pohjoispuolella 4.9.1941 suomalaiset kentt\u00e4tykit ampuivat l\u00e4pimurtokohtaan 18 000 kranaattia muutaman tunnin aikana. Sen j\u00e4lkeen jalkav\u00e4ki ei kohdannut merkitt\u00e4v\u00e4\u00e4 vastarintaa ja j\u00e4\u00e4k\u00e4rit saattoivat l\u00e4hte\u00e4 polkupy\u00f6rill\u00e4 ajaen j\u00e4ljelle j\u00e4\u00e4neiden vihollisten takaa-ajoon.<\/p>\n<p>Asemasodan aikana k\u00e4ytiin useita kiivaita paikallisia taisteluita, joissa suomalainen kentt\u00e4tykist\u00f6 kunnostautui nopeilla tulenaloituksilla ja tulen keskitt\u00e4misell\u00e4. Kentt\u00e4tykist\u00f6kalustoa kehitettiin merkitt\u00e4v\u00e4sti. Sotasaaliiksi oli saatu yli 800 tykki\u00e4, joista osa voitiin ottaa k\u00e4ytt\u00f6\u00f6n. Saksasta ostettiin yli 600 tykki\u00e4, joista suurin osa oli Ranskasta saatua sotasaalista, mutta osa oli my\u00f6s uutta saksalaista kalustoa. Eri kentt\u00e4tykkimalleja oli samanaikaisesti k\u00e4yt\u00f6ss\u00e4 keskim\u00e4\u00e4rin 30, mik\u00e4 vaikeutti huoltoa ja ampumatarvikkeiden t\u00e4ydennyst\u00e4. Ongelmana oli my\u00f6s tykin vet\u00e4jiksi soveltuvien moottoriajoneuvojen puute. Suurin osa tykeist\u00e4 oli hevosvetoisia. Raskas tykki vaati kahdeksan hevosta vet\u00e4j\u00e4kseen. Kentt\u00e4tykist\u00f6ll\u00e4 olikin kes\u00e4ll\u00e4 1944 k\u00e4yt\u00f6ss\u00e4\u00e4n yli 10 000 hevosta.<\/p>\n<p>Kes\u00e4n 1944 torjuntataisteluissa Suomen kentt\u00e4tykist\u00f6 n\u00e4ytti tehonsa. Tykist\u00f6ss\u00e4 oli nyt 86 patteristoa, joista 46 kevytt\u00e4, 37 raskasta ja kolme j\u00e4re\u00e4\u00e4. Tykkimiehi\u00e4 oli rintamajoukoissa noin 51 000. Kentt\u00e4tykist\u00f6ll\u00e4 oli kranaatteja k\u00e4yt\u00f6ss\u00e4\u00e4n yli kaksi miljoonaa. Neuvostoliiton suurhy\u00f6kk\u00e4ys yll\u00e4tti kuitenkin suomalaiset Karjalan kannaksella Valkeasaaressa 9.-10.6.1944. Vihollisen tykist\u00f6n ylivoima oli silloin murskaava. Noin kahdeksan kilometrin levyisell\u00e4 murtoalueella vihollisella oli 300 tykki\u00e4 tai kranaatinheitint\u00e4 rintamakilometri\u00e4 kohti. Tulivalmistelussa ammuttiin satoja tuhansia kranaatteja. Suomalaisten taisteluhaudat ja korsut tuhoutuivat. Suomalaisten ampuma torjuntatuli j\u00e4i liian heikoksi. Vihollisen l\u00e4pimurto onnistui.<\/p>\n<p>Tilanne muuttui t\u00e4ydellisesti Tali-Ihantalan suurtaistelussa ja Vuosalmella kes\u00e4-hein\u00e4kuun vaihteessa 1944. Suomen kentt\u00e4tykist\u00f6\u00e4 oli nyt pystytty keskitt\u00e4m\u00e4\u00e4n painopistem\u00e4isesti taisteluiden ratkaisualueelle. Tali-Ihantalan t\u00e4rkeimpiin maastonkohtiin pystyttiin periaatteessa keskitt\u00e4m\u00e4\u00e4n 21 patteriston, siis yli 200 tykin tuli. K\u00e4yt\u00e4nn\u00f6ss\u00e4 suomalaiset ampuivat hetkellisesti ratkaisukohtaan 100-150 tykill\u00e4 useita tuhansia kranaatteja. Tulen teho perustui ennen kaikkea patteristojen tulen keskitt\u00e4miseen. Vaikutus oli ennenn\u00e4kem\u00e4t\u00f6n. Vihollisen v\u00e4hint\u00e4\u00e4n rykmentin suuruinen hy\u00f6kk\u00e4ysryhmitys hajotettiin 4-5 kertaa ja suuri panssarivaunuryhmitys 6-7 kertaa kentt\u00e4tykist\u00f6n tulella. Vihollisen hy\u00f6kk\u00e4ysyritykset tyrehtyiv\u00e4t jalkav\u00e4kiaseiden, panssarintorjunnan, kentt\u00e4tykist\u00f6n ja ilmavoimien tuleen sek\u00e4 jalkav\u00e4kitaistelijoiden per\u00e4\u00e4n antamattomaan vastarintaan.<\/p>\n<p>Viel\u00e4 elokuussa 1944 Ilomantsissa suomalainen kentt\u00e4tykist\u00f6 n\u00e4ytti jalkav\u00e4en ohella voimansa. Viimeisiss\u00e4 suurissa torjuntavoitoissa tuhottiin tai ly\u00f6tiin vahva vihollinen ja saatiin sotasaaliiksi muun muassa 51 kentt\u00e4tykki\u00e4.<\/p>\n<p>Aselevon astuessa voimaan 4.9.1944 Suomen kentt\u00e4tykist\u00f6 oli edelleen hyvin vahva. Patteristoja oli 85 ja niist\u00e4 38:lla oli raskas kalusto. Kranaatteja oli jatkosodan aikana ammuttu noin 4,8 miljoonaa ja niit\u00e4 oli suurten hankintojen johdosta rauhan tullessa j\u00e4ljell\u00e4 viel\u00e4 yli kaksi miljoonaa. Suomen kentt\u00e4tykist\u00f6 osoitti jo talvisodan aikana, mihin hyvin koulutettu ja motivoitunut joukko pystyy tykkikaluston ja ampumatarvikkeiden puutteista huolimatta. Jatkosodassa voimakas suomalainen kentt\u00e4tykist\u00f6 vaikutti monesti ratkaisevasti taisteluiden kulkuun.<\/p>\n<\/div><\/section>\n","protected":false},"excerpt":{"rendered":"","protected":false},"author":1,"featured_media":0,"parent":102,"menu_order":4,"comment_status":"closed","ping_status":"closed","template":"","meta":{"footnotes":""},"class_list":["post-541","page","type-page","status-publish","hentry"],"yoast_head":"<!-- This site is optimized with the Yoast SEO plugin v27.4 - https:\/\/yoast.com\/product\/yoast-seo-wordpress\/ -->\n<title>Kentt\u00e4tykist\u00f6 - Veteraanien Perint\u00f6<\/title>\n<meta name=\"robots\" content=\"index, follow, max-snippet:-1, max-image-preview:large, max-video-preview:-1\" \/>\n<link rel=\"canonical\" href=\"https:\/\/veteraanienperinto.fi\/index.php\/tietopankit\/aselajit\/kenttatykisto\/\" \/>\n<meta property=\"og:locale\" content=\"fi_FI\" \/>\n<meta property=\"og:type\" content=\"article\" \/>\n<meta property=\"og:title\" content=\"Kentt\u00e4tykist\u00f6 - Veteraanien Perint\u00f6\" \/>\n<meta property=\"og:url\" content=\"https:\/\/veteraanienperinto.fi\/index.php\/tietopankit\/aselajit\/kenttatykisto\/\" \/>\n<meta property=\"og:site_name\" content=\"Veteraanien Perint\u00f6\" \/>\n<meta property=\"article:modified_time\" content=\"2021-01-26T15:01:56+00:00\" \/>\n<meta name=\"twitter:card\" content=\"summary_large_image\" \/>\n<meta name=\"twitter:label1\" content=\"Arvioitu lukuaika\" \/>\n\t<meta name=\"twitter:data1\" content=\"6 minuuttia\" \/>\n<script type=\"application\/ld+json\" class=\"yoast-schema-graph\">{\"@context\":\"https:\\\/\\\/schema.org\",\"@graph\":[{\"@type\":\"WebPage\",\"@id\":\"https:\\\/\\\/veteraanienperinto.fi\\\/index.php\\\/tietopankit\\\/aselajit\\\/kenttatykisto\\\/\",\"url\":\"https:\\\/\\\/veteraanienperinto.fi\\\/index.php\\\/tietopankit\\\/aselajit\\\/kenttatykisto\\\/\",\"name\":\"Kentt\u00e4tykist\u00f6 - Veteraanien Perint\u00f6\",\"isPartOf\":{\"@id\":\"https:\\\/\\\/veteraanienperinto.fi\\\/#website\"},\"datePublished\":\"2020-08-29T10:16:01+00:00\",\"dateModified\":\"2021-01-26T15:01:56+00:00\",\"breadcrumb\":{\"@id\":\"https:\\\/\\\/veteraanienperinto.fi\\\/index.php\\\/tietopankit\\\/aselajit\\\/kenttatykisto\\\/#breadcrumb\"},\"inLanguage\":\"fi\",\"potentialAction\":[{\"@type\":\"ReadAction\",\"target\":[\"https:\\\/\\\/veteraanienperinto.fi\\\/index.php\\\/tietopankit\\\/aselajit\\\/kenttatykisto\\\/\"]}]},{\"@type\":\"BreadcrumbList\",\"@id\":\"https:\\\/\\\/veteraanienperinto.fi\\\/index.php\\\/tietopankit\\\/aselajit\\\/kenttatykisto\\\/#breadcrumb\",\"itemListElement\":[{\"@type\":\"ListItem\",\"position\":1,\"name\":\"Etusivu\",\"item\":\"https:\\\/\\\/veteraanienperinto.fi\\\/index.php\\\/etusivu-2\\\/\"},{\"@type\":\"ListItem\",\"position\":2,\"name\":\"Tietopankit\",\"item\":\"https:\\\/\\\/veteraanienperinto.fi\\\/index.php\\\/tietopankit\\\/\"},{\"@type\":\"ListItem\",\"position\":3,\"name\":\"Puolustushaarat ja aselajit\",\"item\":\"https:\\\/\\\/veteraanienperinto.fi\\\/index.php\\\/tietopankit\\\/aselajit\\\/\"},{\"@type\":\"ListItem\",\"position\":4,\"name\":\"Kentt\u00e4tykist\u00f6\"}]},{\"@type\":\"WebSite\",\"@id\":\"https:\\\/\\\/veteraanienperinto.fi\\\/#website\",\"url\":\"https:\\\/\\\/veteraanienperinto.fi\\\/\",\"name\":\"Veteraanien Perint\u00f6\",\"description\":\"Kadettikunta\",\"potentialAction\":[{\"@type\":\"SearchAction\",\"target\":{\"@type\":\"EntryPoint\",\"urlTemplate\":\"https:\\\/\\\/veteraanienperinto.fi\\\/?s={search_term_string}\"},\"query-input\":{\"@type\":\"PropertyValueSpecification\",\"valueRequired\":true,\"valueName\":\"search_term_string\"}}],\"inLanguage\":\"fi\"}]}<\/script>\n<!-- \/ Yoast SEO plugin. -->","yoast_head_json":{"title":"Kentt\u00e4tykist\u00f6 - Veteraanien Perint\u00f6","robots":{"index":"index","follow":"follow","max-snippet":"max-snippet:-1","max-image-preview":"max-image-preview:large","max-video-preview":"max-video-preview:-1"},"canonical":"https:\/\/veteraanienperinto.fi\/index.php\/tietopankit\/aselajit\/kenttatykisto\/","og_locale":"fi_FI","og_type":"article","og_title":"Kentt\u00e4tykist\u00f6 - Veteraanien Perint\u00f6","og_url":"https:\/\/veteraanienperinto.fi\/index.php\/tietopankit\/aselajit\/kenttatykisto\/","og_site_name":"Veteraanien Perint\u00f6","article_modified_time":"2021-01-26T15:01:56+00:00","twitter_card":"summary_large_image","twitter_misc":{"Arvioitu lukuaika":"6 minuuttia"},"schema":{"@context":"https:\/\/schema.org","@graph":[{"@type":"WebPage","@id":"https:\/\/veteraanienperinto.fi\/index.php\/tietopankit\/aselajit\/kenttatykisto\/","url":"https:\/\/veteraanienperinto.fi\/index.php\/tietopankit\/aselajit\/kenttatykisto\/","name":"Kentt\u00e4tykist\u00f6 - Veteraanien Perint\u00f6","isPartOf":{"@id":"https:\/\/veteraanienperinto.fi\/#website"},"datePublished":"2020-08-29T10:16:01+00:00","dateModified":"2021-01-26T15:01:56+00:00","breadcrumb":{"@id":"https:\/\/veteraanienperinto.fi\/index.php\/tietopankit\/aselajit\/kenttatykisto\/#breadcrumb"},"inLanguage":"fi","potentialAction":[{"@type":"ReadAction","target":["https:\/\/veteraanienperinto.fi\/index.php\/tietopankit\/aselajit\/kenttatykisto\/"]}]},{"@type":"BreadcrumbList","@id":"https:\/\/veteraanienperinto.fi\/index.php\/tietopankit\/aselajit\/kenttatykisto\/#breadcrumb","itemListElement":[{"@type":"ListItem","position":1,"name":"Etusivu","item":"https:\/\/veteraanienperinto.fi\/index.php\/etusivu-2\/"},{"@type":"ListItem","position":2,"name":"Tietopankit","item":"https:\/\/veteraanienperinto.fi\/index.php\/tietopankit\/"},{"@type":"ListItem","position":3,"name":"Puolustushaarat ja aselajit","item":"https:\/\/veteraanienperinto.fi\/index.php\/tietopankit\/aselajit\/"},{"@type":"ListItem","position":4,"name":"Kentt\u00e4tykist\u00f6"}]},{"@type":"WebSite","@id":"https:\/\/veteraanienperinto.fi\/#website","url":"https:\/\/veteraanienperinto.fi\/","name":"Veteraanien Perint\u00f6","description":"Kadettikunta","potentialAction":[{"@type":"SearchAction","target":{"@type":"EntryPoint","urlTemplate":"https:\/\/veteraanienperinto.fi\/?s={search_term_string}"},"query-input":{"@type":"PropertyValueSpecification","valueRequired":true,"valueName":"search_term_string"}}],"inLanguage":"fi"}]}},"_links":{"self":[{"href":"https:\/\/veteraanienperinto.fi\/index.php\/wp-json\/wp\/v2\/pages\/541","targetHints":{"allow":["GET"]}}],"collection":[{"href":"https:\/\/veteraanienperinto.fi\/index.php\/wp-json\/wp\/v2\/pages"}],"about":[{"href":"https:\/\/veteraanienperinto.fi\/index.php\/wp-json\/wp\/v2\/types\/page"}],"author":[{"embeddable":true,"href":"https:\/\/veteraanienperinto.fi\/index.php\/wp-json\/wp\/v2\/users\/1"}],"replies":[{"embeddable":true,"href":"https:\/\/veteraanienperinto.fi\/index.php\/wp-json\/wp\/v2\/comments?post=541"}],"version-history":[{"count":6,"href":"https:\/\/veteraanienperinto.fi\/index.php\/wp-json\/wp\/v2\/pages\/541\/revisions"}],"predecessor-version":[{"id":10656,"href":"https:\/\/veteraanienperinto.fi\/index.php\/wp-json\/wp\/v2\/pages\/541\/revisions\/10656"}],"up":[{"embeddable":true,"href":"https:\/\/veteraanienperinto.fi\/index.php\/wp-json\/wp\/v2\/pages\/102"}],"wp:attachment":[{"href":"https:\/\/veteraanienperinto.fi\/index.php\/wp-json\/wp\/v2\/media?parent=541"}],"curies":[{"name":"wp","href":"https:\/\/api.w.org\/{rel}","templated":true}]}}