{"id":5595,"date":"2020-11-17T15:59:39","date_gmt":"2020-11-17T15:59:39","guid":{"rendered":"https:\/\/veteraani.ylirotu.fi\/?page_id=5595"},"modified":"2020-12-13T18:21:54","modified_gmt":"2020-12-13T18:21:54","slug":"marschernas-tid","status":"publish","type":"page","link":"https:\/\/veteraanienperinto.fi\/index.php\/sv\/vinterkriget\/vinterkrigets-berattelser\/kriget\/avvarjningssegrar-vid-ostgransen\/marschernas-tid\/","title":{"rendered":"Marschernas tid"},"content":{"rendered":"\n<style type=\"text\/css\" data-created_by=\"avia_inline_auto\" id=\"style-css-av-kingf00t-68e1300ece643da696f038f5dc3d9a04\">\n#top .av-special-heading.av-kingf00t-68e1300ece643da696f038f5dc3d9a04{\npadding-bottom:10px;\n}\nbody .av-special-heading.av-kingf00t-68e1300ece643da696f038f5dc3d9a04 .av-special-heading-tag .heading-char{\nfont-size:25px;\n}\n.av-special-heading.av-kingf00t-68e1300ece643da696f038f5dc3d9a04 .av-subheading{\nfont-size:15px;\n}\n<\/style>\n<div  class='av-special-heading av-kingf00t-68e1300ece643da696f038f5dc3d9a04 av-special-heading-h3  avia-builder-el-0  el_before_av_textblock  avia-builder-el-first '><h3 class='av-special-heading-tag'  itemprop=\"headline\"  >Marschernas tid<\/h3><div class=\"special-heading-border\"><div class=\"special-heading-inner-border\"><\/div><\/div><\/div>\n<section  class='av_textblock_section av-kei9w74n-7b0f008125a778f48432b9a614d90d0f '   itemscope=\"itemscope\" itemtype=\"https:\/\/schema.org\/CreativeWork\" ><div class='avia_textblock'  itemprop=\"text\" ><p><strong>\u00c5ke Sourander:<\/strong><\/p>\n<p>Marschernas tid 14.-15.2.1940<\/p>\n<p>Det var en brokig skara, som b\u00f6rjade sin vandring norrut, bort fr\u00e5n granateld och anstr\u00e4ngande avv\u00e4rjningsstrider. Det var ingen paradtrupp som med musik och s\u00e5ng drog v\u00e4gen fram. Nej, smutsiga och gr\u00e5a, otv\u00e4ttade och orakade sedan veckor tillbaka knogade pojkarna p\u00e5 med tr\u00f6tta, lik\u00adgiltiga steg sin vandring mot vila och mat, som h\u00e4grade n\u00e5gonstans i fj\u00e4rran. De av krut, jord och smuts helsvarta sn\u00f6dr\u00e4kterna hade i linjerna sm\u00e4lt bra samman med den omgivande stridsterr\u00e4ngen, men h\u00e4r bakom d\u00e4r sn\u00f6n l\u00e5g vit och ren, och d\u00e4r tr\u00e4den bar en vit, vacker sn\u00f6skrud, hade de ingen som helst betydelse som camuflage. De fyllde dock en funktion, d\u00e5 de skyddade mot bl\u00e5st och k\u00f6ld. St\u00e4mningen var ovanligt d\u00e4mpad, inget on\u00f6digt prat h\u00f6r\u00addes. Var och en gick i sina egna, allvarliga funderingar, utan tanke p\u00e5 om det var seger eller nederlag han varit med om, eller om han upptr\u00e4tt som hj\u00e4lte eller som k\u00e4ring. Dylika tankar var likgiltiga i detta nu, huvudsaken var att man klarat sig undan med livet, tillsvidare. Men det var en obesegrad trupp, som marscherade v\u00e4gen fram, och vid behov var den \u00e5ter beredd att sl\u00e5ss p\u00e5 liv och d\u00f6d. Innerst inne syntes i pojkarnas \u00f6gon en viss gl\u00e4dje och l\u00e4ttnad \u00f6ver att f\u00e5 l\u00e4mna det lilla helvetet d\u00e4r framme.<\/p>\n<p>P\u00e5 marschen upp m\u00f6tte vi delar av ett helvitt regemente d\u00e5 v\u00e4g ned till linjerna. Allt vad man s\u00e5g p\u00e5 var vitt och jungfrurent, mannar, h\u00e4star, sl\u00e4dar, t.o.m. skidorna var vit\u00adm\u00e5lade. Det var en verklig sp\u00f6ktrupp, som var sv\u00e5r att uppt\u00e4cka, d\u00e4r den ringlade fram i skydd av den vitkl\u00e4dda naturen. Mannarna tittade f\u00f6rundrade p\u00e5 v\u00e5ra svarta grott\u00adgestalter och de t\u00e4nkte v\u00e4l \u00e5 sin sida, att det var vi som var underliga sp\u00f6kfigurer d\u00e4r vi kom framkrypande l\u00e4ngs v\u00e4gen. Men vi t\u00e4nkte i v\u00e5rt stilla sinne: &#8221;Stackars satar, snart blir det nog er tur.&#8221;<\/p>\n<p>Bataljonens olika medlemmar tr\u00e4ffades \u00e5ter efter en l\u00e4ngre period. Sakta diskussioner h\u00f6rdes h\u00e4r och d\u00e4r i m\u00f6rkret. Man s\u00f6kte i dunklet efter bekanta ansikten och undrade i sitt stilla sinne: &#8221;\u00c4r han eller han \u00e4nnu med oss?&#8221; Ofta h\u00f6rdes orden &#8221;han gick&#8221; eller s\u00e5 &#8221;han fick sej&#8221;, eller vidare &#8221;kanske han klarar sej, men nog blir han invalid&#8221;. Ibland h\u00f6rdes ett glatt utrop: &#8221;du lever \u00e4n&#8221; och d\u00e4rp\u00e5 f\u00f6ljde en hj\u00e4rtlig handskakning. Men i allt detta f\u00f6rm\u00e4rktes dock en viss f\u00f6rst\u00e4mning trots \u00e5terseendets gl\u00e4dje, det var tan\u00adken p\u00e5 alla dem som g\u00e5tt och de kamrater, vilka med s\u00f6nder\u00adtrasade lemmar f\u00f6rts bort &#8211; men d\u00e4rom resonerades ej. Det var \u00e4nnu f\u00f6r f\u00e4rskt i minnet.<\/p>\n<p>Rasten i Kiltee blev inte l\u00e5ng &#8211; bataljonen fortsatte sin marsch och jag ville fort f\u00e5 bort kompanierna, s\u00e5 att marschordern inte skulle hinna annulleras. De olika enhe\u00adterna marscherade skilt f\u00f6r sig. Marschm\u00e5let var det f\u00f6rut angivna Suur-Pero. D\u00e5 jag f\u00e5tt iv\u00e4g de olika kompanierna, m\u00e4rkte jag, att jag var ensam p\u00e5 landsv\u00e4gen tillsammans med min skugga, underserg. Hellund, som d\u00f6k upp ur m\u00f6rkret med v\u00e5r enda Petromax-lampa i n\u00e4ven. I sista \u00f6gonblicket kom sanitetssergeant Backman och anm\u00e4lde, att de sista s\u00e5rade fr\u00e5n Munasuo var v\u00e4lbeh\u00e5llna p\u00e5 rege\u00admentets JSp. Vi blev nu tre i s\u00e4llskapet, &#8211; adjutanten hade med ordonnanser farit p\u00e5 f\u00f6rhand f\u00f6r att rekogno\u00adscera f\u00f6rl\u00e4ggningsm\u00f6jligheterna -, och s\u00e5 sp\u00e4nstade \u00e4ven vi i v\u00e4g mot Suur-Pero i den kalla vinternatten, mot h\u00e4g\u00adrande vila och s\u00f6mn, och mat i massor. Men det blev nog inte s\u00e5 idylliska dagar och n\u00e4tter, som vi t\u00e4nkt oss.<\/p>\n<p>Marschen gick genom K\u00e4m\u00e4r\u00e4 station, som s\u00e5g \u00e4nnu \u00f6dsligare ut \u00e4n p\u00e5 v\u00e5r nedmarsch f\u00f6r 6 veckor sedan, samt vidare genom Pien-Pero vid stora Viborgsv\u00e4gen till Suur-Pero. V\u00e4gen var l\u00e5ng och tung och med tanke p\u00e5 att poj\u00adkarna varit i strid sedan f\u00f6rsta februari i ett k\u00f6r och de senaste dygnen utan varm mat, var det en fenomenal marsch\u00adprestation som gjordes. Slottes Purmo-Essepojkar, vilka vandrat den l\u00e5nga v\u00e4gen utan ryggs\u00e4ckar, anl\u00e4nde f\u00f6rst till marschm\u00e5let, och det redan kl. 7.00 den 15 februari p\u00e5 morgonen. De \u00f6vriga enheterna introppade en efter en under f\u00f6rmiddagens f\u00f6rlopp, f\u00f6rutom de pojkar, vilka d\u00f6ds\u00adtr\u00f6tta blivit p\u00e5 v\u00e4gen f\u00f6r att vila ut i tomma byggnader. Under dagens lopp var dock bataljonen f\u00f6rsamlad i sin helhet i de kalla, oeldade f\u00f6rl\u00e4ggningsplatserna i Suur-Pero. Det var nog ingen krigsstark bataljon som h\u00e4r gick till vila, utan en starkt decimerad trupp. F\u00f6rluster i stupade, s\u00e5rade och sjuka gjorde att i varje enhet saknades s\u00e5 gott som varannan man, men vapen och ammunition hade vi med oss i full\u00f6digt antal. Med \u00f6vrig materiel och utrustning var det v\u00e4rre st\u00e4llt, bl.a. hade artillerielden tagit k\u00e5l p\u00e5 tre av v\u00e5ra &#8221;soppkanoner&#8221;. Vi var s\u00e5lunda i stort behov av komplettering i m\u00e5nga avseenden och vi m\u00e5ste i lugn och ro f\u00e5 genomf\u00f6ra v\u00e5r omorganisation i enheterna f\u00f6r att \u00e5ter kunna bli stridsdugliga och aktionsberedda.<\/p>\n<p>Marschnatten var mycket kall och d\u00e5 pojkarna i stridens hetta gl\u00f6mt att byta sina svettiga kl\u00e4der, blev det f\u00f6rfrys\u00adningsfall i massor. H\u00e4r och d\u00e4r s\u00e5g man vita n\u00e4sor och \u00f6ron, men dem som som f\u00f6rfrusit t\u00e5rna gick det v\u00e4rre med. Det blev sjukhusvistelser och andra obehagligheter. Sj\u00e4lv hade jag ocks\u00e5 f\u00f6rfrusit mina t\u00e5r och hade inga torra strumpor att taga p\u00e5, d\u00e5 min r\u00e4nsel och kapps\u00e4ck blev i Kiltee, d\u00e4r de v\u00e4l ligger \u00e4nnu i denna dag, om inte ryssen lagt beslag p\u00e5 dem. Det var m\u00e5ngens gep\u00e4ck, mindre vik\u00adtiga attiraljer, som m\u00e5ste l\u00e4mnas kvar d\u00e5 v\u00e5ra transport\u00adm\u00f6jligheter var s\u00e5 begr\u00e4nsade. D\u00e5 undersergeant Finnstr\u00f6m n\u00e4sta dag med lastbil s\u00f6kte sig ner f\u00f6r att avh\u00e4mta de kvar\u00adl\u00e4mnade sakerna, var fienden redan herre \u00f6ver dessa om\u00adr\u00e5den. Det var bara att l\u00e5na sig fram med strumpor och underkl\u00e4der, tills komplettering hann anl\u00e4nda hemifr\u00e5n. Mina avsomnade t\u00e5r fick jag dragas med s\u00e5 l\u00e4nge kriget varade, men till f\u00e4ltlasarettet fick ingen l\u00e4kare mig att fara.<\/p>\n<p>Av vila och varm mat blev det ej s\u00e5 som vi hade dr\u00f6mt under nattens vandringar. Alla k\u00e5kar var oeldade och vi kunde inte v\u00e4rma upp dem. Ej heller kunde vi elda under de tv\u00e5 \u00e5terst\u00e5ende f\u00e4ltk\u00f6ken p\u00e5 grund av ryssens ivriga flygverksamhet, som tycktes vara mycket v\u00e4rre h\u00e4r bakom, \u00e4n ute i linjerna. Hela dagen knogade jag med att f\u00e5 batal\u00adjonen samlad och n\u00e5gorlunda inom r\u00e4ckh\u00e5ll, d\u00e5 pojkarna s\u00f6kt sig \u00e5t olika h\u00e5ll f\u00f6r att f\u00e5 skydd och v\u00e4rme inomhus. Vi l\u00e5g spridda p\u00e5 ett stort omr\u00e5de, men till kv\u00e4llen hade det hela blivit s\u00e5 pass redigt att enheterna visste ungef\u00e4r var alla deras medlemmar h\u00f6ll till. Hela dagen var fiendens bombflyg i aktion och st\u00f6rde v\u00e5r &#8221;nervvila&#8221;.<\/p>\n<p><strong>\u00c5ke Sourander:<\/strong> \u00d6sterbottnisk bataljon I\/IR9:s strider vinterkriget 1939-1940<\/p>\n<\/div><\/section>\n","protected":false},"excerpt":{"rendered":"","protected":false},"author":1,"featured_media":0,"parent":5583,"menu_order":2,"comment_status":"closed","ping_status":"closed","template":"","meta":{"footnotes":""},"class_list":["post-5595","page","type-page","status-publish","hentry"],"yoast_head":"<!-- This site is optimized with the Yoast SEO plugin v27.6 - https:\/\/yoast.com\/product\/yoast-seo-wordpress\/ -->\n<title>Marschernas tid - Veteraanien Perint\u00f6<\/title>\n<meta name=\"robots\" content=\"index, follow, max-snippet:-1, max-image-preview:large, max-video-preview:-1\" \/>\n<link rel=\"canonical\" href=\"https:\/\/veteraanienperinto.fi\/index.php\/sv\/vinterkriget\/vinterkrigets-berattelser\/kriget\/avvarjningssegrar-vid-ostgransen\/marschernas-tid\/\" \/>\n<meta property=\"og:locale\" content=\"fi_FI\" \/>\n<meta property=\"og:type\" content=\"article\" \/>\n<meta property=\"og:title\" content=\"Marschernas tid - Veteraanien Perint\u00f6\" \/>\n<meta property=\"og:url\" content=\"https:\/\/veteraanienperinto.fi\/index.php\/sv\/vinterkriget\/vinterkrigets-berattelser\/kriget\/avvarjningssegrar-vid-ostgransen\/marschernas-tid\/\" \/>\n<meta property=\"og:site_name\" content=\"Veteraanien Perint\u00f6\" \/>\n<meta property=\"article:modified_time\" content=\"2020-12-13T18:21:54+00:00\" \/>\n<meta name=\"twitter:card\" content=\"summary_large_image\" \/>\n<meta name=\"twitter:label1\" content=\"Arvioitu lukuaika\" \/>\n\t<meta name=\"twitter:data1\" content=\"7 minuuttia\" \/>\n<script type=\"application\/ld+json\" class=\"yoast-schema-graph\">{\"@context\":\"https:\\\/\\\/schema.org\",\"@graph\":[{\"@type\":\"WebPage\",\"@id\":\"https:\\\/\\\/veteraanienperinto.fi\\\/index.php\\\/sv\\\/vinterkriget\\\/vinterkrigets-berattelser\\\/kriget\\\/avvarjningssegrar-vid-ostgransen\\\/marschernas-tid\\\/\",\"url\":\"https:\\\/\\\/veteraanienperinto.fi\\\/index.php\\\/sv\\\/vinterkriget\\\/vinterkrigets-berattelser\\\/kriget\\\/avvarjningssegrar-vid-ostgransen\\\/marschernas-tid\\\/\",\"name\":\"Marschernas tid - Veteraanien Perint\u00f6\",\"isPartOf\":{\"@id\":\"https:\\\/\\\/veteraanienperinto.fi\\\/#website\"},\"datePublished\":\"2020-11-17T15:59:39+00:00\",\"dateModified\":\"2020-12-13T18:21:54+00:00\",\"breadcrumb\":{\"@id\":\"https:\\\/\\\/veteraanienperinto.fi\\\/index.php\\\/sv\\\/vinterkriget\\\/vinterkrigets-berattelser\\\/kriget\\\/avvarjningssegrar-vid-ostgransen\\\/marschernas-tid\\\/#breadcrumb\"},\"inLanguage\":\"fi\",\"potentialAction\":[{\"@type\":\"ReadAction\",\"target\":[\"https:\\\/\\\/veteraanienperinto.fi\\\/index.php\\\/sv\\\/vinterkriget\\\/vinterkrigets-berattelser\\\/kriget\\\/avvarjningssegrar-vid-ostgransen\\\/marschernas-tid\\\/\"]}]},{\"@type\":\"BreadcrumbList\",\"@id\":\"https:\\\/\\\/veteraanienperinto.fi\\\/index.php\\\/sv\\\/vinterkriget\\\/vinterkrigets-berattelser\\\/kriget\\\/avvarjningssegrar-vid-ostgransen\\\/marschernas-tid\\\/#breadcrumb\",\"itemListElement\":[{\"@type\":\"ListItem\",\"position\":1,\"name\":\"Etusivu\",\"item\":\"https:\\\/\\\/veteraanienperinto.fi\\\/index.php\\\/etusivu-2\\\/\"},{\"@type\":\"ListItem\",\"position\":2,\"name\":\"Vinterkriget\",\"item\":\"https:\\\/\\\/veteraanienperinto.fi\\\/index.php\\\/sv\\\/vinterkriget\\\/\"},{\"@type\":\"ListItem\",\"position\":3,\"name\":\"Vinterkrigets ber\u00e4ttelser\",\"item\":\"https:\\\/\\\/veteraanienperinto.fi\\\/index.php\\\/sv\\\/vinterkriget\\\/vinterkrigets-berattelser\\\/\"},{\"@type\":\"ListItem\",\"position\":4,\"name\":\"Kriget\",\"item\":\"https:\\\/\\\/veteraanienperinto.fi\\\/index.php\\\/sv\\\/vinterkriget\\\/vinterkrigets-berattelser\\\/kriget\\\/\"},{\"@type\":\"ListItem\",\"position\":5,\"name\":\"Avv\u00e4rjningssegrar vid \u00f6stgr\u00e4nsen\",\"item\":\"https:\\\/\\\/veteraanienperinto.fi\\\/index.php\\\/sv\\\/vinterkriget\\\/vinterkrigets-berattelser\\\/kriget\\\/avvarjningssegrar-vid-ostgransen\\\/\"},{\"@type\":\"ListItem\",\"position\":6,\"name\":\"Marschernas tid\"}]},{\"@type\":\"WebSite\",\"@id\":\"https:\\\/\\\/veteraanienperinto.fi\\\/#website\",\"url\":\"https:\\\/\\\/veteraanienperinto.fi\\\/\",\"name\":\"Veteraanien Perint\u00f6\",\"description\":\"Kadettikunta\",\"potentialAction\":[{\"@type\":\"SearchAction\",\"target\":{\"@type\":\"EntryPoint\",\"urlTemplate\":\"https:\\\/\\\/veteraanienperinto.fi\\\/?s={search_term_string}\"},\"query-input\":{\"@type\":\"PropertyValueSpecification\",\"valueRequired\":true,\"valueName\":\"search_term_string\"}}],\"inLanguage\":\"fi\"}]}<\/script>\n<!-- \/ Yoast SEO plugin. -->","yoast_head_json":{"title":"Marschernas tid - Veteraanien Perint\u00f6","robots":{"index":"index","follow":"follow","max-snippet":"max-snippet:-1","max-image-preview":"max-image-preview:large","max-video-preview":"max-video-preview:-1"},"canonical":"https:\/\/veteraanienperinto.fi\/index.php\/sv\/vinterkriget\/vinterkrigets-berattelser\/kriget\/avvarjningssegrar-vid-ostgransen\/marschernas-tid\/","og_locale":"fi_FI","og_type":"article","og_title":"Marschernas tid - Veteraanien Perint\u00f6","og_url":"https:\/\/veteraanienperinto.fi\/index.php\/sv\/vinterkriget\/vinterkrigets-berattelser\/kriget\/avvarjningssegrar-vid-ostgransen\/marschernas-tid\/","og_site_name":"Veteraanien Perint\u00f6","article_modified_time":"2020-12-13T18:21:54+00:00","twitter_card":"summary_large_image","twitter_misc":{"Arvioitu lukuaika":"7 minuuttia"},"schema":{"@context":"https:\/\/schema.org","@graph":[{"@type":"WebPage","@id":"https:\/\/veteraanienperinto.fi\/index.php\/sv\/vinterkriget\/vinterkrigets-berattelser\/kriget\/avvarjningssegrar-vid-ostgransen\/marschernas-tid\/","url":"https:\/\/veteraanienperinto.fi\/index.php\/sv\/vinterkriget\/vinterkrigets-berattelser\/kriget\/avvarjningssegrar-vid-ostgransen\/marschernas-tid\/","name":"Marschernas tid - Veteraanien Perint\u00f6","isPartOf":{"@id":"https:\/\/veteraanienperinto.fi\/#website"},"datePublished":"2020-11-17T15:59:39+00:00","dateModified":"2020-12-13T18:21:54+00:00","breadcrumb":{"@id":"https:\/\/veteraanienperinto.fi\/index.php\/sv\/vinterkriget\/vinterkrigets-berattelser\/kriget\/avvarjningssegrar-vid-ostgransen\/marschernas-tid\/#breadcrumb"},"inLanguage":"fi","potentialAction":[{"@type":"ReadAction","target":["https:\/\/veteraanienperinto.fi\/index.php\/sv\/vinterkriget\/vinterkrigets-berattelser\/kriget\/avvarjningssegrar-vid-ostgransen\/marschernas-tid\/"]}]},{"@type":"BreadcrumbList","@id":"https:\/\/veteraanienperinto.fi\/index.php\/sv\/vinterkriget\/vinterkrigets-berattelser\/kriget\/avvarjningssegrar-vid-ostgransen\/marschernas-tid\/#breadcrumb","itemListElement":[{"@type":"ListItem","position":1,"name":"Etusivu","item":"https:\/\/veteraanienperinto.fi\/index.php\/etusivu-2\/"},{"@type":"ListItem","position":2,"name":"Vinterkriget","item":"https:\/\/veteraanienperinto.fi\/index.php\/sv\/vinterkriget\/"},{"@type":"ListItem","position":3,"name":"Vinterkrigets ber\u00e4ttelser","item":"https:\/\/veteraanienperinto.fi\/index.php\/sv\/vinterkriget\/vinterkrigets-berattelser\/"},{"@type":"ListItem","position":4,"name":"Kriget","item":"https:\/\/veteraanienperinto.fi\/index.php\/sv\/vinterkriget\/vinterkrigets-berattelser\/kriget\/"},{"@type":"ListItem","position":5,"name":"Avv\u00e4rjningssegrar vid \u00f6stgr\u00e4nsen","item":"https:\/\/veteraanienperinto.fi\/index.php\/sv\/vinterkriget\/vinterkrigets-berattelser\/kriget\/avvarjningssegrar-vid-ostgransen\/"},{"@type":"ListItem","position":6,"name":"Marschernas tid"}]},{"@type":"WebSite","@id":"https:\/\/veteraanienperinto.fi\/#website","url":"https:\/\/veteraanienperinto.fi\/","name":"Veteraanien Perint\u00f6","description":"Kadettikunta","potentialAction":[{"@type":"SearchAction","target":{"@type":"EntryPoint","urlTemplate":"https:\/\/veteraanienperinto.fi\/?s={search_term_string}"},"query-input":{"@type":"PropertyValueSpecification","valueRequired":true,"valueName":"search_term_string"}}],"inLanguage":"fi"}]}},"_links":{"self":[{"href":"https:\/\/veteraanienperinto.fi\/index.php\/wp-json\/wp\/v2\/pages\/5595","targetHints":{"allow":["GET"]}}],"collection":[{"href":"https:\/\/veteraanienperinto.fi\/index.php\/wp-json\/wp\/v2\/pages"}],"about":[{"href":"https:\/\/veteraanienperinto.fi\/index.php\/wp-json\/wp\/v2\/types\/page"}],"author":[{"embeddable":true,"href":"https:\/\/veteraanienperinto.fi\/index.php\/wp-json\/wp\/v2\/users\/1"}],"replies":[{"embeddable":true,"href":"https:\/\/veteraanienperinto.fi\/index.php\/wp-json\/wp\/v2\/comments?post=5595"}],"version-history":[{"count":3,"href":"https:\/\/veteraanienperinto.fi\/index.php\/wp-json\/wp\/v2\/pages\/5595\/revisions"}],"predecessor-version":[{"id":7310,"href":"https:\/\/veteraanienperinto.fi\/index.php\/wp-json\/wp\/v2\/pages\/5595\/revisions\/7310"}],"up":[{"embeddable":true,"href":"https:\/\/veteraanienperinto.fi\/index.php\/wp-json\/wp\/v2\/pages\/5583"}],"wp:attachment":[{"href":"https:\/\/veteraanienperinto.fi\/index.php\/wp-json\/wp\/v2\/media?parent=5595"}],"curies":[{"name":"wp","href":"https:\/\/api.w.org\/{rel}","templated":true}]}}