{"id":5769,"date":"2020-11-17T18:39:11","date_gmt":"2020-11-17T18:39:11","guid":{"rendered":"https:\/\/veteraani.ylirotu.fi\/?page_id=5769"},"modified":"2021-01-26T18:35:15","modified_gmt":"2021-01-26T18:35:15","slug":"det-politiska-laget","status":"publish","type":"page","link":"https:\/\/veteraanienperinto.fi\/index.php\/sv\/fortsattningskriget\/fortsattningkrigets-bakgrund\/det-politiska-laget\/","title":{"rendered":"Det politiska l\u00e4get"},"content":{"rendered":"<div id='full_slider_1'  class='avia-fullwidth-slider main_color avia-shadow   avia-builder-el-0  el_before_av_heading  avia-builder-el-first   container_wrap sidebar_right'  >\n<style type=\"text\/css\" data-created_by=\"avia_inline_auto\" id=\"style-css-av-vku68-dad526306c957c4270d23c9c412ae39b\">\n#top .avia-slideshow .av-slideshow-caption.av-vku68-dad526306c957c4270d23c9c412ae39b__0 .avia-caption-content{\nfont-size:16px;\n}\n#top .avia-slideshow .av-slideshow-caption.av-vku68-dad526306c957c4270d23c9c412ae39b__0 .avia-caption-content p{\nfont-size:16px;\n}\n<\/style>\n<div  class='avia-slideshow av-vku68-dad526306c957c4270d23c9c412ae39b avia-slideshow-featured av_slideshow_full avia-slide-slider av-slideshow-ui av-control-default av-slideshow-manual av-loop-once av-loop-manual-endless av-default-height-applied   avia-slideshow-1' data-slideshow-options=\"{&quot;animation&quot;:&quot;slide&quot;,&quot;autoplay&quot;:false,&quot;loop_autoplay&quot;:&quot;once&quot;,&quot;interval&quot;:5,&quot;loop_manual&quot;:&quot;manual-endless&quot;,&quot;autoplay_stopper&quot;:false,&quot;noNavigation&quot;:false,&quot;bg_slider&quot;:false,&quot;keep_padding&quot;:false,&quot;hoverpause&quot;:false,&quot;show_slide_delay&quot;:0}\"  itemprop=\"image\" itemscope=\"itemscope\" itemtype=\"https:\/\/schema.org\/ImageObject\" ><ul class='avia-slideshow-inner ' style='padding-bottom: 28.666666666667%;'><li  class='avia-slideshow-slide av-vku68-dad526306c957c4270d23c9c412ae39b__0  av-single-slide slide-1 slide-odd'><div data-rel='slideshow-1' class='avia-slide-wrap '   ><div class='av-slideshow-caption av-vku68-dad526306c957c4270d23c9c412ae39b__0 caption_fullwidth caption_bottom caption_bottom_framed caption_framed'><div class=\"container caption_container\"><div class=\"slideshow_caption\"><div class=\"slideshow_inner_caption\"><div class=\"slideshow_align_caption\"><div class='avia-caption-content '  itemprop=\"description\" ><p>Minister Hynninen och medlemmar av Moskva-delegationen \u00e5terv\u00e4nder fr\u00e5n Moskva.<br \/>\nHelsingfors station den 18 september 1941<\/p>\n<\/div><\/div><\/div><\/div><\/div><\/div><img decoding=\"async\" fetchpriority=\"high\" class=\"wp-image-3892 avia-img-lazy-loading-not-3892\"  src=\"https:\/\/veteraanienperinto.fi\/wp-content\/uploads\/2020\/09\/neuvottelut_jatkosota-1500x430.png\" width=\"1500\" height=\"430\" title='neuvottelut_jatkosota' alt=''  itemprop=\"thumbnailUrl\" srcset=\"https:\/\/veteraanienperinto.fi\/wp-content\/uploads\/2020\/09\/neuvottelut_jatkosota.png 1500w, https:\/\/veteraanienperinto.fi\/wp-content\/uploads\/2020\/09\/neuvottelut_jatkosota-300x86.png 300w, https:\/\/veteraanienperinto.fi\/wp-content\/uploads\/2020\/09\/neuvottelut_jatkosota-1030x295.png 1030w, https:\/\/veteraanienperinto.fi\/wp-content\/uploads\/2020\/09\/neuvottelut_jatkosota-768x220.png 768w, https:\/\/veteraanienperinto.fi\/wp-content\/uploads\/2020\/09\/neuvottelut_jatkosota-705x202.png 705w\" sizes=\"(max-width: 1500px) 100vw, 1500px\" \/><\/div><\/li><\/ul><\/div><\/div><div id='after_full_slider_1'  class='main_color av_default_container_wrap container_wrap sidebar_right'  ><div class='container av-section-cont-open' ><div class='template-page content  av-content-small alpha units'><div class='post-entry post-entry-type-page post-entry-5769'><div class='entry-content-wrapper clearfix'>\n\n<style type=\"text\/css\" data-created_by=\"avia_inline_auto\" id=\"style-css-av-kkecat2e-3fff1d35db99c223106e32d6d12490e4\">\n#top .av-special-heading.av-kkecat2e-3fff1d35db99c223106e32d6d12490e4{\npadding-bottom:10px;\n}\nbody .av-special-heading.av-kkecat2e-3fff1d35db99c223106e32d6d12490e4 .av-special-heading-tag .heading-char{\nfont-size:25px;\n}\n.av-special-heading.av-kkecat2e-3fff1d35db99c223106e32d6d12490e4 .av-subheading{\nfont-size:15px;\n}\n<\/style>\n<div  class='av-special-heading av-kkecat2e-3fff1d35db99c223106e32d6d12490e4 av-special-heading-h2  avia-builder-el-1  el_after_av_slideshow_full  el_before_av_textblock  avia-builder-el-first '><h2 class='av-special-heading-tag'  itemprop=\"headline\"  >Det politiska l\u00e4get<\/h2><div class=\"special-heading-border\"><div class=\"special-heading-inner-border\"><\/div><\/div><\/div>\n<section  class='av_textblock_section av-o85s-462ce029ee7471ea86e06aebfa886bbd '   itemscope=\"itemscope\" itemtype=\"https:\/\/schema.org\/CreativeWork\" ><div class='avia_textblock'  itemprop=\"text\" ><p>D\u00e5 vinterkriget upph\u00f6rt kom Sovjetunionen med flera krav som inte fanns i fredsavtalet. Likas\u00e5 lade man sig i Finlands inrikespolitiska \u00e4renden. Sovjetunionen ockuperade de baltiska l\u00e4nderna p\u00e5 sommaren 1940. I Finland vara man r\u00e4dd f\u00f6r att Sovjetunionen skulle g\u00f6ra ett nytt anfall. Sovjetunionen kunde operera fritt, eftersom Tyskland var uppbundet med sina egna milit\u00e4ra operationer. Tyskland ockuperade Norge och Danmark 9.4.1940 och inledde 10.5. ett \u00f6verraskande storanfall i form av ett blixtkrig p\u00e5 v\u00e4stfronten, som inom en och en halv m\u00e5nad ledde till ett fullst\u00e4ndigt nederlag f\u00f6r fransm\u00e4nnen och engelsm\u00e4nnen som var i Frankrike. Efter detta f\u00f6rs\u00f6kte tyskarna skaffa sig luftherrav\u00e4ldet \u00f6ver England f\u00f6r att m\u00f6jligg\u00f6ra en planerad landstigning. Resurserna inom de tyska luftstridskrafterna r\u00e4ckte inte till f\u00f6r detta och redan i m\u00e5nadsskiftet juli-augusti hade Hitler fattat beslut om krig mot Sovjetunionen. Tyskland h\u00f6ll Finland som en sj\u00e4lvklar bundsf\u00f6rvant, d\u00e5 Finland p\u00e5 s\u00e5 s\u00e4tt skulle ges m\u00f6jlighet till kompensation f\u00f6r vinterkrigets of\u00f6rr\u00e4tt. Detta t\u00e4nkes\u00e4tt kom fram fr\u00e5n och med augusti 1940 d\u00e5 den negativa inst\u00e4llningen som Tyskland haft under vinterkriget \u00e4ndrades och blev positiv till Finland.<\/p>\n<p>P\u00e5 h\u00f6sten 1940 var Tysklands st\u00f6d livsviktigt f\u00f6r Finland, i synnerhet d\u00e5 England och Frankrike som st\u00f6tt Finland i vinterkriget inte l\u00e4ngre kunde beaktas. Sovjetunionens p\u00e5tryckning mot Finland fortsatte. Vid underhandlingar som f\u00f6rdes i Berlin 11-12 mars 1940 kr\u00e4vde utrikesminister Molotov fria h\u00e4nder betr\u00e4ffande Finland, s\u00e5ledes en slutgiltig l\u00f6sning genom krig. Hitler gick inte med p\u00e5 detta.<\/p>\n<p>Fr\u00e5n september 1940 fanns tv\u00e5 fr\u00e4mmande staters trupper i Finland. Efter p\u00e5tryckning beviljade Finland f\u00f6rst genomfartsr\u00e4tt \u00e5t ryssarna genom s\u00f6dra Finland till Hang\u00f6. Strax d\u00e4refter beviljades tyskarna genomfartsr\u00e4tt genom Finland till Nordnorge. Permissionstransporterna var fortl\u00f6pande, vilket innebar att det alltid fanns tyska soldater i Finland.<\/p>\n<p>I december 1940 meddelade tyskarna Finland, att om Sovjetunionen anfaller Finland, s\u00e5 kommer Tyskland till Finlands hj\u00e4lp. Den 17 i samma m\u00e5nad undertecknande Hitler ett hemligt direktiv, d\u00e4r riktlinjerna fanns f\u00f6r ett anfall som skulle g\u00f6ras mot Sovjetunionen. Enligt direktivet trodde man att finl\u00e4ndarna skulle delta i anfallet. Detta f\u00f6rutsatte milit\u00e4rt samarbete redan i operationens f\u00f6rsta skede. En begr\u00e4nsad och hemlig samverkan f\u00f6rekom ocks\u00e5 mellan Tyskland och Finland f\u00f6re forts\u00e4ttningskriget.<\/p>\n<\/div><\/section>\n","protected":false},"excerpt":{"rendered":"","protected":false},"author":1,"featured_media":0,"parent":5765,"menu_order":0,"comment_status":"closed","ping_status":"closed","template":"","meta":{"footnotes":""},"class_list":["post-5769","page","type-page","status-publish","hentry"],"yoast_head":"<!-- This site is optimized with the Yoast SEO plugin v27.5 - https:\/\/yoast.com\/product\/yoast-seo-wordpress\/ -->\n<title>Det politiska l\u00e4get - Veteraanien Perint\u00f6<\/title>\n<meta name=\"robots\" content=\"index, follow, max-snippet:-1, max-image-preview:large, max-video-preview:-1\" \/>\n<link rel=\"canonical\" href=\"https:\/\/veteraanienperinto.fi\/index.php\/sv\/fortsattningskriget\/fortsattningkrigets-bakgrund\/det-politiska-laget\/\" \/>\n<meta property=\"og:locale\" content=\"fi_FI\" \/>\n<meta property=\"og:type\" content=\"article\" \/>\n<meta property=\"og:title\" content=\"Det politiska l\u00e4get - Veteraanien Perint\u00f6\" \/>\n<meta property=\"og:url\" content=\"https:\/\/veteraanienperinto.fi\/index.php\/sv\/fortsattningskriget\/fortsattningkrigets-bakgrund\/det-politiska-laget\/\" \/>\n<meta property=\"og:site_name\" content=\"Veteraanien Perint\u00f6\" \/>\n<meta property=\"article:modified_time\" content=\"2021-01-26T18:35:15+00:00\" \/>\n<meta name=\"twitter:card\" content=\"summary_large_image\" \/>\n<meta name=\"twitter:label1\" content=\"Arvioitu lukuaika\" \/>\n\t<meta name=\"twitter:data1\" content=\"4 minuuttia\" \/>\n<script type=\"application\/ld+json\" class=\"yoast-schema-graph\">{\"@context\":\"https:\\\/\\\/schema.org\",\"@graph\":[{\"@type\":\"WebPage\",\"@id\":\"https:\\\/\\\/veteraanienperinto.fi\\\/index.php\\\/sv\\\/fortsattningskriget\\\/fortsattningkrigets-bakgrund\\\/det-politiska-laget\\\/\",\"url\":\"https:\\\/\\\/veteraanienperinto.fi\\\/index.php\\\/sv\\\/fortsattningskriget\\\/fortsattningkrigets-bakgrund\\\/det-politiska-laget\\\/\",\"name\":\"Det politiska l\u00e4get - Veteraanien Perint\u00f6\",\"isPartOf\":{\"@id\":\"https:\\\/\\\/veteraanienperinto.fi\\\/#website\"},\"datePublished\":\"2020-11-17T18:39:11+00:00\",\"dateModified\":\"2021-01-26T18:35:15+00:00\",\"breadcrumb\":{\"@id\":\"https:\\\/\\\/veteraanienperinto.fi\\\/index.php\\\/sv\\\/fortsattningskriget\\\/fortsattningkrigets-bakgrund\\\/det-politiska-laget\\\/#breadcrumb\"},\"inLanguage\":\"fi\",\"potentialAction\":[{\"@type\":\"ReadAction\",\"target\":[\"https:\\\/\\\/veteraanienperinto.fi\\\/index.php\\\/sv\\\/fortsattningskriget\\\/fortsattningkrigets-bakgrund\\\/det-politiska-laget\\\/\"]}]},{\"@type\":\"BreadcrumbList\",\"@id\":\"https:\\\/\\\/veteraanienperinto.fi\\\/index.php\\\/sv\\\/fortsattningskriget\\\/fortsattningkrigets-bakgrund\\\/det-politiska-laget\\\/#breadcrumb\",\"itemListElement\":[{\"@type\":\"ListItem\",\"position\":1,\"name\":\"Etusivu\",\"item\":\"https:\\\/\\\/veteraanienperinto.fi\\\/index.php\\\/etusivu-2\\\/\"},{\"@type\":\"ListItem\",\"position\":2,\"name\":\"Forts\u00e4ttningskriget\",\"item\":\"https:\\\/\\\/veteraanienperinto.fi\\\/index.php\\\/sv\\\/fortsattningskriget\\\/\"},{\"@type\":\"ListItem\",\"position\":3,\"name\":\"Forts\u00e4ttningkrigets bakgrund\",\"item\":\"https:\\\/\\\/veteraanienperinto.fi\\\/index.php\\\/sv\\\/fortsattningskriget\\\/fortsattningkrigets-bakgrund\\\/\"},{\"@type\":\"ListItem\",\"position\":4,\"name\":\"Det politiska l\u00e4get\"}]},{\"@type\":\"WebSite\",\"@id\":\"https:\\\/\\\/veteraanienperinto.fi\\\/#website\",\"url\":\"https:\\\/\\\/veteraanienperinto.fi\\\/\",\"name\":\"Veteraanien Perint\u00f6\",\"description\":\"Kadettikunta\",\"potentialAction\":[{\"@type\":\"SearchAction\",\"target\":{\"@type\":\"EntryPoint\",\"urlTemplate\":\"https:\\\/\\\/veteraanienperinto.fi\\\/?s={search_term_string}\"},\"query-input\":{\"@type\":\"PropertyValueSpecification\",\"valueRequired\":true,\"valueName\":\"search_term_string\"}}],\"inLanguage\":\"fi\"}]}<\/script>\n<!-- \/ Yoast SEO plugin. -->","yoast_head_json":{"title":"Det politiska l\u00e4get - Veteraanien Perint\u00f6","robots":{"index":"index","follow":"follow","max-snippet":"max-snippet:-1","max-image-preview":"max-image-preview:large","max-video-preview":"max-video-preview:-1"},"canonical":"https:\/\/veteraanienperinto.fi\/index.php\/sv\/fortsattningskriget\/fortsattningkrigets-bakgrund\/det-politiska-laget\/","og_locale":"fi_FI","og_type":"article","og_title":"Det politiska l\u00e4get - Veteraanien Perint\u00f6","og_url":"https:\/\/veteraanienperinto.fi\/index.php\/sv\/fortsattningskriget\/fortsattningkrigets-bakgrund\/det-politiska-laget\/","og_site_name":"Veteraanien Perint\u00f6","article_modified_time":"2021-01-26T18:35:15+00:00","twitter_card":"summary_large_image","twitter_misc":{"Arvioitu lukuaika":"4 minuuttia"},"schema":{"@context":"https:\/\/schema.org","@graph":[{"@type":"WebPage","@id":"https:\/\/veteraanienperinto.fi\/index.php\/sv\/fortsattningskriget\/fortsattningkrigets-bakgrund\/det-politiska-laget\/","url":"https:\/\/veteraanienperinto.fi\/index.php\/sv\/fortsattningskriget\/fortsattningkrigets-bakgrund\/det-politiska-laget\/","name":"Det politiska l\u00e4get - Veteraanien Perint\u00f6","isPartOf":{"@id":"https:\/\/veteraanienperinto.fi\/#website"},"datePublished":"2020-11-17T18:39:11+00:00","dateModified":"2021-01-26T18:35:15+00:00","breadcrumb":{"@id":"https:\/\/veteraanienperinto.fi\/index.php\/sv\/fortsattningskriget\/fortsattningkrigets-bakgrund\/det-politiska-laget\/#breadcrumb"},"inLanguage":"fi","potentialAction":[{"@type":"ReadAction","target":["https:\/\/veteraanienperinto.fi\/index.php\/sv\/fortsattningskriget\/fortsattningkrigets-bakgrund\/det-politiska-laget\/"]}]},{"@type":"BreadcrumbList","@id":"https:\/\/veteraanienperinto.fi\/index.php\/sv\/fortsattningskriget\/fortsattningkrigets-bakgrund\/det-politiska-laget\/#breadcrumb","itemListElement":[{"@type":"ListItem","position":1,"name":"Etusivu","item":"https:\/\/veteraanienperinto.fi\/index.php\/etusivu-2\/"},{"@type":"ListItem","position":2,"name":"Forts\u00e4ttningskriget","item":"https:\/\/veteraanienperinto.fi\/index.php\/sv\/fortsattningskriget\/"},{"@type":"ListItem","position":3,"name":"Forts\u00e4ttningkrigets bakgrund","item":"https:\/\/veteraanienperinto.fi\/index.php\/sv\/fortsattningskriget\/fortsattningkrigets-bakgrund\/"},{"@type":"ListItem","position":4,"name":"Det politiska l\u00e4get"}]},{"@type":"WebSite","@id":"https:\/\/veteraanienperinto.fi\/#website","url":"https:\/\/veteraanienperinto.fi\/","name":"Veteraanien Perint\u00f6","description":"Kadettikunta","potentialAction":[{"@type":"SearchAction","target":{"@type":"EntryPoint","urlTemplate":"https:\/\/veteraanienperinto.fi\/?s={search_term_string}"},"query-input":{"@type":"PropertyValueSpecification","valueRequired":true,"valueName":"search_term_string"}}],"inLanguage":"fi"}]}},"_links":{"self":[{"href":"https:\/\/veteraanienperinto.fi\/index.php\/wp-json\/wp\/v2\/pages\/5769","targetHints":{"allow":["GET"]}}],"collection":[{"href":"https:\/\/veteraanienperinto.fi\/index.php\/wp-json\/wp\/v2\/pages"}],"about":[{"href":"https:\/\/veteraanienperinto.fi\/index.php\/wp-json\/wp\/v2\/types\/page"}],"author":[{"embeddable":true,"href":"https:\/\/veteraanienperinto.fi\/index.php\/wp-json\/wp\/v2\/users\/1"}],"replies":[{"embeddable":true,"href":"https:\/\/veteraanienperinto.fi\/index.php\/wp-json\/wp\/v2\/comments?post=5769"}],"version-history":[{"count":8,"href":"https:\/\/veteraanienperinto.fi\/index.php\/wp-json\/wp\/v2\/pages\/5769\/revisions"}],"predecessor-version":[{"id":10756,"href":"https:\/\/veteraanienperinto.fi\/index.php\/wp-json\/wp\/v2\/pages\/5769\/revisions\/10756"}],"up":[{"embeddable":true,"href":"https:\/\/veteraanienperinto.fi\/index.php\/wp-json\/wp\/v2\/pages\/5765"}],"wp:attachment":[{"href":"https:\/\/veteraanienperinto.fi\/index.php\/wp-json\/wp\/v2\/media?parent=5769"}],"curies":[{"name":"wp","href":"https:\/\/api.w.org\/{rel}","templated":true}]}}