{"id":5785,"date":"2020-11-17T18:44:32","date_gmt":"2020-11-17T18:44:32","guid":{"rendered":"https:\/\/veteraani.ylirotu.fi\/?page_id=5785"},"modified":"2021-01-14T08:02:14","modified_gmt":"2021-01-14T08:02:14","slug":"ett-nytt-krig-nalkas","status":"publish","type":"page","link":"https:\/\/veteraanienperinto.fi\/index.php\/sv\/fortsattningskriget\/fortsattningkrigets-bakgrund\/ett-nytt-krig-nalkas\/","title":{"rendered":"Ett nytt krig nalkas"},"content":{"rendered":"<div id='full_slider_1'  class='avia-fullwidth-slider main_color avia-shadow   avia-builder-el-0  el_before_av_heading  avia-builder-el-first   container_wrap sidebar_right'  >\n<style type=\"text\/css\" data-created_by=\"avia_inline_auto\" id=\"style-css-av-unq32-01fb20f1f9da3a0c7b6ae53e3c9d1776\">\n#top .avia-slideshow .av-slideshow-caption.av-unq32-01fb20f1f9da3a0c7b6ae53e3c9d1776__0 .avia-caption-content{\nfont-size:16px;\n}\n#top .avia-slideshow .av-slideshow-caption.av-unq32-01fb20f1f9da3a0c7b6ae53e3c9d1776__0 .avia-caption-content p{\nfont-size:16px;\n}\n<\/style>\n<div  class='avia-slideshow av-unq32-01fb20f1f9da3a0c7b6ae53e3c9d1776 avia-slideshow-featured av_slideshow_full avia-slide-slider av-slideshow-ui av-control-default av-slideshow-manual av-loop-once av-loop-manual-endless av-default-height-applied   avia-slideshow-1' data-slideshow-options=\"{&quot;animation&quot;:&quot;slide&quot;,&quot;autoplay&quot;:false,&quot;loop_autoplay&quot;:&quot;once&quot;,&quot;interval&quot;:5,&quot;loop_manual&quot;:&quot;manual-endless&quot;,&quot;autoplay_stopper&quot;:false,&quot;noNavigation&quot;:false,&quot;bg_slider&quot;:false,&quot;keep_padding&quot;:false,&quot;hoverpause&quot;:false,&quot;show_slide_delay&quot;:0}\"  itemprop=\"image\" itemscope=\"itemscope\" itemtype=\"https:\/\/schema.org\/ImageObject\" ><ul class='avia-slideshow-inner ' style='padding-bottom: 28.666666666667%;'><li  class='avia-slideshow-slide av-unq32-01fb20f1f9da3a0c7b6ae53e3c9d1776__0  av-single-slide slide-1 slide-odd'><div data-rel='slideshow-1' class='avia-slide-wrap '   ><div class='av-slideshow-caption av-unq32-01fb20f1f9da3a0c7b6ae53e3c9d1776__0 caption_fullwidth caption_bottom caption_bottom_framed caption_framed'><div class=\"container caption_container\"><div class=\"slideshow_caption\"><div class=\"slideshow_inner_caption\"><div class=\"slideshow_align_caption\"><div class='avia-caption-content '  itemprop=\"description\" ><p>F\u00f6rdelning av SA identitetsprickor i Helsingfors den 20 juni 1941<\/p>\n<\/div><\/div><\/div><\/div><\/div><\/div><img decoding=\"async\" fetchpriority=\"high\" class=\"wp-image-3949 avia-img-lazy-loading-not-3949\"  src=\"https:\/\/veteraanienperinto.fi\/wp-content\/uploads\/2020\/09\/sotalahestyy_jatkosota-1500x430.png\" width=\"1500\" height=\"430\" title='sotalahestyy_jatkosota' alt=''  itemprop=\"thumbnailUrl\" srcset=\"https:\/\/veteraanienperinto.fi\/wp-content\/uploads\/2020\/09\/sotalahestyy_jatkosota.png 1500w, https:\/\/veteraanienperinto.fi\/wp-content\/uploads\/2020\/09\/sotalahestyy_jatkosota-300x86.png 300w, https:\/\/veteraanienperinto.fi\/wp-content\/uploads\/2020\/09\/sotalahestyy_jatkosota-1030x295.png 1030w, https:\/\/veteraanienperinto.fi\/wp-content\/uploads\/2020\/09\/sotalahestyy_jatkosota-768x220.png 768w, https:\/\/veteraanienperinto.fi\/wp-content\/uploads\/2020\/09\/sotalahestyy_jatkosota-705x202.png 705w\" sizes=\"(max-width: 1500px) 100vw, 1500px\" \/><\/div><\/li><\/ul><\/div><\/div><div id='after_full_slider_1'  class='main_color av_default_container_wrap container_wrap sidebar_right'  ><div class='container av-section-cont-open' ><div class='template-page content  av-content-small alpha units'><div class='post-entry post-entry-type-page post-entry-5785'><div class='entry-content-wrapper clearfix'>\n\n<style type=\"text\/css\" data-created_by=\"avia_inline_auto\" id=\"style-css-av-av_heading-d885742e9adf3d32279c2cc3e80c2c81\">\n#top .av-special-heading.av-av_heading-d885742e9adf3d32279c2cc3e80c2c81{\npadding-bottom:10px;\n}\nbody .av-special-heading.av-av_heading-d885742e9adf3d32279c2cc3e80c2c81 .av-special-heading-tag .heading-char{\nfont-size:25px;\n}\n.av-special-heading.av-av_heading-d885742e9adf3d32279c2cc3e80c2c81 .av-subheading{\nfont-size:15px;\n}\n<\/style>\n<div  class='av-special-heading av-av_heading-d885742e9adf3d32279c2cc3e80c2c81 av-special-heading-h2  avia-builder-el-1  el_after_av_slideshow_full  el_before_av_textblock  avia-builder-el-first '><h2 class='av-special-heading-tag'  itemprop=\"headline\"  >Ett nytt krig nalkas<\/h2><div class=\"special-heading-border\"><div class=\"special-heading-inner-border\"><\/div><\/div><\/div>\n<section  class='av_textblock_section av-bcoha-1c08fdf8480259aa3334a3280b3ad3df '   itemscope=\"itemscope\" itemtype=\"https:\/\/schema.org\/CreativeWork\" ><div class='avia_textblock'  itemprop=\"text\" ><p>Tysklands officiella utrikespolitik tillbakavisade \u00e4nnu p\u00e5 v\u00e5ren \u00e5r 1941 m\u00f6jligheten av en sammandrabbning mellan Tyskland och Sovjetunionen. Finland f\u00f6rde \u00e4nd\u00e5 underhandlingar med Tyskland i h\u00e4ndelse av en eventuell konflikt. I slutet av maj meddelade Tyskland till slut att m\u00f6jligheten f\u00f6r ett krig skulle st\u00e5 klar f\u00f6re mitten av juni. Samtidigt kom man \u00f6verens om samverkan mellan Tyskland och Finland.<\/p>\n<p>L\u00e4gets utveckling ledde p\u00e5 sommaren 1941 till att Finlands f\u00f6rsvarsmakt gradvis f\u00f6rsattes i krigsberedskap. Order om allm\u00e4n mobilisering gavs 17.6.1941 och trupperna skulle f\u00f6rflytta sig till sina planerade verksamhetsomr\u00e5den f\u00f6re 25.6. Alla finl\u00e4ndska trupper hade en f\u00f6rsvarsuppgift.<\/p>\n<\/div><\/section>\n","protected":false},"excerpt":{"rendered":"","protected":false},"author":1,"featured_media":0,"parent":5765,"menu_order":8,"comment_status":"closed","ping_status":"closed","template":"","meta":{"footnotes":""},"class_list":["post-5785","page","type-page","status-publish","hentry"],"yoast_head":"<!-- This site is optimized with the Yoast SEO plugin v27.5 - https:\/\/yoast.com\/product\/yoast-seo-wordpress\/ -->\n<title>Ett nytt krig nalkas - Veteraanien Perint\u00f6<\/title>\n<meta name=\"robots\" content=\"index, follow, max-snippet:-1, max-image-preview:large, max-video-preview:-1\" \/>\n<link rel=\"canonical\" href=\"https:\/\/veteraanienperinto.fi\/index.php\/sv\/fortsattningskriget\/fortsattningkrigets-bakgrund\/ett-nytt-krig-nalkas\/\" \/>\n<meta property=\"og:locale\" content=\"fi_FI\" \/>\n<meta property=\"og:type\" content=\"article\" \/>\n<meta property=\"og:title\" content=\"Ett nytt krig nalkas - Veteraanien Perint\u00f6\" \/>\n<meta property=\"og:url\" content=\"https:\/\/veteraanienperinto.fi\/index.php\/sv\/fortsattningskriget\/fortsattningkrigets-bakgrund\/ett-nytt-krig-nalkas\/\" \/>\n<meta property=\"og:site_name\" content=\"Veteraanien Perint\u00f6\" \/>\n<meta property=\"article:modified_time\" content=\"2021-01-14T08:02:14+00:00\" \/>\n<meta name=\"twitter:card\" content=\"summary_large_image\" \/>\n<meta name=\"twitter:label1\" content=\"Arvioitu lukuaika\" \/>\n\t<meta name=\"twitter:data1\" content=\"2 minuuttia\" \/>\n<script type=\"application\/ld+json\" class=\"yoast-schema-graph\">{\"@context\":\"https:\\\/\\\/schema.org\",\"@graph\":[{\"@type\":\"WebPage\",\"@id\":\"https:\\\/\\\/veteraanienperinto.fi\\\/index.php\\\/sv\\\/fortsattningskriget\\\/fortsattningkrigets-bakgrund\\\/ett-nytt-krig-nalkas\\\/\",\"url\":\"https:\\\/\\\/veteraanienperinto.fi\\\/index.php\\\/sv\\\/fortsattningskriget\\\/fortsattningkrigets-bakgrund\\\/ett-nytt-krig-nalkas\\\/\",\"name\":\"Ett nytt krig nalkas - Veteraanien Perint\u00f6\",\"isPartOf\":{\"@id\":\"https:\\\/\\\/veteraanienperinto.fi\\\/#website\"},\"datePublished\":\"2020-11-17T18:44:32+00:00\",\"dateModified\":\"2021-01-14T08:02:14+00:00\",\"breadcrumb\":{\"@id\":\"https:\\\/\\\/veteraanienperinto.fi\\\/index.php\\\/sv\\\/fortsattningskriget\\\/fortsattningkrigets-bakgrund\\\/ett-nytt-krig-nalkas\\\/#breadcrumb\"},\"inLanguage\":\"fi\",\"potentialAction\":[{\"@type\":\"ReadAction\",\"target\":[\"https:\\\/\\\/veteraanienperinto.fi\\\/index.php\\\/sv\\\/fortsattningskriget\\\/fortsattningkrigets-bakgrund\\\/ett-nytt-krig-nalkas\\\/\"]}]},{\"@type\":\"BreadcrumbList\",\"@id\":\"https:\\\/\\\/veteraanienperinto.fi\\\/index.php\\\/sv\\\/fortsattningskriget\\\/fortsattningkrigets-bakgrund\\\/ett-nytt-krig-nalkas\\\/#breadcrumb\",\"itemListElement\":[{\"@type\":\"ListItem\",\"position\":1,\"name\":\"Etusivu\",\"item\":\"https:\\\/\\\/veteraanienperinto.fi\\\/index.php\\\/etusivu-2\\\/\"},{\"@type\":\"ListItem\",\"position\":2,\"name\":\"Forts\u00e4ttningskriget\",\"item\":\"https:\\\/\\\/veteraanienperinto.fi\\\/index.php\\\/sv\\\/fortsattningskriget\\\/\"},{\"@type\":\"ListItem\",\"position\":3,\"name\":\"Forts\u00e4ttningkrigets bakgrund\",\"item\":\"https:\\\/\\\/veteraanienperinto.fi\\\/index.php\\\/sv\\\/fortsattningskriget\\\/fortsattningkrigets-bakgrund\\\/\"},{\"@type\":\"ListItem\",\"position\":4,\"name\":\"Ett nytt krig nalkas\"}]},{\"@type\":\"WebSite\",\"@id\":\"https:\\\/\\\/veteraanienperinto.fi\\\/#website\",\"url\":\"https:\\\/\\\/veteraanienperinto.fi\\\/\",\"name\":\"Veteraanien Perint\u00f6\",\"description\":\"Kadettikunta\",\"potentialAction\":[{\"@type\":\"SearchAction\",\"target\":{\"@type\":\"EntryPoint\",\"urlTemplate\":\"https:\\\/\\\/veteraanienperinto.fi\\\/?s={search_term_string}\"},\"query-input\":{\"@type\":\"PropertyValueSpecification\",\"valueRequired\":true,\"valueName\":\"search_term_string\"}}],\"inLanguage\":\"fi\"}]}<\/script>\n<!-- \/ Yoast SEO plugin. -->","yoast_head_json":{"title":"Ett nytt krig nalkas - Veteraanien Perint\u00f6","robots":{"index":"index","follow":"follow","max-snippet":"max-snippet:-1","max-image-preview":"max-image-preview:large","max-video-preview":"max-video-preview:-1"},"canonical":"https:\/\/veteraanienperinto.fi\/index.php\/sv\/fortsattningskriget\/fortsattningkrigets-bakgrund\/ett-nytt-krig-nalkas\/","og_locale":"fi_FI","og_type":"article","og_title":"Ett nytt krig nalkas - Veteraanien Perint\u00f6","og_url":"https:\/\/veteraanienperinto.fi\/index.php\/sv\/fortsattningskriget\/fortsattningkrigets-bakgrund\/ett-nytt-krig-nalkas\/","og_site_name":"Veteraanien Perint\u00f6","article_modified_time":"2021-01-14T08:02:14+00:00","twitter_card":"summary_large_image","twitter_misc":{"Arvioitu lukuaika":"2 minuuttia"},"schema":{"@context":"https:\/\/schema.org","@graph":[{"@type":"WebPage","@id":"https:\/\/veteraanienperinto.fi\/index.php\/sv\/fortsattningskriget\/fortsattningkrigets-bakgrund\/ett-nytt-krig-nalkas\/","url":"https:\/\/veteraanienperinto.fi\/index.php\/sv\/fortsattningskriget\/fortsattningkrigets-bakgrund\/ett-nytt-krig-nalkas\/","name":"Ett nytt krig nalkas - Veteraanien Perint\u00f6","isPartOf":{"@id":"https:\/\/veteraanienperinto.fi\/#website"},"datePublished":"2020-11-17T18:44:32+00:00","dateModified":"2021-01-14T08:02:14+00:00","breadcrumb":{"@id":"https:\/\/veteraanienperinto.fi\/index.php\/sv\/fortsattningskriget\/fortsattningkrigets-bakgrund\/ett-nytt-krig-nalkas\/#breadcrumb"},"inLanguage":"fi","potentialAction":[{"@type":"ReadAction","target":["https:\/\/veteraanienperinto.fi\/index.php\/sv\/fortsattningskriget\/fortsattningkrigets-bakgrund\/ett-nytt-krig-nalkas\/"]}]},{"@type":"BreadcrumbList","@id":"https:\/\/veteraanienperinto.fi\/index.php\/sv\/fortsattningskriget\/fortsattningkrigets-bakgrund\/ett-nytt-krig-nalkas\/#breadcrumb","itemListElement":[{"@type":"ListItem","position":1,"name":"Etusivu","item":"https:\/\/veteraanienperinto.fi\/index.php\/etusivu-2\/"},{"@type":"ListItem","position":2,"name":"Forts\u00e4ttningskriget","item":"https:\/\/veteraanienperinto.fi\/index.php\/sv\/fortsattningskriget\/"},{"@type":"ListItem","position":3,"name":"Forts\u00e4ttningkrigets bakgrund","item":"https:\/\/veteraanienperinto.fi\/index.php\/sv\/fortsattningskriget\/fortsattningkrigets-bakgrund\/"},{"@type":"ListItem","position":4,"name":"Ett nytt krig nalkas"}]},{"@type":"WebSite","@id":"https:\/\/veteraanienperinto.fi\/#website","url":"https:\/\/veteraanienperinto.fi\/","name":"Veteraanien Perint\u00f6","description":"Kadettikunta","potentialAction":[{"@type":"SearchAction","target":{"@type":"EntryPoint","urlTemplate":"https:\/\/veteraanienperinto.fi\/?s={search_term_string}"},"query-input":{"@type":"PropertyValueSpecification","valueRequired":true,"valueName":"search_term_string"}}],"inLanguage":"fi"}]}},"_links":{"self":[{"href":"https:\/\/veteraanienperinto.fi\/index.php\/wp-json\/wp\/v2\/pages\/5785","targetHints":{"allow":["GET"]}}],"collection":[{"href":"https:\/\/veteraanienperinto.fi\/index.php\/wp-json\/wp\/v2\/pages"}],"about":[{"href":"https:\/\/veteraanienperinto.fi\/index.php\/wp-json\/wp\/v2\/types\/page"}],"author":[{"embeddable":true,"href":"https:\/\/veteraanienperinto.fi\/index.php\/wp-json\/wp\/v2\/users\/1"}],"replies":[{"embeddable":true,"href":"https:\/\/veteraanienperinto.fi\/index.php\/wp-json\/wp\/v2\/comments?post=5785"}],"version-history":[{"count":6,"href":"https:\/\/veteraanienperinto.fi\/index.php\/wp-json\/wp\/v2\/pages\/5785\/revisions"}],"predecessor-version":[{"id":9472,"href":"https:\/\/veteraanienperinto.fi\/index.php\/wp-json\/wp\/v2\/pages\/5785\/revisions\/9472"}],"up":[{"embeddable":true,"href":"https:\/\/veteraanienperinto.fi\/index.php\/wp-json\/wp\/v2\/pages\/5765"}],"wp:attachment":[{"href":"https:\/\/veteraanienperinto.fi\/index.php\/wp-json\/wp\/v2\/media?parent=5785"}],"curies":[{"name":"wp","href":"https:\/\/api.w.org\/{rel}","templated":true}]}}

<div id='full_slider_1'  class='avia-fullwidth-slider main_color avia-shadow   avia-builder-el-0  el_before_av_heading  avia-builder-el-first   container_wrap sidebar_right'  >
<style type="text/css" data-created_by="avia_inline_auto" id="style-css-av-unq32-01fb20f1f9da3a0c7b6ae53e3c9d1776">
#top .avia-slideshow .av-slideshow-caption.av-unq32-01fb20f1f9da3a0c7b6ae53e3c9d1776__0 .avia-caption-content{
font-size:16px;
}
#top .avia-slideshow .av-slideshow-caption.av-unq32-01fb20f1f9da3a0c7b6ae53e3c9d1776__0 .avia-caption-content p{
font-size:16px;
}
</style>
<div  class='avia-slideshow av-unq32-01fb20f1f9da3a0c7b6ae53e3c9d1776 avia-slideshow-featured av_slideshow_full avia-slide-slider av-slideshow-ui av-control-default av-slideshow-manual av-loop-once av-loop-manual-endless av-default-height-applied   avia-slideshow-1' data-slideshow-options="{&quot;animation&quot;:&quot;slide&quot;,&quot;autoplay&quot;:false,&quot;loop_autoplay&quot;:&quot;once&quot;,&quot;interval&quot;:5,&quot;loop_manual&quot;:&quot;manual-endless&quot;,&quot;autoplay_stopper&quot;:false,&quot;noNavigation&quot;:false,&quot;bg_slider&quot;:false,&quot;keep_padding&quot;:false,&quot;hoverpause&quot;:false,&quot;show_slide_delay&quot;:0}"  itemprop="image" itemscope="itemscope" itemtype="https://schema.org/ImageObject" ><ul class='avia-slideshow-inner ' style='padding-bottom: 28.666666666667%;'><li  class='avia-slideshow-slide av-unq32-01fb20f1f9da3a0c7b6ae53e3c9d1776__0  av-single-slide slide-1 slide-odd'><div data-rel='slideshow-1' class='avia-slide-wrap '   ><div class='av-slideshow-caption av-unq32-01fb20f1f9da3a0c7b6ae53e3c9d1776__0 caption_fullwidth caption_bottom caption_bottom_framed caption_framed'><div class="container caption_container"><div class="slideshow_caption"><div class="slideshow_inner_caption"><div class="slideshow_align_caption"><div class='avia-caption-content '  itemprop="description" ><p>Fördelning av SA identitetsprickor i Helsingfors den 20 juni 1941</p>
</div></div></div></div></div></div><img decoding="async" fetchpriority="high" class="wp-image-3949 avia-img-lazy-loading-not-3949"  src="https://veteraanienperinto.fi/wp-content/uploads/2020/09/sotalahestyy_jatkosota-1500x430.png" width="1500" height="430" title='sotalahestyy_jatkosota' alt=''  itemprop="thumbnailUrl" srcset="https://veteraanienperinto.fi/wp-content/uploads/2020/09/sotalahestyy_jatkosota.png 1500w, https://veteraanienperinto.fi/wp-content/uploads/2020/09/sotalahestyy_jatkosota-300x86.png 300w, https://veteraanienperinto.fi/wp-content/uploads/2020/09/sotalahestyy_jatkosota-1030x295.png 1030w, https://veteraanienperinto.fi/wp-content/uploads/2020/09/sotalahestyy_jatkosota-768x220.png 768w, https://veteraanienperinto.fi/wp-content/uploads/2020/09/sotalahestyy_jatkosota-705x202.png 705w" sizes="(max-width: 1500px) 100vw, 1500px" /></div></li></ul></div></div><div id='after_full_slider_1'  class='main_color av_default_container_wrap container_wrap sidebar_right'  ><div class='container av-section-cont-open' ><div class='template-page content  av-content-small alpha units'><div class='post-entry post-entry-type-page post-entry-5785'><div class='entry-content-wrapper clearfix'>

<style type="text/css" data-created_by="avia_inline_auto" id="style-css-av-av_heading-d885742e9adf3d32279c2cc3e80c2c81">
#top .av-special-heading.av-av_heading-d885742e9adf3d32279c2cc3e80c2c81{
padding-bottom:10px;
}
body .av-special-heading.av-av_heading-d885742e9adf3d32279c2cc3e80c2c81 .av-special-heading-tag .heading-char{
font-size:25px;
}
.av-special-heading.av-av_heading-d885742e9adf3d32279c2cc3e80c2c81 .av-subheading{
font-size:15px;
}
</style>
<div  class='av-special-heading av-av_heading-d885742e9adf3d32279c2cc3e80c2c81 av-special-heading-h2  avia-builder-el-1  el_after_av_slideshow_full  el_before_av_textblock  avia-builder-el-first '><h2 class='av-special-heading-tag'  itemprop="headline"  >Ett nytt krig nalkas</h2><div class="special-heading-border"><div class="special-heading-inner-border"></div></div></div>
<section  class='av_textblock_section av-bcoha-1c08fdf8480259aa3334a3280b3ad3df '   itemscope="itemscope" itemtype="https://schema.org/CreativeWork" ><div class='avia_textblock'  itemprop="text" ><p>Tysklands officiella utrikespolitik tillbakavisade ännu på våren år 1941 möjligheten av en sammandrabbning mellan Tyskland och Sovjetunionen. Finland förde ändå underhandlingar med Tyskland i händelse av en eventuell konflikt. I slutet av maj meddelade Tyskland till slut att möjligheten för ett krig skulle stå klar före mitten av juni. Samtidigt kom man överens om samverkan mellan Tyskland och Finland.</p>
<p>Lägets utveckling ledde på sommaren 1941 till att Finlands försvarsmakt gradvis försattes i krigsberedskap. Order om allmän mobilisering gavs 17.6.1941 och trupperna skulle förflytta sig till sina planerade verksamhetsområden före 25.6. Alla finländska trupper hade en försvarsuppgift.</p>
</div></section>

<!-- This site is optimized with the Yoast SEO plugin v27.5 - https://yoast.com/product/yoast-seo-wordpress/ -->
<title>Ett nytt krig nalkas - Veteraanien Perintö</title>
<meta name="robots" content="index, follow, max-snippet:-1, max-image-preview:large, max-video-preview:-1" />
<link rel="canonical" href="https://veteraanienperinto.fi/index.php/sv/fortsattningskriget/fortsattningkrigets-bakgrund/ett-nytt-krig-nalkas/" />
<meta property="og:locale" content="fi_FI" />
<meta property="og:type" content="article" />
<meta property="og:title" content="Ett nytt krig nalkas - Veteraanien Perintö" />
<meta property="og:url" content="https://veteraanienperinto.fi/index.php/sv/fortsattningskriget/fortsattningkrigets-bakgrund/ett-nytt-krig-nalkas/" />
<meta property="og:site_name" content="Veteraanien Perintö" />
<meta property="article:modified_time" content="2021-01-14T08:02:14+00:00" />
<meta name="twitter:card" content="summary_large_image" />
<meta name="twitter:label1" content="Arvioitu lukuaika" />
	<meta name="twitter:data1" content="2 minuuttia" />
<script type="application/ld+json" class="yoast-schema-graph">{"@context":"https:\/\/schema.org","@graph":[{"@type":"WebPage","@id":"https:\/\/veteraanienperinto.fi\/index.php\/sv\/fortsattningskriget\/fortsattningkrigets-bakgrund\/ett-nytt-krig-nalkas\/","url":"https:\/\/veteraanienperinto.fi\/index.php\/sv\/fortsattningskriget\/fortsattningkrigets-bakgrund\/ett-nytt-krig-nalkas\/","name":"Ett nytt krig nalkas - Veteraanien Perintö","isPartOf":{"@id":"https:\/\/veteraanienperinto.fi\/#website"},"datePublished":"2020-11-17T18:44:32+00:00","dateModified":"2021-01-14T08:02:14+00:00","breadcrumb":{"@id":"https:\/\/veteraanienperinto.fi\/index.php\/sv\/fortsattningskriget\/fortsattningkrigets-bakgrund\/ett-nytt-krig-nalkas\/#breadcrumb"},"inLanguage":"fi","potentialAction":[{"@type":"ReadAction","target":["https:\/\/veteraanienperinto.fi\/index.php\/sv\/fortsattningskriget\/fortsattningkrigets-bakgrund\/ett-nytt-krig-nalkas\/"]}]},{"@type":"BreadcrumbList","@id":"https:\/\/veteraanienperinto.fi\/index.php\/sv\/fortsattningskriget\/fortsattningkrigets-bakgrund\/ett-nytt-krig-nalkas\/#breadcrumb","itemListElement":[{"@type":"ListItem","position":1,"name":"Etusivu","item":"https:\/\/veteraanienperinto.fi\/index.php\/etusivu-2\/"},{"@type":"ListItem","position":2,"name":"Fortsättningskriget","item":"https:\/\/veteraanienperinto.fi\/index.php\/sv\/fortsattningskriget\/"},{"@type":"ListItem","position":3,"name":"Fortsättningkrigets bakgrund","item":"https:\/\/veteraanienperinto.fi\/index.php\/sv\/fortsattningskriget\/fortsattningkrigets-bakgrund\/"},{"@type":"ListItem","position":4,"name":"Ett nytt krig nalkas"}]},{"@type":"WebSite","@id":"https:\/\/veteraanienperinto.fi\/#website","url":"https:\/\/veteraanienperinto.fi\/","name":"Veteraanien Perintö","description":"Kadettikunta","potentialAction":[{"@type":"SearchAction","target":{"@type":"EntryPoint","urlTemplate":"https:\/\/veteraanienperinto.fi\/?s={search_term_string}"},"query-input":{"@type":"PropertyValueSpecification","valueRequired":true,"valueName":"search_term_string"}}],"inLanguage":"fi"}]}</script>
<!-- / Yoast SEO plugin. -->

Ett nytt krig nalkas - Veteraanien Perintö

Veteraanien Perintö

Fortsättningskriget

Fortsättningkrigets bakgrund
