{"id":5809,"date":"2020-11-17T18:52:35","date_gmt":"2020-11-17T18:52:35","guid":{"rendered":"https:\/\/veteraani.ylirotu.fi\/?page_id=5809"},"modified":"2021-01-19T10:20:07","modified_gmt":"2021-01-19T10:20:07","slug":"storstriderna-vid-tali-ihantala-vuosalmi-och-viborgska-viken","status":"publish","type":"page","link":"https:\/\/veteraanienperinto.fi\/index.php\/sv\/fortsattningskriget\/fortsattningkrigets-gang\/storstriderna-vid-tali-ihantala-vuosalmi-och-viborgska-viken\/","title":{"rendered":"Storstriderna vid Tali-Ihantala, Vuosalmi och Viborgska viken"},"content":{"rendered":"<div id='full_slider_1'  class='avia-fullwidth-slider main_color avia-shadow   avia-builder-el-0  el_before_av_heading  avia-builder-el-first   container_wrap sidebar_right'  ><div  class='avia-slideshow av-vcfri-f8b18761f5bc7126866d60a72f814c3a avia-slideshow-featured av_slideshow_full avia-slide-slider av-slideshow-ui av-control-default av-slideshow-manual av-loop-once av-loop-manual-endless av-default-height-applied   avia-slideshow-1' data-slideshow-options=\"{&quot;animation&quot;:&quot;slide&quot;,&quot;autoplay&quot;:false,&quot;loop_autoplay&quot;:&quot;once&quot;,&quot;interval&quot;:5,&quot;loop_manual&quot;:&quot;manual-endless&quot;,&quot;autoplay_stopper&quot;:false,&quot;noNavigation&quot;:false,&quot;bg_slider&quot;:false,&quot;keep_padding&quot;:false,&quot;hoverpause&quot;:false,&quot;show_slide_delay&quot;:0}\"  itemprop=\"image\" itemscope=\"itemscope\" itemtype=\"https:\/\/schema.org\/ImageObject\" ><ul class='avia-slideshow-inner ' style='padding-bottom: 28.666666666667%;'><li  class='avia-slideshow-slide av-vcfri-f8b18761f5bc7126866d60a72f814c3a__0  av-single-slide slide-1 slide-odd'><div data-rel='slideshow-1' class='avia-slide-wrap '   ><div class='av-slideshow-caption av-vcfri-f8b18761f5bc7126866d60a72f814c3a__0 caption_fullwidth caption_bottom caption_bottom_framed caption_framed'><div class=\"container caption_container\"><div class=\"slideshow_caption\"><div class=\"slideshow_inner_caption\"><div class=\"slideshow_align_caption\"><div class='avia-caption-content '  itemprop=\"description\" ><p>Bombningen i Onttola den 14 juni 1944<\/p>\n<\/div><\/div><\/div><\/div><\/div><\/div><img decoding=\"async\" fetchpriority=\"high\" class=\"wp-image-4469 avia-img-lazy-loading-not-4469\"  src=\"https:\/\/veteraanienperinto.fi\/wp-content\/uploads\/2020\/10\/osastokuhlmey-1500x430.png\" width=\"1500\" height=\"430\" title='osastokuhlmey' alt=''  itemprop=\"thumbnailUrl\" srcset=\"https:\/\/veteraanienperinto.fi\/wp-content\/uploads\/2020\/10\/osastokuhlmey.png 1500w, https:\/\/veteraanienperinto.fi\/wp-content\/uploads\/2020\/10\/osastokuhlmey-300x86.png 300w, https:\/\/veteraanienperinto.fi\/wp-content\/uploads\/2020\/10\/osastokuhlmey-1030x295.png 1030w, https:\/\/veteraanienperinto.fi\/wp-content\/uploads\/2020\/10\/osastokuhlmey-768x220.png 768w, https:\/\/veteraanienperinto.fi\/wp-content\/uploads\/2020\/10\/osastokuhlmey-705x202.png 705w\" sizes=\"(max-width: 1500px) 100vw, 1500px\" \/><\/div><\/li><\/ul><\/div><\/div><div id='after_full_slider_1'  class='main_color av_default_container_wrap container_wrap sidebar_right'  ><div class='container av-section-cont-open' ><div class='template-page content  av-content-small alpha units'><div class='post-entry post-entry-type-page post-entry-5809'><div class='entry-content-wrapper clearfix'>\n\n<style type=\"text\/css\" data-created_by=\"avia_inline_auto\" id=\"style-css-av-kk3uj21a-edae882ea5b31e385853957d2729b474\">\n#top .av-special-heading.av-kk3uj21a-edae882ea5b31e385853957d2729b474{\npadding-bottom:10px;\n}\nbody .av-special-heading.av-kk3uj21a-edae882ea5b31e385853957d2729b474 .av-special-heading-tag .heading-char{\nfont-size:25px;\n}\n.av-special-heading.av-kk3uj21a-edae882ea5b31e385853957d2729b474 .av-subheading{\nfont-size:15px;\n}\n<\/style>\n<div  class='av-special-heading av-kk3uj21a-edae882ea5b31e385853957d2729b474 av-special-heading-h2  avia-builder-el-1  el_after_av_slideshow_full  el_before_av_textblock  avia-builder-el-first '><h2 class='av-special-heading-tag'  itemprop=\"headline\"  >Storstriderna vid Tali-Ihantala, Vuosalmi och Viborgska viken<\/h2><div class=\"special-heading-border\"><div class=\"special-heading-inner-border\"><\/div><\/div><\/div>\n<section  class='av_textblock_section av-6vl46-6d3d2774a25dc6922a67b6ef9e296c59 '   itemscope=\"itemscope\" itemtype=\"https:\/\/schema.org\/CreativeWork\" ><div class='avia_textblock'  itemprop=\"text\" ><p>I slutet av juni b\u00f6rjade storstriderna vid Tali-Ihantala nordost om Viborg. I dessa strider avgjordes Finlands \u00f6de. Finl\u00e4ndska trupper hade f\u00f6rflyttats till omr\u00e5det liksom artilleri fr\u00e5n andra frontavsnitt. Det var fr\u00e5ga om en aldrig tidigare sk\u00e5dad koncentration av finl\u00e4ndska trupper och artilleri. I de sv\u00e5ra striderna, som r\u00e4ckte flera dygn, krossades fiendens anfallande styrkor genom f\u00e4ltartilleriets koncentrerade eld tillsammans med infanteriets egen avv\u00e4rjningseld.<\/p>\n<p>De egna luftstridskrafterna deltog i striden tillsammans med den tyska flygavdelningen Kuhlmey som agerade mycket effektivt och sj\u00e4lvuppoffrande b\u00e5de genom jaktplansavv\u00e4rjning och genom att effektivt bomba fiendens grupperingar. Luftstridskrafternas verksamhet hade stor psykologisk effekt p\u00e5 krigarna i fr\u00e4msta linjen.<\/p>\n<p>I striden vid Tali-Ihantala stoppades fiendens anfall. I denna, i de nordiska l\u00e4ndernas historia st\u00f6rsta strid, deltog i olika skeden sammanlagt 50000 finl\u00e4ndska och 150000 sovjetiska soldater. Det finl\u00e4ndska f\u00e4ltartilleriet avfyrade under tv\u00e5 veckor ca 120000 skott och under den h\u00e4ftigaste stridsdagen 3.7. \u00f6ver 12000 skott. Effekten var aldrig tidigare sk\u00e5dad. Sovjets totala f\u00f6rluster i striden var ca 22000 man. Finl\u00e4ndarnas f\u00f6rluster var 8800 man.<\/p>\n<p>Strider liknande den vid Tali-Ihantala f\u00f6rdes n\u00e5got senare vid Vuosalmi och Viborgska viken. \u00c4ven d\u00e4r avv\u00e4rjdes fienden i mycket sv\u00e5ra strider. Efter detta b\u00f6rjade Sovjetunionen dra bort de trupper som anv\u00e4nts i anfallet efter att ha konstaterat att Finlands arm\u00e9 inte kunde besegras och landet inte er\u00f6vras. Finland var r\u00e4ddat.<\/p>\n<\/div><\/section>\n","protected":false},"excerpt":{"rendered":"","protected":false},"author":1,"featured_media":0,"parent":5789,"menu_order":4,"comment_status":"closed","ping_status":"closed","template":"","meta":{"footnotes":""},"class_list":["post-5809","page","type-page","status-publish","hentry"],"yoast_head":"<!-- This site is optimized with the Yoast SEO plugin v27.4 - https:\/\/yoast.com\/product\/yoast-seo-wordpress\/ -->\n<title>Storstriderna vid Tali-Ihantala, Vuosalmi och Viborgska viken - Veteraanien Perint\u00f6<\/title>\n<meta name=\"robots\" content=\"index, follow, max-snippet:-1, max-image-preview:large, max-video-preview:-1\" \/>\n<link rel=\"canonical\" href=\"https:\/\/veteraanienperinto.fi\/index.php\/sv\/fortsattningskriget\/fortsattningkrigets-gang\/storstriderna-vid-tali-ihantala-vuosalmi-och-viborgska-viken\/\" \/>\n<meta property=\"og:locale\" content=\"fi_FI\" \/>\n<meta property=\"og:type\" content=\"article\" \/>\n<meta property=\"og:title\" content=\"Storstriderna vid Tali-Ihantala, Vuosalmi och Viborgska viken - Veteraanien Perint\u00f6\" \/>\n<meta property=\"og:url\" content=\"https:\/\/veteraanienperinto.fi\/index.php\/sv\/fortsattningskriget\/fortsattningkrigets-gang\/storstriderna-vid-tali-ihantala-vuosalmi-och-viborgska-viken\/\" \/>\n<meta property=\"og:site_name\" content=\"Veteraanien Perint\u00f6\" \/>\n<meta property=\"article:modified_time\" content=\"2021-01-19T10:20:07+00:00\" \/>\n<meta name=\"twitter:card\" content=\"summary_large_image\" \/>\n<meta name=\"twitter:label1\" content=\"Arvioitu lukuaika\" \/>\n\t<meta name=\"twitter:data1\" content=\"3 minuuttia\" \/>\n<script type=\"application\/ld+json\" class=\"yoast-schema-graph\">{\"@context\":\"https:\\\/\\\/schema.org\",\"@graph\":[{\"@type\":\"WebPage\",\"@id\":\"https:\\\/\\\/veteraanienperinto.fi\\\/index.php\\\/sv\\\/fortsattningskriget\\\/fortsattningkrigets-gang\\\/storstriderna-vid-tali-ihantala-vuosalmi-och-viborgska-viken\\\/\",\"url\":\"https:\\\/\\\/veteraanienperinto.fi\\\/index.php\\\/sv\\\/fortsattningskriget\\\/fortsattningkrigets-gang\\\/storstriderna-vid-tali-ihantala-vuosalmi-och-viborgska-viken\\\/\",\"name\":\"Storstriderna vid Tali-Ihantala, Vuosalmi och Viborgska viken - Veteraanien Perint\u00f6\",\"isPartOf\":{\"@id\":\"https:\\\/\\\/veteraanienperinto.fi\\\/#website\"},\"datePublished\":\"2020-11-17T18:52:35+00:00\",\"dateModified\":\"2021-01-19T10:20:07+00:00\",\"breadcrumb\":{\"@id\":\"https:\\\/\\\/veteraanienperinto.fi\\\/index.php\\\/sv\\\/fortsattningskriget\\\/fortsattningkrigets-gang\\\/storstriderna-vid-tali-ihantala-vuosalmi-och-viborgska-viken\\\/#breadcrumb\"},\"inLanguage\":\"fi\",\"potentialAction\":[{\"@type\":\"ReadAction\",\"target\":[\"https:\\\/\\\/veteraanienperinto.fi\\\/index.php\\\/sv\\\/fortsattningskriget\\\/fortsattningkrigets-gang\\\/storstriderna-vid-tali-ihantala-vuosalmi-och-viborgska-viken\\\/\"]}]},{\"@type\":\"BreadcrumbList\",\"@id\":\"https:\\\/\\\/veteraanienperinto.fi\\\/index.php\\\/sv\\\/fortsattningskriget\\\/fortsattningkrigets-gang\\\/storstriderna-vid-tali-ihantala-vuosalmi-och-viborgska-viken\\\/#breadcrumb\",\"itemListElement\":[{\"@type\":\"ListItem\",\"position\":1,\"name\":\"Etusivu\",\"item\":\"https:\\\/\\\/veteraanienperinto.fi\\\/index.php\\\/etusivu-2\\\/\"},{\"@type\":\"ListItem\",\"position\":2,\"name\":\"Forts\u00e4ttningskriget\",\"item\":\"https:\\\/\\\/veteraanienperinto.fi\\\/index.php\\\/sv\\\/fortsattningskriget\\\/\"},{\"@type\":\"ListItem\",\"position\":3,\"name\":\"Forts\u00e4ttningkrigets g\u00e5ng\",\"item\":\"https:\\\/\\\/veteraanienperinto.fi\\\/index.php\\\/sv\\\/fortsattningskriget\\\/fortsattningkrigets-gang\\\/\"},{\"@type\":\"ListItem\",\"position\":4,\"name\":\"Storstriderna vid Tali-Ihantala, Vuosalmi och Viborgska viken\"}]},{\"@type\":\"WebSite\",\"@id\":\"https:\\\/\\\/veteraanienperinto.fi\\\/#website\",\"url\":\"https:\\\/\\\/veteraanienperinto.fi\\\/\",\"name\":\"Veteraanien Perint\u00f6\",\"description\":\"Kadettikunta\",\"potentialAction\":[{\"@type\":\"SearchAction\",\"target\":{\"@type\":\"EntryPoint\",\"urlTemplate\":\"https:\\\/\\\/veteraanienperinto.fi\\\/?s={search_term_string}\"},\"query-input\":{\"@type\":\"PropertyValueSpecification\",\"valueRequired\":true,\"valueName\":\"search_term_string\"}}],\"inLanguage\":\"fi\"}]}<\/script>\n<!-- \/ Yoast SEO plugin. -->","yoast_head_json":{"title":"Storstriderna vid Tali-Ihantala, Vuosalmi och Viborgska viken - Veteraanien Perint\u00f6","robots":{"index":"index","follow":"follow","max-snippet":"max-snippet:-1","max-image-preview":"max-image-preview:large","max-video-preview":"max-video-preview:-1"},"canonical":"https:\/\/veteraanienperinto.fi\/index.php\/sv\/fortsattningskriget\/fortsattningkrigets-gang\/storstriderna-vid-tali-ihantala-vuosalmi-och-viborgska-viken\/","og_locale":"fi_FI","og_type":"article","og_title":"Storstriderna vid Tali-Ihantala, Vuosalmi och Viborgska viken - Veteraanien Perint\u00f6","og_url":"https:\/\/veteraanienperinto.fi\/index.php\/sv\/fortsattningskriget\/fortsattningkrigets-gang\/storstriderna-vid-tali-ihantala-vuosalmi-och-viborgska-viken\/","og_site_name":"Veteraanien Perint\u00f6","article_modified_time":"2021-01-19T10:20:07+00:00","twitter_card":"summary_large_image","twitter_misc":{"Arvioitu lukuaika":"3 minuuttia"},"schema":{"@context":"https:\/\/schema.org","@graph":[{"@type":"WebPage","@id":"https:\/\/veteraanienperinto.fi\/index.php\/sv\/fortsattningskriget\/fortsattningkrigets-gang\/storstriderna-vid-tali-ihantala-vuosalmi-och-viborgska-viken\/","url":"https:\/\/veteraanienperinto.fi\/index.php\/sv\/fortsattningskriget\/fortsattningkrigets-gang\/storstriderna-vid-tali-ihantala-vuosalmi-och-viborgska-viken\/","name":"Storstriderna vid Tali-Ihantala, Vuosalmi och Viborgska viken - Veteraanien Perint\u00f6","isPartOf":{"@id":"https:\/\/veteraanienperinto.fi\/#website"},"datePublished":"2020-11-17T18:52:35+00:00","dateModified":"2021-01-19T10:20:07+00:00","breadcrumb":{"@id":"https:\/\/veteraanienperinto.fi\/index.php\/sv\/fortsattningskriget\/fortsattningkrigets-gang\/storstriderna-vid-tali-ihantala-vuosalmi-och-viborgska-viken\/#breadcrumb"},"inLanguage":"fi","potentialAction":[{"@type":"ReadAction","target":["https:\/\/veteraanienperinto.fi\/index.php\/sv\/fortsattningskriget\/fortsattningkrigets-gang\/storstriderna-vid-tali-ihantala-vuosalmi-och-viborgska-viken\/"]}]},{"@type":"BreadcrumbList","@id":"https:\/\/veteraanienperinto.fi\/index.php\/sv\/fortsattningskriget\/fortsattningkrigets-gang\/storstriderna-vid-tali-ihantala-vuosalmi-och-viborgska-viken\/#breadcrumb","itemListElement":[{"@type":"ListItem","position":1,"name":"Etusivu","item":"https:\/\/veteraanienperinto.fi\/index.php\/etusivu-2\/"},{"@type":"ListItem","position":2,"name":"Forts\u00e4ttningskriget","item":"https:\/\/veteraanienperinto.fi\/index.php\/sv\/fortsattningskriget\/"},{"@type":"ListItem","position":3,"name":"Forts\u00e4ttningkrigets g\u00e5ng","item":"https:\/\/veteraanienperinto.fi\/index.php\/sv\/fortsattningskriget\/fortsattningkrigets-gang\/"},{"@type":"ListItem","position":4,"name":"Storstriderna vid Tali-Ihantala, Vuosalmi och Viborgska viken"}]},{"@type":"WebSite","@id":"https:\/\/veteraanienperinto.fi\/#website","url":"https:\/\/veteraanienperinto.fi\/","name":"Veteraanien Perint\u00f6","description":"Kadettikunta","potentialAction":[{"@type":"SearchAction","target":{"@type":"EntryPoint","urlTemplate":"https:\/\/veteraanienperinto.fi\/?s={search_term_string}"},"query-input":{"@type":"PropertyValueSpecification","valueRequired":true,"valueName":"search_term_string"}}],"inLanguage":"fi"}]}},"_links":{"self":[{"href":"https:\/\/veteraanienperinto.fi\/index.php\/wp-json\/wp\/v2\/pages\/5809","targetHints":{"allow":["GET"]}}],"collection":[{"href":"https:\/\/veteraanienperinto.fi\/index.php\/wp-json\/wp\/v2\/pages"}],"about":[{"href":"https:\/\/veteraanienperinto.fi\/index.php\/wp-json\/wp\/v2\/types\/page"}],"author":[{"embeddable":true,"href":"https:\/\/veteraanienperinto.fi\/index.php\/wp-json\/wp\/v2\/users\/1"}],"replies":[{"embeddable":true,"href":"https:\/\/veteraanienperinto.fi\/index.php\/wp-json\/wp\/v2\/comments?post=5809"}],"version-history":[{"count":5,"href":"https:\/\/veteraanienperinto.fi\/index.php\/wp-json\/wp\/v2\/pages\/5809\/revisions"}],"predecessor-version":[{"id":10028,"href":"https:\/\/veteraanienperinto.fi\/index.php\/wp-json\/wp\/v2\/pages\/5809\/revisions\/10028"}],"up":[{"embeddable":true,"href":"https:\/\/veteraanienperinto.fi\/index.php\/wp-json\/wp\/v2\/pages\/5789"}],"wp:attachment":[{"href":"https:\/\/veteraanienperinto.fi\/index.php\/wp-json\/wp\/v2\/media?parent=5809"}],"curies":[{"name":"wp","href":"https:\/\/api.w.org\/{rel}","templated":true}]}}