{"id":5813,"date":"2020-11-17T18:53:38","date_gmt":"2020-11-17T18:53:38","guid":{"rendered":"https:\/\/veteraani.ylirotu.fi\/?page_id=5813"},"modified":"2021-01-19T10:22:40","modified_gmt":"2021-01-19T10:22:40","slug":"vandpunkten","status":"publish","type":"page","link":"https:\/\/veteraanienperinto.fi\/index.php\/sv\/fortsattningskriget\/fortsattningkrigets-gang\/vandpunkten\/","title":{"rendered":"V\u00e4ndpunkten"},"content":{"rendered":"<div id='full_slider_1'  class='avia-fullwidth-slider main_color avia-shadow   avia-builder-el-0  el_before_av_heading  avia-builder-el-first   container_wrap sidebar_right'  ><div  class='avia-slideshow av-xbc7a-fd8db844c462e70880e17cc907f55d0c avia-slideshow-featured av_slideshow_full avia-slide-slider av-slideshow-ui av-control-default av-slideshow-manual av-loop-once av-loop-manual-endless av-default-height-applied   avia-slideshow-1' data-slideshow-options=\"{&quot;animation&quot;:&quot;slide&quot;,&quot;autoplay&quot;:false,&quot;loop_autoplay&quot;:&quot;once&quot;,&quot;interval&quot;:5,&quot;loop_manual&quot;:&quot;manual-endless&quot;,&quot;autoplay_stopper&quot;:false,&quot;noNavigation&quot;:false,&quot;bg_slider&quot;:false,&quot;keep_padding&quot;:false,&quot;hoverpause&quot;:false,&quot;show_slide_delay&quot;:0}\"  itemprop=\"image\" itemscope=\"itemscope\" itemtype=\"https:\/\/schema.org\/ImageObject\" ><ul class='avia-slideshow-inner ' style='padding-bottom: 28.666666666667%;'><li  class='avia-slideshow-slide av-xbc7a-fd8db844c462e70880e17cc907f55d0c__0  av-single-slide slide-1 slide-odd'><div data-rel='slideshow-1' class='avia-slide-wrap '   ><div class='av-slideshow-caption av-xbc7a-fd8db844c462e70880e17cc907f55d0c__0 caption_fullwidth caption_bottom caption_bottom_framed caption_framed'><div class=\"container caption_container\"><div class=\"slideshow_caption\"><div class=\"slideshow_inner_caption\"><div class=\"slideshow_align_caption\"><div class='avia-caption-content '  itemprop=\"description\" ><p>Mannerheim h\u00e4lsar president Ryti i S:t Michei den 4 juni 1944. Premi\u00e4rminister Linkomies kliver ut ur t\u00e5get.<\/p>\n<\/div><\/div><\/div><\/div><\/div><\/div><img decoding=\"async\" fetchpriority=\"high\" class=\"wp-image-4476 avia-img-lazy-loading-not-4476\"  src=\"https:\/\/veteraanienperinto.fi\/wp-content\/uploads\/2020\/10\/mannerheim_linkomies_ryti-1500x430.png\" width=\"1500\" height=\"430\" title='mannerheim_linkomies_ryti' alt=''  itemprop=\"thumbnailUrl\" srcset=\"https:\/\/veteraanienperinto.fi\/wp-content\/uploads\/2020\/10\/mannerheim_linkomies_ryti.png 1500w, https:\/\/veteraanienperinto.fi\/wp-content\/uploads\/2020\/10\/mannerheim_linkomies_ryti-300x86.png 300w, https:\/\/veteraanienperinto.fi\/wp-content\/uploads\/2020\/10\/mannerheim_linkomies_ryti-1030x295.png 1030w, https:\/\/veteraanienperinto.fi\/wp-content\/uploads\/2020\/10\/mannerheim_linkomies_ryti-768x220.png 768w, https:\/\/veteraanienperinto.fi\/wp-content\/uploads\/2020\/10\/mannerheim_linkomies_ryti-705x202.png 705w\" sizes=\"(max-width: 1500px) 100vw, 1500px\" \/><\/div><\/li><\/ul><\/div><\/div><div id='after_full_slider_1'  class='main_color av_default_container_wrap container_wrap sidebar_right'  ><div class='container av-section-cont-open' ><div class='template-page content  av-content-small alpha units'><div class='post-entry post-entry-type-page post-entry-5813'><div class='entry-content-wrapper clearfix'>\n\n<style type=\"text\/css\" data-created_by=\"avia_inline_auto\" id=\"style-css-av-kk3umc8e-02efd16132f87c662347a185579eb057\">\n#top .av-special-heading.av-kk3umc8e-02efd16132f87c662347a185579eb057{\npadding-bottom:10px;\n}\nbody .av-special-heading.av-kk3umc8e-02efd16132f87c662347a185579eb057 .av-special-heading-tag .heading-char{\nfont-size:25px;\n}\n.av-special-heading.av-kk3umc8e-02efd16132f87c662347a185579eb057 .av-subheading{\nfont-size:15px;\n}\n<\/style>\n<div  class='av-special-heading av-kk3umc8e-02efd16132f87c662347a185579eb057 av-special-heading-h2  avia-builder-el-1  el_after_av_slideshow_full  el_before_av_textblock  avia-builder-el-first '><h2 class='av-special-heading-tag'  itemprop=\"headline\"  >V\u00e4ndpunkten<\/h2><div class=\"special-heading-border\"><div class=\"special-heading-inner-border\"><\/div><\/div><\/div>\n<section  class='av_textblock_section av-a7wvi-33a345cac62f381e36bc76ec5bfc2c66 '   itemscope=\"itemscope\" itemtype=\"https:\/\/schema.org\/CreativeWork\" ><div class='avia_textblock'  itemprop=\"text\" ><p>D\u00e5 Tyskland hade lidit nederlag i Stalingrad vid \u00e5rsskiftet 1942\/43 och de allierades \u00f6vermakt blev allt mera uppenbar vaknade tankarna i Finland p\u00e5 att man skulle l\u00f6sg\u00f6ra sig ur kriget. F\u00f6renta staterna erbj\u00f6d sig som medlare. L\u00e4get gjorde det \u00e4nd\u00e5 inte m\u00f6jligt att f\u00f6ra dessa str\u00e4vanden vidare.<\/p>\n<p>Finlands regerings beslut om fredsstr\u00e4vandena h\u00f6lls l\u00e4nge hemligt. Av denna orsak uppstod en gruppering som hade samma m\u00e5l, men som motsatte sig regeringen, den s\u00e5 kallade fredsoppositionen. Till den h\u00f6rde personer fr\u00e5n de flesta partier. I augusti 1943 undertecknade sammanlagt 33 offentliga personer en v\u00e4djan om separat fred. I skrivelsen kr\u00e4vde man en ny utrikespolitisk inriktning.<\/p>\n<p>Skrivelsen kom ut i offentligheten f\u00f6rst i Sverige och d\u00e4refter i Finland. Oppositionen fick st\u00f6d fr\u00e5n Sverige och v\u00e4stmakterna. Finlands politiska ledning f\u00f6rs\u00f6kte f\u00f6r sitt vidkommande betona vikten av samf\u00f6rst\u00e5nd. M\u00f6jligheterna vid fredsf\u00f6rhandlingarna skulle ha f\u00f6rs\u00e4mrats om den inre fronten hade brustit.<\/p>\n<p>Tysklands st\u00e4ndiga f\u00f6rluster ledde till att \u00f6verbef\u00e4lhavaren C.G. Mannerheim inf\u00f6r riksdagens medlemmar 6.2.1944 konstaterade att Tyskland hade f\u00f6rlorat kriget mot Sovjetunionen. Man tog kontakt till Sovjetunionen via Sverige. Sovjetunionens fredsvillkor var orimliga. Detta \u00f6kade folkets inre samh\u00f6righet.<\/p>\n<\/div><\/section>\n","protected":false},"excerpt":{"rendered":"","protected":false},"author":1,"featured_media":0,"parent":5789,"menu_order":5,"comment_status":"closed","ping_status":"closed","template":"","meta":{"footnotes":""},"class_list":["post-5813","page","type-page","status-publish","hentry"],"yoast_head":"<!-- This site is optimized with the Yoast SEO plugin v27.5 - https:\/\/yoast.com\/product\/yoast-seo-wordpress\/ -->\n<title>V\u00e4ndpunkten - Veteraanien Perint\u00f6<\/title>\n<meta name=\"robots\" content=\"index, follow, max-snippet:-1, max-image-preview:large, max-video-preview:-1\" \/>\n<link rel=\"canonical\" href=\"https:\/\/veteraanienperinto.fi\/index.php\/sv\/fortsattningskriget\/fortsattningkrigets-gang\/vandpunkten\/\" \/>\n<meta property=\"og:locale\" content=\"fi_FI\" \/>\n<meta property=\"og:type\" content=\"article\" \/>\n<meta property=\"og:title\" content=\"V\u00e4ndpunkten - Veteraanien Perint\u00f6\" \/>\n<meta property=\"og:url\" content=\"https:\/\/veteraanienperinto.fi\/index.php\/sv\/fortsattningskriget\/fortsattningkrigets-gang\/vandpunkten\/\" \/>\n<meta property=\"og:site_name\" content=\"Veteraanien Perint\u00f6\" \/>\n<meta property=\"article:modified_time\" content=\"2021-01-19T10:22:40+00:00\" \/>\n<meta name=\"twitter:card\" content=\"summary_large_image\" \/>\n<meta name=\"twitter:label1\" content=\"Arvioitu lukuaika\" \/>\n\t<meta name=\"twitter:data1\" content=\"3 minuuttia\" \/>\n<script type=\"application\/ld+json\" class=\"yoast-schema-graph\">{\"@context\":\"https:\\\/\\\/schema.org\",\"@graph\":[{\"@type\":\"WebPage\",\"@id\":\"https:\\\/\\\/veteraanienperinto.fi\\\/index.php\\\/sv\\\/fortsattningskriget\\\/fortsattningkrigets-gang\\\/vandpunkten\\\/\",\"url\":\"https:\\\/\\\/veteraanienperinto.fi\\\/index.php\\\/sv\\\/fortsattningskriget\\\/fortsattningkrigets-gang\\\/vandpunkten\\\/\",\"name\":\"V\u00e4ndpunkten - Veteraanien Perint\u00f6\",\"isPartOf\":{\"@id\":\"https:\\\/\\\/veteraanienperinto.fi\\\/#website\"},\"datePublished\":\"2020-11-17T18:53:38+00:00\",\"dateModified\":\"2021-01-19T10:22:40+00:00\",\"breadcrumb\":{\"@id\":\"https:\\\/\\\/veteraanienperinto.fi\\\/index.php\\\/sv\\\/fortsattningskriget\\\/fortsattningkrigets-gang\\\/vandpunkten\\\/#breadcrumb\"},\"inLanguage\":\"fi\",\"potentialAction\":[{\"@type\":\"ReadAction\",\"target\":[\"https:\\\/\\\/veteraanienperinto.fi\\\/index.php\\\/sv\\\/fortsattningskriget\\\/fortsattningkrigets-gang\\\/vandpunkten\\\/\"]}]},{\"@type\":\"BreadcrumbList\",\"@id\":\"https:\\\/\\\/veteraanienperinto.fi\\\/index.php\\\/sv\\\/fortsattningskriget\\\/fortsattningkrigets-gang\\\/vandpunkten\\\/#breadcrumb\",\"itemListElement\":[{\"@type\":\"ListItem\",\"position\":1,\"name\":\"Etusivu\",\"item\":\"https:\\\/\\\/veteraanienperinto.fi\\\/index.php\\\/etusivu-2\\\/\"},{\"@type\":\"ListItem\",\"position\":2,\"name\":\"Forts\u00e4ttningskriget\",\"item\":\"https:\\\/\\\/veteraanienperinto.fi\\\/index.php\\\/sv\\\/fortsattningskriget\\\/\"},{\"@type\":\"ListItem\",\"position\":3,\"name\":\"Forts\u00e4ttningkrigets g\u00e5ng\",\"item\":\"https:\\\/\\\/veteraanienperinto.fi\\\/index.php\\\/sv\\\/fortsattningskriget\\\/fortsattningkrigets-gang\\\/\"},{\"@type\":\"ListItem\",\"position\":4,\"name\":\"V\u00e4ndpunkten\"}]},{\"@type\":\"WebSite\",\"@id\":\"https:\\\/\\\/veteraanienperinto.fi\\\/#website\",\"url\":\"https:\\\/\\\/veteraanienperinto.fi\\\/\",\"name\":\"Veteraanien Perint\u00f6\",\"description\":\"Kadettikunta\",\"potentialAction\":[{\"@type\":\"SearchAction\",\"target\":{\"@type\":\"EntryPoint\",\"urlTemplate\":\"https:\\\/\\\/veteraanienperinto.fi\\\/?s={search_term_string}\"},\"query-input\":{\"@type\":\"PropertyValueSpecification\",\"valueRequired\":true,\"valueName\":\"search_term_string\"}}],\"inLanguage\":\"fi\"}]}<\/script>\n<!-- \/ Yoast SEO plugin. -->","yoast_head_json":{"title":"V\u00e4ndpunkten - Veteraanien Perint\u00f6","robots":{"index":"index","follow":"follow","max-snippet":"max-snippet:-1","max-image-preview":"max-image-preview:large","max-video-preview":"max-video-preview:-1"},"canonical":"https:\/\/veteraanienperinto.fi\/index.php\/sv\/fortsattningskriget\/fortsattningkrigets-gang\/vandpunkten\/","og_locale":"fi_FI","og_type":"article","og_title":"V\u00e4ndpunkten - Veteraanien Perint\u00f6","og_url":"https:\/\/veteraanienperinto.fi\/index.php\/sv\/fortsattningskriget\/fortsattningkrigets-gang\/vandpunkten\/","og_site_name":"Veteraanien Perint\u00f6","article_modified_time":"2021-01-19T10:22:40+00:00","twitter_card":"summary_large_image","twitter_misc":{"Arvioitu lukuaika":"3 minuuttia"},"schema":{"@context":"https:\/\/schema.org","@graph":[{"@type":"WebPage","@id":"https:\/\/veteraanienperinto.fi\/index.php\/sv\/fortsattningskriget\/fortsattningkrigets-gang\/vandpunkten\/","url":"https:\/\/veteraanienperinto.fi\/index.php\/sv\/fortsattningskriget\/fortsattningkrigets-gang\/vandpunkten\/","name":"V\u00e4ndpunkten - Veteraanien Perint\u00f6","isPartOf":{"@id":"https:\/\/veteraanienperinto.fi\/#website"},"datePublished":"2020-11-17T18:53:38+00:00","dateModified":"2021-01-19T10:22:40+00:00","breadcrumb":{"@id":"https:\/\/veteraanienperinto.fi\/index.php\/sv\/fortsattningskriget\/fortsattningkrigets-gang\/vandpunkten\/#breadcrumb"},"inLanguage":"fi","potentialAction":[{"@type":"ReadAction","target":["https:\/\/veteraanienperinto.fi\/index.php\/sv\/fortsattningskriget\/fortsattningkrigets-gang\/vandpunkten\/"]}]},{"@type":"BreadcrumbList","@id":"https:\/\/veteraanienperinto.fi\/index.php\/sv\/fortsattningskriget\/fortsattningkrigets-gang\/vandpunkten\/#breadcrumb","itemListElement":[{"@type":"ListItem","position":1,"name":"Etusivu","item":"https:\/\/veteraanienperinto.fi\/index.php\/etusivu-2\/"},{"@type":"ListItem","position":2,"name":"Forts\u00e4ttningskriget","item":"https:\/\/veteraanienperinto.fi\/index.php\/sv\/fortsattningskriget\/"},{"@type":"ListItem","position":3,"name":"Forts\u00e4ttningkrigets g\u00e5ng","item":"https:\/\/veteraanienperinto.fi\/index.php\/sv\/fortsattningskriget\/fortsattningkrigets-gang\/"},{"@type":"ListItem","position":4,"name":"V\u00e4ndpunkten"}]},{"@type":"WebSite","@id":"https:\/\/veteraanienperinto.fi\/#website","url":"https:\/\/veteraanienperinto.fi\/","name":"Veteraanien Perint\u00f6","description":"Kadettikunta","potentialAction":[{"@type":"SearchAction","target":{"@type":"EntryPoint","urlTemplate":"https:\/\/veteraanienperinto.fi\/?s={search_term_string}"},"query-input":{"@type":"PropertyValueSpecification","valueRequired":true,"valueName":"search_term_string"}}],"inLanguage":"fi"}]}},"_links":{"self":[{"href":"https:\/\/veteraanienperinto.fi\/index.php\/wp-json\/wp\/v2\/pages\/5813","targetHints":{"allow":["GET"]}}],"collection":[{"href":"https:\/\/veteraanienperinto.fi\/index.php\/wp-json\/wp\/v2\/pages"}],"about":[{"href":"https:\/\/veteraanienperinto.fi\/index.php\/wp-json\/wp\/v2\/types\/page"}],"author":[{"embeddable":true,"href":"https:\/\/veteraanienperinto.fi\/index.php\/wp-json\/wp\/v2\/users\/1"}],"replies":[{"embeddable":true,"href":"https:\/\/veteraanienperinto.fi\/index.php\/wp-json\/wp\/v2\/comments?post=5813"}],"version-history":[{"count":7,"href":"https:\/\/veteraanienperinto.fi\/index.php\/wp-json\/wp\/v2\/pages\/5813\/revisions"}],"predecessor-version":[{"id":10030,"href":"https:\/\/veteraanienperinto.fi\/index.php\/wp-json\/wp\/v2\/pages\/5813\/revisions\/10030"}],"up":[{"embeddable":true,"href":"https:\/\/veteraanienperinto.fi\/index.php\/wp-json\/wp\/v2\/pages\/5789"}],"wp:attachment":[{"href":"https:\/\/veteraanienperinto.fi\/index.php\/wp-json\/wp\/v2\/media?parent=5813"}],"curies":[{"name":"wp","href":"https:\/\/api.w.org\/{rel}","templated":true}]}}

Vändpunkten

<div id='full_slider_1'  class='avia-fullwidth-slider main_color avia-shadow   avia-builder-el-0  el_before_av_heading  avia-builder-el-first   container_wrap sidebar_right'  ><div  class='avia-slideshow av-xbc7a-fd8db844c462e70880e17cc907f55d0c avia-slideshow-featured av_slideshow_full avia-slide-slider av-slideshow-ui av-control-default av-slideshow-manual av-loop-once av-loop-manual-endless av-default-height-applied   avia-slideshow-1' data-slideshow-options="{&quot;animation&quot;:&quot;slide&quot;,&quot;autoplay&quot;:false,&quot;loop_autoplay&quot;:&quot;once&quot;,&quot;interval&quot;:5,&quot;loop_manual&quot;:&quot;manual-endless&quot;,&quot;autoplay_stopper&quot;:false,&quot;noNavigation&quot;:false,&quot;bg_slider&quot;:false,&quot;keep_padding&quot;:false,&quot;hoverpause&quot;:false,&quot;show_slide_delay&quot;:0}"  itemprop="image" itemscope="itemscope" itemtype="https://schema.org/ImageObject" ><ul class='avia-slideshow-inner ' style='padding-bottom: 28.666666666667%;'><li  class='avia-slideshow-slide av-xbc7a-fd8db844c462e70880e17cc907f55d0c__0  av-single-slide slide-1 slide-odd'><div data-rel='slideshow-1' class='avia-slide-wrap '   ><div class='av-slideshow-caption av-xbc7a-fd8db844c462e70880e17cc907f55d0c__0 caption_fullwidth caption_bottom caption_bottom_framed caption_framed'><div class="container caption_container"><div class="slideshow_caption"><div class="slideshow_inner_caption"><div class="slideshow_align_caption"><div class='avia-caption-content '  itemprop="description" ><p>Mannerheim hälsar president Ryti i S:t Michei den 4 juni 1944. Premiärminister Linkomies kliver ut ur tåget.</p>
</div></div></div></div></div></div><img decoding="async" fetchpriority="high" class="wp-image-4476 avia-img-lazy-loading-not-4476"  src="https://veteraanienperinto.fi/wp-content/uploads/2020/10/mannerheim_linkomies_ryti-1500x430.png" width="1500" height="430" title='mannerheim_linkomies_ryti' alt=''  itemprop="thumbnailUrl" srcset="https://veteraanienperinto.fi/wp-content/uploads/2020/10/mannerheim_linkomies_ryti.png 1500w, https://veteraanienperinto.fi/wp-content/uploads/2020/10/mannerheim_linkomies_ryti-300x86.png 300w, https://veteraanienperinto.fi/wp-content/uploads/2020/10/mannerheim_linkomies_ryti-1030x295.png 1030w, https://veteraanienperinto.fi/wp-content/uploads/2020/10/mannerheim_linkomies_ryti-768x220.png 768w, https://veteraanienperinto.fi/wp-content/uploads/2020/10/mannerheim_linkomies_ryti-705x202.png 705w" sizes="(max-width: 1500px) 100vw, 1500px" /></div></li></ul></div></div><div id='after_full_slider_1'  class='main_color av_default_container_wrap container_wrap sidebar_right'  ><div class='container av-section-cont-open' ><div class='template-page content  av-content-small alpha units'><div class='post-entry post-entry-type-page post-entry-5813'><div class='entry-content-wrapper clearfix'>

<style type="text/css" data-created_by="avia_inline_auto" id="style-css-av-kk3umc8e-02efd16132f87c662347a185579eb057">
#top .av-special-heading.av-kk3umc8e-02efd16132f87c662347a185579eb057{
padding-bottom:10px;
}
body .av-special-heading.av-kk3umc8e-02efd16132f87c662347a185579eb057 .av-special-heading-tag .heading-char{
font-size:25px;
}
.av-special-heading.av-kk3umc8e-02efd16132f87c662347a185579eb057 .av-subheading{
font-size:15px;
}
</style>
<div  class='av-special-heading av-kk3umc8e-02efd16132f87c662347a185579eb057 av-special-heading-h2  avia-builder-el-1  el_after_av_slideshow_full  el_before_av_textblock  avia-builder-el-first '><h2 class='av-special-heading-tag'  itemprop="headline"  >Vändpunkten</h2><div class="special-heading-border"><div class="special-heading-inner-border"></div></div></div>
<section  class='av_textblock_section av-a7wvi-33a345cac62f381e36bc76ec5bfc2c66 '   itemscope="itemscope" itemtype="https://schema.org/CreativeWork" ><div class='avia_textblock'  itemprop="text" ><p>Då Tyskland hade lidit nederlag i Stalingrad vid årsskiftet 1942/43 och de allierades övermakt blev allt mera uppenbar vaknade tankarna i Finland på att man skulle lösgöra sig ur kriget. Förenta staterna erbjöd sig som medlare. Läget gjorde det ändå inte möjligt att föra dessa strävanden vidare.</p>
<p>Finlands regerings beslut om fredssträvandena hölls länge hemligt. Av denna orsak uppstod en gruppering som hade samma mål, men som motsatte sig regeringen, den så kallade fredsoppositionen. Till den hörde personer från de flesta partier. I augusti 1943 undertecknade sammanlagt 33 offentliga personer en vädjan om separat fred. I skrivelsen krävde man en ny utrikespolitisk inriktning.</p>
<p>Skrivelsen kom ut i offentligheten först i Sverige och därefter i Finland. Oppositionen fick stöd från Sverige och västmakterna. Finlands politiska ledning försökte för sitt vidkommande betona vikten av samförstånd. Möjligheterna vid fredsförhandlingarna skulle ha försämrats om den inre fronten hade brustit.</p>
<p>Tysklands ständiga förluster ledde till att överbefälhavaren C.G. Mannerheim inför riksdagens medlemmar 6.2.1944 konstaterade att Tyskland hade förlorat kriget mot Sovjetunionen. Man tog kontakt till Sovjetunionen via Sverige. Sovjetunionens fredsvillkor var orimliga. Detta ökade folkets inre samhörighet.</p>
</div></section>

<!-- This site is optimized with the Yoast SEO plugin v27.5 - https://yoast.com/product/yoast-seo-wordpress/ -->
<title>Vändpunkten - Veteraanien Perintö</title>
<meta name="robots" content="index, follow, max-snippet:-1, max-image-preview:large, max-video-preview:-1" />
<link rel="canonical" href="https://veteraanienperinto.fi/index.php/sv/fortsattningskriget/fortsattningkrigets-gang/vandpunkten/" />
<meta property="og:locale" content="fi_FI" />
<meta property="og:type" content="article" />
<meta property="og:title" content="Vändpunkten - Veteraanien Perintö" />
<meta property="og:url" content="https://veteraanienperinto.fi/index.php/sv/fortsattningskriget/fortsattningkrigets-gang/vandpunkten/" />
<meta property="og:site_name" content="Veteraanien Perintö" />
<meta property="article:modified_time" content="2021-01-19T10:22:40+00:00" />
<meta name="twitter:card" content="summary_large_image" />
<meta name="twitter:label1" content="Arvioitu lukuaika" />
	<meta name="twitter:data1" content="3 minuuttia" />
<script type="application/ld+json" class="yoast-schema-graph">{"@context":"https:\/\/schema.org","@graph":[{"@type":"WebPage","@id":"https:\/\/veteraanienperinto.fi\/index.php\/sv\/fortsattningskriget\/fortsattningkrigets-gang\/vandpunkten\/","url":"https:\/\/veteraanienperinto.fi\/index.php\/sv\/fortsattningskriget\/fortsattningkrigets-gang\/vandpunkten\/","name":"Vändpunkten - Veteraanien Perintö","isPartOf":{"@id":"https:\/\/veteraanienperinto.fi\/#website"},"datePublished":"2020-11-17T18:53:38+00:00","dateModified":"2021-01-19T10:22:40+00:00","breadcrumb":{"@id":"https:\/\/veteraanienperinto.fi\/index.php\/sv\/fortsattningskriget\/fortsattningkrigets-gang\/vandpunkten\/#breadcrumb"},"inLanguage":"fi","potentialAction":[{"@type":"ReadAction","target":["https:\/\/veteraanienperinto.fi\/index.php\/sv\/fortsattningskriget\/fortsattningkrigets-gang\/vandpunkten\/"]}]},{"@type":"BreadcrumbList","@id":"https:\/\/veteraanienperinto.fi\/index.php\/sv\/fortsattningskriget\/fortsattningkrigets-gang\/vandpunkten\/#breadcrumb","itemListElement":[{"@type":"ListItem","position":1,"name":"Etusivu","item":"https:\/\/veteraanienperinto.fi\/index.php\/etusivu-2\/"},{"@type":"ListItem","position":2,"name":"Fortsättningskriget","item":"https:\/\/veteraanienperinto.fi\/index.php\/sv\/fortsattningskriget\/"},{"@type":"ListItem","position":3,"name":"Fortsättningkrigets gång","item":"https:\/\/veteraanienperinto.fi\/index.php\/sv\/fortsattningskriget\/fortsattningkrigets-gang\/"},{"@type":"ListItem","position":4,"name":"Vändpunkten"}]},{"@type":"WebSite","@id":"https:\/\/veteraanienperinto.fi\/#website","url":"https:\/\/veteraanienperinto.fi\/","name":"Veteraanien Perintö","description":"Kadettikunta","potentialAction":[{"@type":"SearchAction","target":{"@type":"EntryPoint","urlTemplate":"https:\/\/veteraanienperinto.fi\/?s={search_term_string}"},"query-input":{"@type":"PropertyValueSpecification","valueRequired":true,"valueName":"search_term_string"}}],"inLanguage":"fi"}]}</script>
<!-- / Yoast SEO plugin. -->

Vändpunkten - Veteraanien Perintö

Veteraanien Perintö

Fortsättningskriget

Fortsättningkrigets gång
