{"id":5865,"date":"2020-11-18T11:28:28","date_gmt":"2020-11-18T11:28:28","guid":{"rendered":"https:\/\/veteraani.ylirotu.fi\/?page_id=5865"},"modified":"2021-01-19T10:44:52","modified_gmt":"2021-01-19T10:44:52","slug":"fiendens-verksamhet-mot-civilbefolkningen","status":"publish","type":"page","link":"https:\/\/veteraanienperinto.fi\/index.php\/sv\/fortsattningskriget\/hemmafronten-i-fortsattningkrigets\/fiendens-verksamhet-mot-civilbefolkningen\/","title":{"rendered":"Fiendens verksamhet mot civilbefolkningen"},"content":{"rendered":"<div id='full_slider_1'  class='avia-fullwidth-slider main_color avia-shadow   avia-builder-el-0  el_before_av_heading  avia-builder-el-first   container_wrap sidebar_right'  ><div  class='avia-slideshow av-vcfri-f8b18761f5bc7126866d60a72f814c3a avia-slideshow-featured av_slideshow_full avia-slide-slider av-slideshow-ui av-control-default av-slideshow-manual av-loop-once av-loop-manual-endless av-default-height-applied   avia-slideshow-1' data-slideshow-options=\"{&quot;animation&quot;:&quot;slide&quot;,&quot;autoplay&quot;:false,&quot;loop_autoplay&quot;:&quot;once&quot;,&quot;interval&quot;:5,&quot;loop_manual&quot;:&quot;manual-endless&quot;,&quot;autoplay_stopper&quot;:false,&quot;noNavigation&quot;:false,&quot;bg_slider&quot;:false,&quot;keep_padding&quot;:false,&quot;hoverpause&quot;:false,&quot;show_slide_delay&quot;:0}\"  itemprop=\"image\" itemscope=\"itemscope\" itemtype=\"https:\/\/schema.org\/ImageObject\" ><ul class='avia-slideshow-inner ' style='padding-bottom: 28.666666666667%;'><li  class='avia-slideshow-slide av-vcfri-f8b18761f5bc7126866d60a72f814c3a__0  av-single-slide slide-1 slide-odd'><div data-rel='slideshow-1' class='avia-slide-wrap '   ><div class='av-slideshow-caption av-vcfri-f8b18761f5bc7126866d60a72f814c3a__0 caption_fullwidth caption_bottom caption_bottom_framed caption_framed'><div class=\"container caption_container\"><div class=\"slideshow_caption\"><div class=\"slideshow_inner_caption\"><div class=\"slideshow_align_caption\"><div class='avia-caption-content '  itemprop=\"description\" ><p>Patrull jagar desanter den 2 september 1942 (Pidma-Homorovitsi, Syv\u00e4ri-blocket)<\/p>\n<\/div><\/div><\/div><\/div><\/div><\/div><img decoding=\"async\" fetchpriority=\"high\" class=\"wp-image-4518 avia-img-lazy-loading-not-4518\"  src=\"https:\/\/veteraanienperinto.fi\/wp-content\/uploads\/2020\/10\/desantti-1500x430.png\" width=\"1500\" height=\"430\" title='desantti' alt=''  itemprop=\"thumbnailUrl\" srcset=\"https:\/\/veteraanienperinto.fi\/wp-content\/uploads\/2020\/10\/desantti.png 1500w, https:\/\/veteraanienperinto.fi\/wp-content\/uploads\/2020\/10\/desantti-300x86.png 300w, https:\/\/veteraanienperinto.fi\/wp-content\/uploads\/2020\/10\/desantti-1030x295.png 1030w, https:\/\/veteraanienperinto.fi\/wp-content\/uploads\/2020\/10\/desantti-768x220.png 768w, https:\/\/veteraanienperinto.fi\/wp-content\/uploads\/2020\/10\/desantti-705x202.png 705w\" sizes=\"(max-width: 1500px) 100vw, 1500px\" \/><\/div><\/li><\/ul><\/div><\/div><div id='after_full_slider_1'  class='main_color av_default_container_wrap container_wrap sidebar_right'  ><div class='container av-section-cont-open' ><div class='template-page content  av-content-small alpha units'><div class='post-entry post-entry-type-page post-entry-5865'><div class='entry-content-wrapper clearfix'>\n\n<style type=\"text\/css\" data-created_by=\"avia_inline_auto\" id=\"style-css-av-kk3vevy2-494c44a99a2e710845a2e8a1dbd78a33\">\n#top .av-special-heading.av-kk3vevy2-494c44a99a2e710845a2e8a1dbd78a33{\npadding-bottom:10px;\n}\nbody .av-special-heading.av-kk3vevy2-494c44a99a2e710845a2e8a1dbd78a33 .av-special-heading-tag .heading-char{\nfont-size:25px;\n}\n.av-special-heading.av-kk3vevy2-494c44a99a2e710845a2e8a1dbd78a33 .av-subheading{\nfont-size:15px;\n}\n<\/style>\n<div  class='av-special-heading av-kk3vevy2-494c44a99a2e710845a2e8a1dbd78a33 av-special-heading-h2  avia-builder-el-1  el_after_av_slideshow_full  el_before_av_textblock  avia-builder-el-first '><h2 class='av-special-heading-tag'  itemprop=\"headline\"  >Fiendens verksamhet mot civilbefolkningen<\/h2><div class=\"special-heading-border\"><div class=\"special-heading-inner-border\"><\/div><\/div><\/div>\n<section  class='av_textblock_section av-6vl46-6d3d2774a25dc6922a67b6ef9e296c59 '   itemscope=\"itemscope\" itemtype=\"https:\/\/schema.org\/CreativeWork\" ><div class='avia_textblock'  itemprop=\"text\" ><p>Fr\u00e5n b\u00f6rjan av forts\u00e4ttningskriget bombade Sovjetunionens flygplan d\u00e5 och d\u00e5 st\u00e4der i Finland. De egentliga storbombningarna mot Helsingfors skedde i februari 1944. Vid dessa tre bombningar miste 146 personer livet och 109 hus f\u00f6rst\u00f6rdes. Luftv\u00e4rnet i Helsingfors var s\u00e5 effektivt, att knappt 5% av ca 15 000 bomber av olika slag f\u00f6ll inom stadens omr\u00e5de. Utan detta v\u00e4rns effektivitet skulle Helsingfors ha f\u00e5tt enorma skador och civilbefolkningens f\u00f6rluster hade varit of\u00f6ruts\u00e4gbart stora.<\/p>\n<p>De sovjetiska partisanernas anfall mot fredliga finl\u00e4ndska byar speciellt i Norra Finland f\u00f6rorsakade tidvis mycket bekymmer och oroligheter. Partisanerna m\u00f6rdade sammanlagt ca 150 civilpersoner, huvudsakligen kvinnor och barn. Partisanerna meddelade till sina \u00f6verordnade staber att de hade f\u00f6rst\u00f6rt milit\u00e4rf\u00f6rl\u00e4ggningar och milit\u00e4ra avdelningar. M\u00e5nga partisaner bel\u00f6nades med utm\u00e4rkelsetecken. Partisanerna som deltagit i mord och andra v\u00e5ldshandlingar mot civilbefolkningen, i likhet med andra skyldiga till krigsf\u00f6rbrytelser fr\u00e5n segrarmakterna har inte st\u00e4llts till svars f\u00f6r sina handlingar.<\/p>\n<p>F\u00f6rlusterna bland civilbefolkningen i v\u00e5rt land, sammanlagt 2700 personer, var mycket sm\u00e5 i f\u00f6rh\u00e5llande till andra l\u00e4nder. Detta berodde p\u00e5 att befolkningen inte blev kvar inom stridszonen och p\u00e5 s\u00e5 s\u00e4tt under elden, v\u00e5rt land ockuperades inte och bombningarna som Sovjetunionen riktade mot v\u00e5ra st\u00e4der ledde inte till de resultat som anfallaren planerat.<\/p>\n<\/div><\/section>\n","protected":false},"excerpt":{"rendered":"","protected":false},"author":1,"featured_media":0,"parent":5829,"menu_order":9,"comment_status":"closed","ping_status":"closed","template":"","meta":{"footnotes":""},"class_list":["post-5865","page","type-page","status-publish","hentry"],"yoast_head":"<!-- This site is optimized with the Yoast SEO plugin v27.5 - https:\/\/yoast.com\/product\/yoast-seo-wordpress\/ -->\n<title>Fiendens verksamhet mot civilbefolkningen - Veteraanien Perint\u00f6<\/title>\n<meta name=\"robots\" content=\"index, follow, max-snippet:-1, max-image-preview:large, max-video-preview:-1\" \/>\n<link rel=\"canonical\" href=\"https:\/\/veteraanienperinto.fi\/index.php\/sv\/fortsattningskriget\/hemmafronten-i-fortsattningkrigets\/fiendens-verksamhet-mot-civilbefolkningen\/\" \/>\n<meta property=\"og:locale\" content=\"fi_FI\" \/>\n<meta property=\"og:type\" content=\"article\" \/>\n<meta property=\"og:title\" content=\"Fiendens verksamhet mot civilbefolkningen - Veteraanien Perint\u00f6\" \/>\n<meta property=\"og:url\" content=\"https:\/\/veteraanienperinto.fi\/index.php\/sv\/fortsattningskriget\/hemmafronten-i-fortsattningkrigets\/fiendens-verksamhet-mot-civilbefolkningen\/\" \/>\n<meta property=\"og:site_name\" content=\"Veteraanien Perint\u00f6\" \/>\n<meta property=\"article:modified_time\" content=\"2021-01-19T10:44:52+00:00\" \/>\n<meta name=\"twitter:card\" content=\"summary_large_image\" \/>\n<meta name=\"twitter:label1\" content=\"Arvioitu lukuaika\" \/>\n\t<meta name=\"twitter:data1\" content=\"3 minuuttia\" \/>\n<script type=\"application\/ld+json\" class=\"yoast-schema-graph\">{\"@context\":\"https:\\\/\\\/schema.org\",\"@graph\":[{\"@type\":\"WebPage\",\"@id\":\"https:\\\/\\\/veteraanienperinto.fi\\\/index.php\\\/sv\\\/fortsattningskriget\\\/hemmafronten-i-fortsattningkrigets\\\/fiendens-verksamhet-mot-civilbefolkningen\\\/\",\"url\":\"https:\\\/\\\/veteraanienperinto.fi\\\/index.php\\\/sv\\\/fortsattningskriget\\\/hemmafronten-i-fortsattningkrigets\\\/fiendens-verksamhet-mot-civilbefolkningen\\\/\",\"name\":\"Fiendens verksamhet mot civilbefolkningen - Veteraanien Perint\u00f6\",\"isPartOf\":{\"@id\":\"https:\\\/\\\/veteraanienperinto.fi\\\/#website\"},\"datePublished\":\"2020-11-18T11:28:28+00:00\",\"dateModified\":\"2021-01-19T10:44:52+00:00\",\"breadcrumb\":{\"@id\":\"https:\\\/\\\/veteraanienperinto.fi\\\/index.php\\\/sv\\\/fortsattningskriget\\\/hemmafronten-i-fortsattningkrigets\\\/fiendens-verksamhet-mot-civilbefolkningen\\\/#breadcrumb\"},\"inLanguage\":\"fi\",\"potentialAction\":[{\"@type\":\"ReadAction\",\"target\":[\"https:\\\/\\\/veteraanienperinto.fi\\\/index.php\\\/sv\\\/fortsattningskriget\\\/hemmafronten-i-fortsattningkrigets\\\/fiendens-verksamhet-mot-civilbefolkningen\\\/\"]}]},{\"@type\":\"BreadcrumbList\",\"@id\":\"https:\\\/\\\/veteraanienperinto.fi\\\/index.php\\\/sv\\\/fortsattningskriget\\\/hemmafronten-i-fortsattningkrigets\\\/fiendens-verksamhet-mot-civilbefolkningen\\\/#breadcrumb\",\"itemListElement\":[{\"@type\":\"ListItem\",\"position\":1,\"name\":\"Etusivu\",\"item\":\"https:\\\/\\\/veteraanienperinto.fi\\\/index.php\\\/etusivu-2\\\/\"},{\"@type\":\"ListItem\",\"position\":2,\"name\":\"Forts\u00e4ttningskriget\",\"item\":\"https:\\\/\\\/veteraanienperinto.fi\\\/index.php\\\/sv\\\/fortsattningskriget\\\/\"},{\"@type\":\"ListItem\",\"position\":3,\"name\":\"Hemmafronten i forts\u00e4ttningkrigets\",\"item\":\"https:\\\/\\\/veteraanienperinto.fi\\\/index.php\\\/sv\\\/fortsattningskriget\\\/hemmafronten-i-fortsattningkrigets\\\/\"},{\"@type\":\"ListItem\",\"position\":4,\"name\":\"Fiendens verksamhet mot civilbefolkningen\"}]},{\"@type\":\"WebSite\",\"@id\":\"https:\\\/\\\/veteraanienperinto.fi\\\/#website\",\"url\":\"https:\\\/\\\/veteraanienperinto.fi\\\/\",\"name\":\"Veteraanien Perint\u00f6\",\"description\":\"Kadettikunta\",\"potentialAction\":[{\"@type\":\"SearchAction\",\"target\":{\"@type\":\"EntryPoint\",\"urlTemplate\":\"https:\\\/\\\/veteraanienperinto.fi\\\/?s={search_term_string}\"},\"query-input\":{\"@type\":\"PropertyValueSpecification\",\"valueRequired\":true,\"valueName\":\"search_term_string\"}}],\"inLanguage\":\"fi\"}]}<\/script>\n<!-- \/ Yoast SEO plugin. -->","yoast_head_json":{"title":"Fiendens verksamhet mot civilbefolkningen - Veteraanien Perint\u00f6","robots":{"index":"index","follow":"follow","max-snippet":"max-snippet:-1","max-image-preview":"max-image-preview:large","max-video-preview":"max-video-preview:-1"},"canonical":"https:\/\/veteraanienperinto.fi\/index.php\/sv\/fortsattningskriget\/hemmafronten-i-fortsattningkrigets\/fiendens-verksamhet-mot-civilbefolkningen\/","og_locale":"fi_FI","og_type":"article","og_title":"Fiendens verksamhet mot civilbefolkningen - Veteraanien Perint\u00f6","og_url":"https:\/\/veteraanienperinto.fi\/index.php\/sv\/fortsattningskriget\/hemmafronten-i-fortsattningkrigets\/fiendens-verksamhet-mot-civilbefolkningen\/","og_site_name":"Veteraanien Perint\u00f6","article_modified_time":"2021-01-19T10:44:52+00:00","twitter_card":"summary_large_image","twitter_misc":{"Arvioitu lukuaika":"3 minuuttia"},"schema":{"@context":"https:\/\/schema.org","@graph":[{"@type":"WebPage","@id":"https:\/\/veteraanienperinto.fi\/index.php\/sv\/fortsattningskriget\/hemmafronten-i-fortsattningkrigets\/fiendens-verksamhet-mot-civilbefolkningen\/","url":"https:\/\/veteraanienperinto.fi\/index.php\/sv\/fortsattningskriget\/hemmafronten-i-fortsattningkrigets\/fiendens-verksamhet-mot-civilbefolkningen\/","name":"Fiendens verksamhet mot civilbefolkningen - Veteraanien Perint\u00f6","isPartOf":{"@id":"https:\/\/veteraanienperinto.fi\/#website"},"datePublished":"2020-11-18T11:28:28+00:00","dateModified":"2021-01-19T10:44:52+00:00","breadcrumb":{"@id":"https:\/\/veteraanienperinto.fi\/index.php\/sv\/fortsattningskriget\/hemmafronten-i-fortsattningkrigets\/fiendens-verksamhet-mot-civilbefolkningen\/#breadcrumb"},"inLanguage":"fi","potentialAction":[{"@type":"ReadAction","target":["https:\/\/veteraanienperinto.fi\/index.php\/sv\/fortsattningskriget\/hemmafronten-i-fortsattningkrigets\/fiendens-verksamhet-mot-civilbefolkningen\/"]}]},{"@type":"BreadcrumbList","@id":"https:\/\/veteraanienperinto.fi\/index.php\/sv\/fortsattningskriget\/hemmafronten-i-fortsattningkrigets\/fiendens-verksamhet-mot-civilbefolkningen\/#breadcrumb","itemListElement":[{"@type":"ListItem","position":1,"name":"Etusivu","item":"https:\/\/veteraanienperinto.fi\/index.php\/etusivu-2\/"},{"@type":"ListItem","position":2,"name":"Forts\u00e4ttningskriget","item":"https:\/\/veteraanienperinto.fi\/index.php\/sv\/fortsattningskriget\/"},{"@type":"ListItem","position":3,"name":"Hemmafronten i forts\u00e4ttningkrigets","item":"https:\/\/veteraanienperinto.fi\/index.php\/sv\/fortsattningskriget\/hemmafronten-i-fortsattningkrigets\/"},{"@type":"ListItem","position":4,"name":"Fiendens verksamhet mot civilbefolkningen"}]},{"@type":"WebSite","@id":"https:\/\/veteraanienperinto.fi\/#website","url":"https:\/\/veteraanienperinto.fi\/","name":"Veteraanien Perint\u00f6","description":"Kadettikunta","potentialAction":[{"@type":"SearchAction","target":{"@type":"EntryPoint","urlTemplate":"https:\/\/veteraanienperinto.fi\/?s={search_term_string}"},"query-input":{"@type":"PropertyValueSpecification","valueRequired":true,"valueName":"search_term_string"}}],"inLanguage":"fi"}]}},"_links":{"self":[{"href":"https:\/\/veteraanienperinto.fi\/index.php\/wp-json\/wp\/v2\/pages\/5865","targetHints":{"allow":["GET"]}}],"collection":[{"href":"https:\/\/veteraanienperinto.fi\/index.php\/wp-json\/wp\/v2\/pages"}],"about":[{"href":"https:\/\/veteraanienperinto.fi\/index.php\/wp-json\/wp\/v2\/types\/page"}],"author":[{"embeddable":true,"href":"https:\/\/veteraanienperinto.fi\/index.php\/wp-json\/wp\/v2\/users\/1"}],"replies":[{"embeddable":true,"href":"https:\/\/veteraanienperinto.fi\/index.php\/wp-json\/wp\/v2\/comments?post=5865"}],"version-history":[{"count":6,"href":"https:\/\/veteraanienperinto.fi\/index.php\/wp-json\/wp\/v2\/pages\/5865\/revisions"}],"predecessor-version":[{"id":10050,"href":"https:\/\/veteraanienperinto.fi\/index.php\/wp-json\/wp\/v2\/pages\/5865\/revisions\/10050"}],"up":[{"embeddable":true,"href":"https:\/\/veteraanienperinto.fi\/index.php\/wp-json\/wp\/v2\/pages\/5829"}],"wp:attachment":[{"href":"https:\/\/veteraanienperinto.fi\/index.php\/wp-json\/wp\/v2\/media?parent=5865"}],"curies":[{"name":"wp","href":"https:\/\/api.w.org\/{rel}","templated":true}]}}