{"id":5963,"date":"2020-11-18T12:31:47","date_gmt":"2020-11-18T12:31:47","guid":{"rendered":"https:\/\/veteraani.ylirotu.fi\/?page_id=5963"},"modified":"2020-12-15T09:32:56","modified_gmt":"2020-12-15T09:32:56","slug":"santamastriderna","status":"publish","type":"page","link":"https:\/\/veteraanienperinto.fi\/index.php\/sv\/fortsattningskriget\/berattelser-i-fortsattningkriget\/krigets-gang\/anvalsskede\/santamastriderna\/","title":{"rendered":"S\u00e4nt\u00e4m\u00e4striderna\u2026"},"content":{"rendered":"\n<style type=\"text\/css\" data-created_by=\"avia_inline_auto\" id=\"style-css-av-kipscwmz-d49629ac96c86c68b78ab1a940e5b6e1\">\n#top .av-special-heading.av-kipscwmz-d49629ac96c86c68b78ab1a940e5b6e1{\npadding-bottom:10px;\n}\nbody .av-special-heading.av-kipscwmz-d49629ac96c86c68b78ab1a940e5b6e1 .av-special-heading-tag .heading-char{\nfont-size:25px;\n}\n.av-special-heading.av-kipscwmz-d49629ac96c86c68b78ab1a940e5b6e1 .av-subheading{\nfont-size:15px;\n}\n<\/style>\n<div  class='av-special-heading av-kipscwmz-d49629ac96c86c68b78ab1a940e5b6e1 av-special-heading-h3  avia-builder-el-0  el_before_av_textblock  avia-builder-el-first '><h3 class='av-special-heading-tag'  itemprop=\"headline\"  >S\u00e4nt\u00e4m\u00e4striderna\u2026<\/h3><div class=\"special-heading-border\"><div class=\"special-heading-inner-border\"><\/div><\/div><\/div>\n<section  class='av_textblock_section av-kei9w74n-7b0f008125a778f48432b9a614d90d0f '   itemscope=\"itemscope\" itemtype=\"https:\/\/schema.org\/CreativeWork\" ><div class='avia_textblock'  itemprop=\"text\" ><p><strong>Karl Ceder:<\/strong><\/p>\n<p><strong>\u00a0&#8230;18.08-07.09.1941<\/strong><\/p>\n<p>&#8221;Den 2 september kom det order om att f\u00f6ljande dag skulle hela regementet forts\u00e4tta framryckningen och i god tid p\u00e5 morgonen den 3 september bar det i v\u00e4g \u00f6ver \u00e5n, d\u00e4r pionj\u00e4rerna hade byggt en provisorisk bro. V\u00e5r kompanichef, j\u00e4garkapten Martin Ericsson, gav order om uppst\u00e4llning p\u00e5 ked och han f\u00f6rklarade, att v\u00e5rt anfallsm\u00e5l i f\u00f6rsta hand var en v\u00e4g cirka 3 km fram\u00f6ver, dit regementets \u00f6vriga kompanier skulle kompanivis sl\u00e5 in kilar och d\u00e4r vi skulle f\u00e5 kontakt med dem och vidare order. S\u00e5 slog han ut med armen och angav riktningen och kommenderade: Alle man, fram\u00e5t marsch!.<\/p>\n<p>Det var vacker v\u00e4der denna dag och inga fiender h\u00f6rdes av d\u00e4r nere vid b\u00e4cken, s\u00e5 jag t\u00e4nkte att det var p\u00e5 tiden, att vi kom oss iv\u00e4g fr\u00e5n denna \u00f6demark till mera kultiverade nejder. Denna dag besannades dock det gamla ordst\u00e4vet: &#8217;D\u00f6m icke dagen, f\u00f6rr\u00e4n solen har g\u00e5tt ned&#8217;. Vi hade knappast g\u00e5tt hundra steg, d\u00e5 vi pl\u00f6tsligt fick eld p\u00e5 oss fr\u00e5n h\u00f6ger. Automatiskt kastade sig var man till marken. De, som voro ytterst p\u00e5 h\u00f6gra flygeln, besvarade elden, men soldat Kalfholm tr\u00e4ffades d\u00f6dligt. Kompanichefen manade till fortsatt rask framryckning och menade, att v\u00e5r granne till h\u00f6ger, P\u00f6rtom-kompaniet, fick ta hand om dessa ryssar. Kompaniet b\u00f6r n\u00e5 sitt anfallsm\u00e5l i god tid, sade han, vi kan inte sl\u00f6sa tid p\u00e5 sm\u00e5patruller. Inom kort n\u00e5dde vi fram till en mindre h\u00f6jdstr\u00e4ckning. Bakom den h\u00f6rdes n\u00e5got enstaka gev\u00e4rsskott, dock inte i n\u00e5gon farlig n\u00e4rhet. D\u00e5 kom pl\u00f6tsligt en sv\u00e4rm artillerigranater ylande bakifr\u00e5n de egna linjerna och dunsade ned mitt bland oss med den verkan, att bl.a. Alexander Storback fick ena benet avklippt.<\/p>\n<p>I ordinarie plutonchefens fr\u00e5nvaro kom jag denna dag att leda f\u00f6rsta plutonen och k\u00e4nde naturligtvis ansvar d\u00e4rf\u00f6r. Jag ans\u00e5g det d\u00e4rf\u00f6r som min plikt, att p\u00e5minna kompanichefen om att vi uppenbarligen hade ryckt fram i n\u00e5got f\u00f6r snabb takt och att st\u00f6rre vaksamhet kunde vara befogad, i synnerhet som kontakten med grannkompanierna g\u00e5tt f\u00f6rlorad. Jag k\u00e4nde den gamle, bistre j\u00e4garkaptenen fr\u00e5n f\u00f6rr och hade p\u00e5 k\u00e4nn, vad det innebar f\u00f6r en liten underhuggare att komma med egna funderingar &#8211; jag var ju endast sergeant. Med parabellumen i h\u00f6gsta hugg r\u00f6t han till: &#8217;H\u00e4r \u00e4r det bara jag som befaller, kom ih\u00e5g detta!&#8217;<\/p>\n<p>Han manade kompaniet att raskt g\u00e5 fram\u00e5t och f\u00f6r att st\u00e4rka sj\u00e4lvf\u00f6rtroendet och m\u00f6jligen injaga skr\u00e4ck i fienden skulle vi vr\u00e5la fram ett kraftigt krigsrop &#8217;Tyrm\u00e4ys!&#8217;. Det var nog inte m\u00e5nga, som f\u00f6rstod inneb\u00f6rden i detta finska ord och det kan ifr\u00e5gas\u00e4ttas, om n\u00e5gra ryssar kom att h\u00f6ra v\u00e5ra mumlande. Vi fortsatte rakt fram och kom sm\u00e5ningom ut p\u00e5 en mosse bevuxen med unga tallar. De hade avkvistats i mansh\u00f6jd och snart s\u00e5g vi orsaken. Rakt framf\u00f6r l\u00e5g en sand\u00e5s med svarta skottgluggar i tre v\u00e5ningar, p\u00e5 avst\u00e5nd p\u00e5 minde det starkt om ett j\u00e4ttelikt \u00f6rlogsfartyg fr\u00e5n 1600-talet med sina kanonportar. S\u00e5 med ens brakade en h\u00e4ftig eldgivning emot oss s\u00e5 barken r\u00f6k av tallarna och varje man d\u00f6k p\u00e5 n\u00e4san mellan tuvorna. Det var h\u00e4r som Stolpe, Eriksson och Staffans stupade i kulregnet.<\/p>\n<p>Kompanichefen ins\u00e5g det om\u00f6jliga i frontalt anfall och manade alla att \u00e5lande dra sig till v\u00e4nster, vilket vi ocks\u00e5 gjorde. V\u00e5ra tre kamrater l\u00e5g livl\u00f6sa och vi var tvungna att l\u00e4mna dem kvar f\u00f6r det s\u00e5g inte vidare hoppfullt ut f\u00f6r oss att levande n\u00e5 det v\u00e4nstra skogsbrynet och vi visste ju inte, vad som m\u00f6tte i skogen d\u00e4r, om vi kom s\u00e5 l\u00e5ngt. Dit kom vi i alla fall, men det underliga var, att nu blev vi beskjutna fr\u00e5n alla sidor. Det visade sig om\u00f6jligt att f\u00e5 kontakt med grannkompanierna och f\u00e4lttelefonledningen hade r\u00e4tt l\u00e4nge varit avskuren. \u00c4ven om vi var r\u00e4tt n\u00e4ra anfallsm\u00e5let, ins\u00e5g kapten Ericsson fullt riktigt, att v\u00e5r st\u00e4llning var oh\u00e5llbar. Nu b\u00f6rjade han antyda, att vi f\u00e5r b\u00f6rja t\u00e4nka p\u00e5 \u00e5tert\u00e5g. Vi var flera man som tyckte, att vi borde f\u00e5 v\u00e5ra stupade kamrater bortdragna fr\u00e5n mossen och med oss. J\u00e4garkaptenen &#8211; som inte mera var n\u00e5gon ungdom &#8211; kom tappert med oss n\u00e5gra man, som \u00e5lande tog oss ut p\u00e5 mossen, men s\u00e5 uppt\u00e4ckte ryssarna oss och vi fick trycka ned oss mellan tuvorna bra l\u00e4nge f\u00f6r att klara kulk\u00e4rvarna. Alla ins\u00e5g vi det hoppl\u00f6sa i f\u00f6retaget och s\u00e5 kr\u00f6p vi tillbaka.<\/p>\n<p>Nu gav kompanichefen order om att varje man f\u00f6rs\u00f6ker s\u00e5 gott han kan sl\u00e5 sig igenom bak\u00e5t, d\u00e4rifr\u00e5n vi kommit och sist ropade han: &#8217;R\u00e4dde sig den som kan!&#8217; Utan tvivel var det h\u00f6g tid. Vi fick eld p\u00e5 oss fr\u00e5n alla h\u00e5ll. Maskingev\u00e4ret, som f\u00f6ljde oss, hade mannar fr\u00e5n Helsingby. Jag sade \u00e5t dem, att d\u00e5 de hade tyngre vapen att b\u00e4ra \u00e4n vi andra, s\u00e5 skulle de skynda iv\u00e4g. Jag skulle med n\u00e5gra man stanna och s\u00e4kra en stund. Jag minns, att de tackade oss f\u00f6r det. S\u00e5 sm\u00e5ningom gav vi oss iv\u00e4g med korta, snabba spr\u00e5ng och hur vi kom igenom skogen och ned till b\u00e4cken \u00e4r som en dr\u00f6m f\u00f6r mig \u00e4nnu i denna dag.&#8221;<\/p>\n<p><em><strong>Ur boken:<\/strong><\/em><br \/>\n<em>Nils-Erik Nykvist: Sextiettan Infanteriregement 61 1941-1944<\/em><\/p>\n<\/div><\/section>\n","protected":false},"excerpt":{"rendered":"","protected":false},"author":1,"featured_media":0,"parent":5935,"menu_order":7,"comment_status":"closed","ping_status":"closed","template":"","meta":{"footnotes":""},"class_list":["post-5963","page","type-page","status-publish","hentry"],"yoast_head":"<!-- This site is optimized with the Yoast SEO plugin v27.5 - https:\/\/yoast.com\/product\/yoast-seo-wordpress\/ -->\n<title>S\u00e4nt\u00e4m\u00e4striderna\u2026 - Veteraanien Perint\u00f6<\/title>\n<meta name=\"robots\" content=\"index, follow, max-snippet:-1, max-image-preview:large, max-video-preview:-1\" \/>\n<link rel=\"canonical\" href=\"https:\/\/veteraanienperinto.fi\/index.php\/sv\/fortsattningskriget\/berattelser-i-fortsattningkriget\/krigets-gang\/anvalsskede\/santamastriderna\/\" \/>\n<meta property=\"og:locale\" content=\"fi_FI\" \/>\n<meta property=\"og:type\" content=\"article\" \/>\n<meta property=\"og:title\" content=\"S\u00e4nt\u00e4m\u00e4striderna\u2026 - Veteraanien Perint\u00f6\" \/>\n<meta property=\"og:url\" content=\"https:\/\/veteraanienperinto.fi\/index.php\/sv\/fortsattningskriget\/berattelser-i-fortsattningkriget\/krigets-gang\/anvalsskede\/santamastriderna\/\" \/>\n<meta property=\"og:site_name\" content=\"Veteraanien Perint\u00f6\" \/>\n<meta property=\"article:modified_time\" content=\"2020-12-15T09:32:56+00:00\" \/>\n<meta name=\"twitter:card\" content=\"summary_large_image\" \/>\n<meta name=\"twitter:label1\" content=\"Arvioitu lukuaika\" \/>\n\t<meta name=\"twitter:data1\" content=\"6 minuuttia\" \/>\n<script type=\"application\/ld+json\" class=\"yoast-schema-graph\">{\"@context\":\"https:\\\/\\\/schema.org\",\"@graph\":[{\"@type\":\"WebPage\",\"@id\":\"https:\\\/\\\/veteraanienperinto.fi\\\/index.php\\\/sv\\\/fortsattningskriget\\\/berattelser-i-fortsattningkriget\\\/krigets-gang\\\/anvalsskede\\\/santamastriderna\\\/\",\"url\":\"https:\\\/\\\/veteraanienperinto.fi\\\/index.php\\\/sv\\\/fortsattningskriget\\\/berattelser-i-fortsattningkriget\\\/krigets-gang\\\/anvalsskede\\\/santamastriderna\\\/\",\"name\":\"S\u00e4nt\u00e4m\u00e4striderna\u2026 - Veteraanien Perint\u00f6\",\"isPartOf\":{\"@id\":\"https:\\\/\\\/veteraanienperinto.fi\\\/#website\"},\"datePublished\":\"2020-11-18T12:31:47+00:00\",\"dateModified\":\"2020-12-15T09:32:56+00:00\",\"breadcrumb\":{\"@id\":\"https:\\\/\\\/veteraanienperinto.fi\\\/index.php\\\/sv\\\/fortsattningskriget\\\/berattelser-i-fortsattningkriget\\\/krigets-gang\\\/anvalsskede\\\/santamastriderna\\\/#breadcrumb\"},\"inLanguage\":\"fi\",\"potentialAction\":[{\"@type\":\"ReadAction\",\"target\":[\"https:\\\/\\\/veteraanienperinto.fi\\\/index.php\\\/sv\\\/fortsattningskriget\\\/berattelser-i-fortsattningkriget\\\/krigets-gang\\\/anvalsskede\\\/santamastriderna\\\/\"]}]},{\"@type\":\"BreadcrumbList\",\"@id\":\"https:\\\/\\\/veteraanienperinto.fi\\\/index.php\\\/sv\\\/fortsattningskriget\\\/berattelser-i-fortsattningkriget\\\/krigets-gang\\\/anvalsskede\\\/santamastriderna\\\/#breadcrumb\",\"itemListElement\":[{\"@type\":\"ListItem\",\"position\":1,\"name\":\"Etusivu\",\"item\":\"https:\\\/\\\/veteraanienperinto.fi\\\/index.php\\\/etusivu-2\\\/\"},{\"@type\":\"ListItem\",\"position\":2,\"name\":\"Forts\u00e4ttningskriget\",\"item\":\"https:\\\/\\\/veteraanienperinto.fi\\\/index.php\\\/sv\\\/fortsattningskriget\\\/\"},{\"@type\":\"ListItem\",\"position\":3,\"name\":\"Ber\u00e4ttelser i forts\u00e4ttningkriget\",\"item\":\"https:\\\/\\\/veteraanienperinto.fi\\\/index.php\\\/sv\\\/fortsattningskriget\\\/berattelser-i-fortsattningkriget\\\/\"},{\"@type\":\"ListItem\",\"position\":4,\"name\":\"Krigets g\u00e5ng\",\"item\":\"https:\\\/\\\/veteraanienperinto.fi\\\/index.php\\\/sv\\\/fortsattningskriget\\\/berattelser-i-fortsattningkriget\\\/krigets-gang\\\/\"},{\"@type\":\"ListItem\",\"position\":5,\"name\":\"Anvalsskede\",\"item\":\"https:\\\/\\\/veteraanienperinto.fi\\\/index.php\\\/sv\\\/fortsattningskriget\\\/berattelser-i-fortsattningkriget\\\/krigets-gang\\\/anvalsskede\\\/\"},{\"@type\":\"ListItem\",\"position\":6,\"name\":\"S\u00e4nt\u00e4m\u00e4striderna\u2026\"}]},{\"@type\":\"WebSite\",\"@id\":\"https:\\\/\\\/veteraanienperinto.fi\\\/#website\",\"url\":\"https:\\\/\\\/veteraanienperinto.fi\\\/\",\"name\":\"Veteraanien Perint\u00f6\",\"description\":\"Kadettikunta\",\"potentialAction\":[{\"@type\":\"SearchAction\",\"target\":{\"@type\":\"EntryPoint\",\"urlTemplate\":\"https:\\\/\\\/veteraanienperinto.fi\\\/?s={search_term_string}\"},\"query-input\":{\"@type\":\"PropertyValueSpecification\",\"valueRequired\":true,\"valueName\":\"search_term_string\"}}],\"inLanguage\":\"fi\"}]}<\/script>\n<!-- \/ Yoast SEO plugin. -->","yoast_head_json":{"title":"S\u00e4nt\u00e4m\u00e4striderna\u2026 - Veteraanien Perint\u00f6","robots":{"index":"index","follow":"follow","max-snippet":"max-snippet:-1","max-image-preview":"max-image-preview:large","max-video-preview":"max-video-preview:-1"},"canonical":"https:\/\/veteraanienperinto.fi\/index.php\/sv\/fortsattningskriget\/berattelser-i-fortsattningkriget\/krigets-gang\/anvalsskede\/santamastriderna\/","og_locale":"fi_FI","og_type":"article","og_title":"S\u00e4nt\u00e4m\u00e4striderna\u2026 - Veteraanien Perint\u00f6","og_url":"https:\/\/veteraanienperinto.fi\/index.php\/sv\/fortsattningskriget\/berattelser-i-fortsattningkriget\/krigets-gang\/anvalsskede\/santamastriderna\/","og_site_name":"Veteraanien Perint\u00f6","article_modified_time":"2020-12-15T09:32:56+00:00","twitter_card":"summary_large_image","twitter_misc":{"Arvioitu lukuaika":"6 minuuttia"},"schema":{"@context":"https:\/\/schema.org","@graph":[{"@type":"WebPage","@id":"https:\/\/veteraanienperinto.fi\/index.php\/sv\/fortsattningskriget\/berattelser-i-fortsattningkriget\/krigets-gang\/anvalsskede\/santamastriderna\/","url":"https:\/\/veteraanienperinto.fi\/index.php\/sv\/fortsattningskriget\/berattelser-i-fortsattningkriget\/krigets-gang\/anvalsskede\/santamastriderna\/","name":"S\u00e4nt\u00e4m\u00e4striderna\u2026 - Veteraanien Perint\u00f6","isPartOf":{"@id":"https:\/\/veteraanienperinto.fi\/#website"},"datePublished":"2020-11-18T12:31:47+00:00","dateModified":"2020-12-15T09:32:56+00:00","breadcrumb":{"@id":"https:\/\/veteraanienperinto.fi\/index.php\/sv\/fortsattningskriget\/berattelser-i-fortsattningkriget\/krigets-gang\/anvalsskede\/santamastriderna\/#breadcrumb"},"inLanguage":"fi","potentialAction":[{"@type":"ReadAction","target":["https:\/\/veteraanienperinto.fi\/index.php\/sv\/fortsattningskriget\/berattelser-i-fortsattningkriget\/krigets-gang\/anvalsskede\/santamastriderna\/"]}]},{"@type":"BreadcrumbList","@id":"https:\/\/veteraanienperinto.fi\/index.php\/sv\/fortsattningskriget\/berattelser-i-fortsattningkriget\/krigets-gang\/anvalsskede\/santamastriderna\/#breadcrumb","itemListElement":[{"@type":"ListItem","position":1,"name":"Etusivu","item":"https:\/\/veteraanienperinto.fi\/index.php\/etusivu-2\/"},{"@type":"ListItem","position":2,"name":"Forts\u00e4ttningskriget","item":"https:\/\/veteraanienperinto.fi\/index.php\/sv\/fortsattningskriget\/"},{"@type":"ListItem","position":3,"name":"Ber\u00e4ttelser i forts\u00e4ttningkriget","item":"https:\/\/veteraanienperinto.fi\/index.php\/sv\/fortsattningskriget\/berattelser-i-fortsattningkriget\/"},{"@type":"ListItem","position":4,"name":"Krigets g\u00e5ng","item":"https:\/\/veteraanienperinto.fi\/index.php\/sv\/fortsattningskriget\/berattelser-i-fortsattningkriget\/krigets-gang\/"},{"@type":"ListItem","position":5,"name":"Anvalsskede","item":"https:\/\/veteraanienperinto.fi\/index.php\/sv\/fortsattningskriget\/berattelser-i-fortsattningkriget\/krigets-gang\/anvalsskede\/"},{"@type":"ListItem","position":6,"name":"S\u00e4nt\u00e4m\u00e4striderna\u2026"}]},{"@type":"WebSite","@id":"https:\/\/veteraanienperinto.fi\/#website","url":"https:\/\/veteraanienperinto.fi\/","name":"Veteraanien Perint\u00f6","description":"Kadettikunta","potentialAction":[{"@type":"SearchAction","target":{"@type":"EntryPoint","urlTemplate":"https:\/\/veteraanienperinto.fi\/?s={search_term_string}"},"query-input":{"@type":"PropertyValueSpecification","valueRequired":true,"valueName":"search_term_string"}}],"inLanguage":"fi"}]}},"_links":{"self":[{"href":"https:\/\/veteraanienperinto.fi\/index.php\/wp-json\/wp\/v2\/pages\/5963","targetHints":{"allow":["GET"]}}],"collection":[{"href":"https:\/\/veteraanienperinto.fi\/index.php\/wp-json\/wp\/v2\/pages"}],"about":[{"href":"https:\/\/veteraanienperinto.fi\/index.php\/wp-json\/wp\/v2\/types\/page"}],"author":[{"embeddable":true,"href":"https:\/\/veteraanienperinto.fi\/index.php\/wp-json\/wp\/v2\/users\/1"}],"replies":[{"embeddable":true,"href":"https:\/\/veteraanienperinto.fi\/index.php\/wp-json\/wp\/v2\/comments?post=5963"}],"version-history":[{"count":3,"href":"https:\/\/veteraanienperinto.fi\/index.php\/wp-json\/wp\/v2\/pages\/5963\/revisions"}],"predecessor-version":[{"id":7764,"href":"https:\/\/veteraanienperinto.fi\/index.php\/wp-json\/wp\/v2\/pages\/5963\/revisions\/7764"}],"up":[{"embeddable":true,"href":"https:\/\/veteraanienperinto.fi\/index.php\/wp-json\/wp\/v2\/pages\/5935"}],"wp:attachment":[{"href":"https:\/\/veteraanienperinto.fi\/index.php\/wp-json\/wp\/v2\/media?parent=5963"}],"curies":[{"name":"wp","href":"https:\/\/api.w.org\/{rel}","templated":true}]}}