{"id":602,"date":"2020-08-29T10:54:26","date_gmt":"2020-08-29T10:54:26","guid":{"rendered":"https:\/\/veteraani.ylirotu.fi\/?page_id=602"},"modified":"2021-01-18T17:42:20","modified_gmt":"2021-01-18T17:42:20","slug":"sotavangit","status":"publish","type":"page","link":"https:\/\/veteraanienperinto.fi\/index.php\/tietopankit\/muut-ryhmat\/sotavangit\/","title":{"rendered":"Sotavangit"},"content":{"rendered":"<div id='full_slider_1'  class='avia-fullwidth-slider main_color avia-shadow   avia-builder-el-0  el_before_av_heading  avia-builder-el-first   container_wrap sidebar_right'  ><\/div><div id='after_full_slider_1'  class='main_color av_default_container_wrap container_wrap sidebar_right'  ><div class='container av-section-cont-open' ><div class='template-page content  av-content-small alpha units'><div class='post-entry post-entry-type-page post-entry-602'><div class='entry-content-wrapper clearfix'>\n\n<style type=\"text\/css\" data-created_by=\"avia_inline_auto\" id=\"style-css-av-kk2uvxie-c48fd26ebd8cd1959a8d4f1ef7b08f59\">\n#top .av-special-heading.av-kk2uvxie-c48fd26ebd8cd1959a8d4f1ef7b08f59{\npadding-bottom:10px;\n}\nbody .av-special-heading.av-kk2uvxie-c48fd26ebd8cd1959a8d4f1ef7b08f59 .av-special-heading-tag .heading-char{\nfont-size:25px;\n}\n.av-special-heading.av-kk2uvxie-c48fd26ebd8cd1959a8d4f1ef7b08f59 .av-subheading{\nfont-size:15px;\n}\n<\/style>\n<div  class='av-special-heading av-kk2uvxie-c48fd26ebd8cd1959a8d4f1ef7b08f59 av-special-heading-h2  avia-builder-el-1  el_after_av_slideshow_full  el_before_av_textblock  avia-builder-el-first '><h2 class='av-special-heading-tag'  itemprop=\"headline\"  >Sotavangit<\/h2><div class=\"special-heading-border\"><div class=\"special-heading-inner-border\"><\/div><\/div><\/div>\n<section  class='av_textblock_section av-bryt6-f1cce09729a1f349dfc0dda3afc15896 '   itemscope=\"itemscope\" itemtype=\"https:\/\/schema.org\/CreativeWork\" ><div class='avia_textblock'  itemprop=\"text\" ><p>Talvisodassa j\u00e4i sotavangiksi 850-900 suomalaista ja 6000 neuvostoliittolaista sotilasta. Vankeusaika j\u00e4i lyhyeksi ja jo huhtikuussa 1940 palautettiin kotimaahansa 838 suomalaista ja 5572 neuvostoliittolaista sotavankia. Neuvostoliitossa tuomittiin noin 500 entist\u00e4 sotavankia \u201dvalansa pett\u00e4nein\u00e4\u201d kuolemaan ja loput l\u00e4hetettiin vankileireille. Suomessa otettiin palanneet sotavangit sen sijaan vastaan huojentunein tuntein, koska taisteluissa kadonneet olivatkin elossa. He p\u00e4\u00e4siv\u00e4t palaamaan koteihinsa jo muutaman viikon kuluttua vankien vaihdosta. Vain verrattain pieni m\u00e4\u00e4r\u00e4 suomalaisia sotavankeja oli kuollut vankeuden aikana. T\u00e4m\u00e4 johtui siit\u00e4, ett\u00e4 vankeusaika oli lyhyt ja vankien kohtelu oli parempaa kuin jatkosodassa. Kuolleet olivat p\u00e4\u00e4asiassa haavoittuneita.<\/p>\n<p>Talvisodan alussa j\u00e4i my\u00f6s useita satoja suomalaisia siviilihenkil\u00f6it\u00e4 vangiksi, kun heid\u00e4n evakuointinsa ep\u00e4onnistui Neuvostoliiton yll\u00e4tt\u00e4v\u00e4n hy\u00f6kk\u00e4yksen johdosta. N\u00e4in tapahtui erityisesti Laatokan pohjoispuolella niin sanotussa Hyrsyl\u00e4n mutkassa sek\u00e4 Suomussalmella. Vankeusajan lyhyydest\u00e4 huolimatta varsinkin pieni\u00e4 lapsia menehtyi vankileirien puutteellisissa oloissa.<\/p>\n<p>Jatkosodan aikana suomalaiset saivat noin 64000 sotavankia, joista palautettiin Neuvostoliittoon syksyll\u00e4 1944 noin 44000. Suomalaisilla sotavankileireill\u00e4 kuoli noin 18000 neuvostoliittolaista vankia. Kuolleisuus oli suuri sodan alussa talvella 1941\/42. Syyn\u00e4 oli vankien jo vangiksi joutuessaan huono terveys- ja ravitsemustila, suomalaisten valmistautumattomuus ottamaan vastaan n\u00e4in suuria sotavankim\u00e4\u00e4ri\u00e4 ja muonituksen riitt\u00e4m\u00e4tt\u00f6myys. Vankien viralliset muona-annokset olivat samat kuin suomalaisella siviiliv\u00e4est\u00f6ll\u00e4, mutta vangit eiv\u00e4t voineet t\u00e4ydent\u00e4\u00e4 liian niukkaa muonitusta niin kuin vapaa v\u00e4est\u00f6.<\/p>\n<p>Neuvostoliittolaisten sotavankien olot paranivat nopeasti. Ty\u00f6ss\u00e4 k\u00e4yvien vankien ruokatilanne koheni olennaisesti, kun 50-70% heist\u00e4 p\u00e4\u00e4si yksityismuonitukseen. Yli 40000 vankia ty\u00f6skenteli eri vaiheissa suomalaisissa maalaistaloissa is\u00e4nt\u00e4v\u00e4en ohjauksessa. Monet saivat l\u00e4hes perheenj\u00e4senen aseman.<\/p>\n<p>Noin 1000 neuvostoliittolaista sotavankia teloitettiin tai ammuttiin kapinoinnin tai karkaamisen johdosta. Lis\u00e4ksi karkasi noin 1400 sotavankia, jotka eiv\u00e4t halunneet palata Neuvostoliittoon.<\/p>\n<p>Suomalaisten jatkosodassa sotavangiksi j\u00e4\u00e4neiden tarkkaa lukum\u00e4\u00e4r\u00e4\u00e4 ei ole pystytty koskaan selvitt\u00e4m\u00e4\u00e4n. Maassamme tehtyjen tutkimusten perusteella m\u00e4\u00e4r\u00e4n arvioidaan olevan noin 3400-3500. Lapin sodassa j\u00e4i sotavangiksi vain 16-17 suomalaista sotilasta. My\u00f6sk\u00e4\u00e4n jatkosodan aikana sotavankeudessa kuolleiden m\u00e4\u00e4r\u00e4st\u00e4 ei ole tarkkaa tietoa. Ven\u00e4j\u00e4lt\u00e4 eri yhteyksiss\u00e4 saaduissa luvuissa on suuria eroja. T\u00e4m\u00e4 johtuu osittain siit\u00e4, ett\u00e4 kaikissa tilastoissa ei sotavangeiksi ole laskettu niit\u00e4 partisaanien vangiksi joutuneita suomalaisia sotilaita, jotka partisaanit ampuivat saamiensa m\u00e4\u00e4r\u00e4ysten mukaisesti heti kuulustelujen j\u00e4lkeen. Suomalaisten arvioiden mukaan sotavankeudessa menehtyi noin 1400 suomalaista sotilasta. Jatkosodan j\u00e4lkeen palautettiin Suomeen noin 2000 sotavankia. Monen suomalaisen sotavangin vankeusaika oli ollut hyvin raskas.<\/p>\n<\/div><\/section>\n","protected":false},"excerpt":{"rendered":"","protected":false},"author":1,"featured_media":0,"parent":109,"menu_order":5,"comment_status":"closed","ping_status":"closed","template":"","meta":{"footnotes":""},"class_list":["post-602","page","type-page","status-publish","hentry"],"yoast_head":"<!-- This site is optimized with the Yoast SEO plugin v27.5 - https:\/\/yoast.com\/product\/yoast-seo-wordpress\/ -->\n<title>Sotavangit - Veteraanien Perint\u00f6<\/title>\n<meta name=\"robots\" content=\"index, follow, max-snippet:-1, max-image-preview:large, max-video-preview:-1\" \/>\n<link rel=\"canonical\" href=\"https:\/\/veteraanienperinto.fi\/index.php\/tietopankit\/muut-ryhmat\/sotavangit\/\" \/>\n<meta property=\"og:locale\" content=\"fi_FI\" \/>\n<meta property=\"og:type\" content=\"article\" \/>\n<meta property=\"og:title\" content=\"Sotavangit - Veteraanien Perint\u00f6\" \/>\n<meta property=\"og:url\" content=\"https:\/\/veteraanienperinto.fi\/index.php\/tietopankit\/muut-ryhmat\/sotavangit\/\" \/>\n<meta property=\"og:site_name\" content=\"Veteraanien Perint\u00f6\" \/>\n<meta property=\"article:modified_time\" content=\"2021-01-18T17:42:20+00:00\" \/>\n<meta name=\"twitter:card\" content=\"summary_large_image\" \/>\n<meta name=\"twitter:label1\" content=\"Arvioitu lukuaika\" \/>\n\t<meta name=\"twitter:data1\" content=\"3 minuuttia\" \/>\n<script type=\"application\/ld+json\" class=\"yoast-schema-graph\">{\"@context\":\"https:\\\/\\\/schema.org\",\"@graph\":[{\"@type\":\"WebPage\",\"@id\":\"https:\\\/\\\/veteraanienperinto.fi\\\/index.php\\\/tietopankit\\\/muut-ryhmat\\\/sotavangit\\\/\",\"url\":\"https:\\\/\\\/veteraanienperinto.fi\\\/index.php\\\/tietopankit\\\/muut-ryhmat\\\/sotavangit\\\/\",\"name\":\"Sotavangit - Veteraanien Perint\u00f6\",\"isPartOf\":{\"@id\":\"https:\\\/\\\/veteraanienperinto.fi\\\/#website\"},\"datePublished\":\"2020-08-29T10:54:26+00:00\",\"dateModified\":\"2021-01-18T17:42:20+00:00\",\"breadcrumb\":{\"@id\":\"https:\\\/\\\/veteraanienperinto.fi\\\/index.php\\\/tietopankit\\\/muut-ryhmat\\\/sotavangit\\\/#breadcrumb\"},\"inLanguage\":\"fi\",\"potentialAction\":[{\"@type\":\"ReadAction\",\"target\":[\"https:\\\/\\\/veteraanienperinto.fi\\\/index.php\\\/tietopankit\\\/muut-ryhmat\\\/sotavangit\\\/\"]}]},{\"@type\":\"BreadcrumbList\",\"@id\":\"https:\\\/\\\/veteraanienperinto.fi\\\/index.php\\\/tietopankit\\\/muut-ryhmat\\\/sotavangit\\\/#breadcrumb\",\"itemListElement\":[{\"@type\":\"ListItem\",\"position\":1,\"name\":\"Etusivu\",\"item\":\"https:\\\/\\\/veteraanienperinto.fi\\\/index.php\\\/etusivu-2\\\/\"},{\"@type\":\"ListItem\",\"position\":2,\"name\":\"Tietopankit\",\"item\":\"https:\\\/\\\/veteraanienperinto.fi\\\/index.php\\\/tietopankit\\\/\"},{\"@type\":\"ListItem\",\"position\":3,\"name\":\"Muita ryhmi\u00e4\",\"item\":\"https:\\\/\\\/veteraanienperinto.fi\\\/index.php\\\/tietopankit\\\/muut-ryhmat\\\/\"},{\"@type\":\"ListItem\",\"position\":4,\"name\":\"Sotavangit\"}]},{\"@type\":\"WebSite\",\"@id\":\"https:\\\/\\\/veteraanienperinto.fi\\\/#website\",\"url\":\"https:\\\/\\\/veteraanienperinto.fi\\\/\",\"name\":\"Veteraanien Perint\u00f6\",\"description\":\"Kadettikunta\",\"potentialAction\":[{\"@type\":\"SearchAction\",\"target\":{\"@type\":\"EntryPoint\",\"urlTemplate\":\"https:\\\/\\\/veteraanienperinto.fi\\\/?s={search_term_string}\"},\"query-input\":{\"@type\":\"PropertyValueSpecification\",\"valueRequired\":true,\"valueName\":\"search_term_string\"}}],\"inLanguage\":\"fi\"}]}<\/script>\n<!-- \/ Yoast SEO plugin. -->","yoast_head_json":{"title":"Sotavangit - Veteraanien Perint\u00f6","robots":{"index":"index","follow":"follow","max-snippet":"max-snippet:-1","max-image-preview":"max-image-preview:large","max-video-preview":"max-video-preview:-1"},"canonical":"https:\/\/veteraanienperinto.fi\/index.php\/tietopankit\/muut-ryhmat\/sotavangit\/","og_locale":"fi_FI","og_type":"article","og_title":"Sotavangit - Veteraanien Perint\u00f6","og_url":"https:\/\/veteraanienperinto.fi\/index.php\/tietopankit\/muut-ryhmat\/sotavangit\/","og_site_name":"Veteraanien Perint\u00f6","article_modified_time":"2021-01-18T17:42:20+00:00","twitter_card":"summary_large_image","twitter_misc":{"Arvioitu lukuaika":"3 minuuttia"},"schema":{"@context":"https:\/\/schema.org","@graph":[{"@type":"WebPage","@id":"https:\/\/veteraanienperinto.fi\/index.php\/tietopankit\/muut-ryhmat\/sotavangit\/","url":"https:\/\/veteraanienperinto.fi\/index.php\/tietopankit\/muut-ryhmat\/sotavangit\/","name":"Sotavangit - Veteraanien Perint\u00f6","isPartOf":{"@id":"https:\/\/veteraanienperinto.fi\/#website"},"datePublished":"2020-08-29T10:54:26+00:00","dateModified":"2021-01-18T17:42:20+00:00","breadcrumb":{"@id":"https:\/\/veteraanienperinto.fi\/index.php\/tietopankit\/muut-ryhmat\/sotavangit\/#breadcrumb"},"inLanguage":"fi","potentialAction":[{"@type":"ReadAction","target":["https:\/\/veteraanienperinto.fi\/index.php\/tietopankit\/muut-ryhmat\/sotavangit\/"]}]},{"@type":"BreadcrumbList","@id":"https:\/\/veteraanienperinto.fi\/index.php\/tietopankit\/muut-ryhmat\/sotavangit\/#breadcrumb","itemListElement":[{"@type":"ListItem","position":1,"name":"Etusivu","item":"https:\/\/veteraanienperinto.fi\/index.php\/etusivu-2\/"},{"@type":"ListItem","position":2,"name":"Tietopankit","item":"https:\/\/veteraanienperinto.fi\/index.php\/tietopankit\/"},{"@type":"ListItem","position":3,"name":"Muita ryhmi\u00e4","item":"https:\/\/veteraanienperinto.fi\/index.php\/tietopankit\/muut-ryhmat\/"},{"@type":"ListItem","position":4,"name":"Sotavangit"}]},{"@type":"WebSite","@id":"https:\/\/veteraanienperinto.fi\/#website","url":"https:\/\/veteraanienperinto.fi\/","name":"Veteraanien Perint\u00f6","description":"Kadettikunta","potentialAction":[{"@type":"SearchAction","target":{"@type":"EntryPoint","urlTemplate":"https:\/\/veteraanienperinto.fi\/?s={search_term_string}"},"query-input":{"@type":"PropertyValueSpecification","valueRequired":true,"valueName":"search_term_string"}}],"inLanguage":"fi"}]}},"_links":{"self":[{"href":"https:\/\/veteraanienperinto.fi\/index.php\/wp-json\/wp\/v2\/pages\/602","targetHints":{"allow":["GET"]}}],"collection":[{"href":"https:\/\/veteraanienperinto.fi\/index.php\/wp-json\/wp\/v2\/pages"}],"about":[{"href":"https:\/\/veteraanienperinto.fi\/index.php\/wp-json\/wp\/v2\/types\/page"}],"author":[{"embeddable":true,"href":"https:\/\/veteraanienperinto.fi\/index.php\/wp-json\/wp\/v2\/users\/1"}],"replies":[{"embeddable":true,"href":"https:\/\/veteraanienperinto.fi\/index.php\/wp-json\/wp\/v2\/comments?post=602"}],"version-history":[{"count":6,"href":"https:\/\/veteraanienperinto.fi\/index.php\/wp-json\/wp\/v2\/pages\/602\/revisions"}],"predecessor-version":[{"id":9942,"href":"https:\/\/veteraanienperinto.fi\/index.php\/wp-json\/wp\/v2\/pages\/602\/revisions\/9942"}],"up":[{"embeddable":true,"href":"https:\/\/veteraanienperinto.fi\/index.php\/wp-json\/wp\/v2\/pages\/109"}],"wp:attachment":[{"href":"https:\/\/veteraanienperinto.fi\/index.php\/wp-json\/wp\/v2\/media?parent=602"}],"curies":[{"name":"wp","href":"https:\/\/api.w.org\/{rel}","templated":true}]}}