{"id":6092,"date":"2020-11-18T13:26:18","date_gmt":"2020-11-18T13:26:18","guid":{"rendered":"https:\/\/veteraani.ylirotu.fi\/?page_id=6092"},"modified":"2020-12-15T13:23:17","modified_gmt":"2020-12-15T13:23:17","slug":"vi-undgick-fangenskap","status":"publish","type":"page","link":"https:\/\/veteraanienperinto.fi\/index.php\/sv\/fortsattningskriget\/berattelser-i-fortsattningkriget\/krigets-gang\/de-sista-segrarna\/vi-undgick-fangenskap\/","title":{"rendered":"Vi undgick f\u00e5ngenskap"},"content":{"rendered":"\n<style type=\"text\/css\" data-created_by=\"avia_inline_auto\" id=\"style-css-av-kiq0nsn7-6458839e8893198a5a99f1db33c249a5\">\n#top .av-special-heading.av-kiq0nsn7-6458839e8893198a5a99f1db33c249a5{\npadding-bottom:5px;\n}\nbody .av-special-heading.av-kiq0nsn7-6458839e8893198a5a99f1db33c249a5 .av-special-heading-tag .heading-char{\nfont-size:25px;\n}\n.av-special-heading.av-kiq0nsn7-6458839e8893198a5a99f1db33c249a5 .av-subheading{\nfont-size:15px;\n}\n<\/style>\n<div  class='av-special-heading av-kiq0nsn7-6458839e8893198a5a99f1db33c249a5 av-special-heading-h3  avia-builder-el-0  avia-builder-el-no-sibling '><h3 class='av-special-heading-tag'  itemprop=\"headline\"  >Vi undgick f\u00e5ngenskap<\/h3><div class=\"special-heading-border\"><div class=\"special-heading-inner-border\"><\/div><\/div><\/div>\n<section  class='av_textblock_section av-kei9w74n-7b0f008125a778f48432b9a614d90d0f '   itemscope=\"itemscope\" itemtype=\"https:\/\/schema.org\/CreativeWork\" ><div class='avia_textblock'  itemprop=\"text\" ><p><strong>Efter Gunnar Norrg\u00e5rd:<\/strong><\/p>\n<p>Det blev midsommarvaka i Fj\u00e4rrkarelen av ett speciellt slag 1944. Vi fick lov att bryta upp fr\u00e5n v\u00e5ra vistelseorter och detta med hast. &#8211; Med v\u00e5ld hade v\u00e5ra trupper tr\u00e4ngt in i det fj\u00e4rran Karelen &#8211; med v\u00e5ld drevs vi d\u00e4rur. Ryssarna var rustade nu och hade \u00f6vertaget. Mer \u00e4n vi best\u00e4mde de takt och tempo.<\/p>\n<p>Vi var f\u00f6rlagda i byn Fedotova n\u00e4ra Sunku p\u00e5 \u00c4\u00e4nisniemi invid den l\u00e5nga Poventsaviken av stora Onega-sj\u00f6n (\u00c4\u00e4nisj\u00e4rvi). D\u00e4r fanns m\u00e5nga n\u00e4s, vikar och sj\u00f6ar. Detta betydde, att \u00e4ven broarna var m\u00e5nga och ofta l\u00e5nga, 300-400 meter. Men vi skulle inte l\u00e4mna n\u00e5gra hela broar efter oss. \u00c5tg\u00e4rder var vidtagna f\u00f6r det som var v\u00e4ntat: retr\u00e4tten. Broarna skulle spr\u00e4ngas.<\/p>\n<p>Ryskt flyg drev p\u00e5 flyktingarna l\u00e4ngs v\u00e4garna. V\u00e5r plutonh\u00e4st tr\u00e4ffades och dog. Vi fick tag i en ryssh\u00e4st och sp\u00e4nde f\u00f6r men nyl\u00e4nningen, som k\u00f6rde, hade blivit s\u00e5 uppskr\u00e4md, att han sa best\u00e4mt:<\/p>\n<p>&#8211; Jag k\u00f6r &#8221;inga&#8221; mera! Och han k\u00f6rde inte heller.<\/p>\n<p>Viceplutonchefen hade problem att f\u00e5 tag i n\u00e5gon ers\u00e4ttare.<\/p>\n<p>&#8211; Vill du? fr\u00e5gade han mig.<\/p>\n<p>&#8211; Inte vill jag, f\u00f6r man h\u00f6r ingenting, d\u00e5 man k\u00f6r med de h\u00e4r skrammelk\u00e4rrorna. Men inte kan vi l\u00e4mna plutonf\u00f6rdonet h\u00e4r.<\/p>\n<p>Jag k\u00f6rde d\u00e5 p\u00e5 dagen och f\u00f6ljande natt fram till Kontupohja. Vi skulle f\u00e5 vila ett par timmar fr\u00e5n klockan fyra p\u00e5 morgonen i en skola. Denna var ett slags \u00e5lderdomshem och internerna sl\u00e4pptes ut f\u00f6r att vi skulle f\u00e5 ett kortvarigt logi.<\/p>\n<p>De ville k\u00f6pa br\u00f6d och tobak av oss, men vi hade givetvis ingenting till f\u00f6rs\u00e4ljning. Av finska pengar hade de tjocka buntar. Det var ett sista tillf\u00e4lle f\u00f6r dem att anv\u00e4nda dessa, men inga varor stod till buds.<\/p>\n<p>F\u00f6re v\u00e5r paus band jag h\u00e4sten vid en g\u00e4rdesg\u00e5rd. N\u00e4r vi skulle forts\u00e4tta fanns ingen h\u00e4st d\u00e4r. N\u00e5gon av internerna hade s\u00e4kert identifierat den som en rysk h\u00e4st och lagt beslag p\u00e5 den. Jag s\u00e5g d\u00e5 en h\u00e4st, som tycktes vara utan \u00e4gare och jag gjorde ansatser att ta den. En finsk pojke kom springande och ropade:<\/p>\n<p>&#8211; \u00c4l\u00e4 ota hevoseni!<\/p>\n<p>&#8211; Om det \u00e4r din h\u00e4st, s\u00e5 ska du f\u00f6rst\u00e5s ta den. Jag trodde, att den var herrel\u00f6s.<\/p>\n<p>D\u00e5 blev det br\u00e5ttom, bara att snappa \u00e5t sig ryggs\u00e4cken och springa. En lastbil skulle f\u00f6ra oss ett stycke. Jag hann n\u00e4tt och j\u00e4mt hoppa upp p\u00e5 flaket. De flesta ryggs\u00e4ckarna blev p\u00e5 plutonf\u00f6rdonet.<\/p>\n<p>Ryska flygare attackerade oss och f\u00f6rorsakade panik. Vi hade s\u00e5 tr\u00e5ngt p\u00e5 flaket, att en del knuffades ner p\u00e5 v\u00e4gen och slog sig till medvetsl\u00f6shet.<\/p>\n<p>Det blev inte l\u00e5ng lastbilsf\u00e4rd. Vi m\u00e5ste ut i st\u00e4llning f\u00f6r uppeh\u00e5llande strid i skogs och k\u00e4rrmarker.<\/p>\n<p>M\u00e4n ur \u00e4ldre \u00e5rsklasser, som varit hemf\u00f6rlovade, hade inkallats p\u00e5 nytt. Vi m\u00f6tte s\u00e5dana h\u00e4r, sysselsatta med kavelbrobryggen \u00f6ver k\u00e4rren. Det var n\u00f6dv\u00e4ndigt f\u00f6r att vi skulle f\u00e5 fram trossen, men arbetet var besv\u00e4rligt. I arbetsgruppen s\u00e5g jag k\u00e4nda lappfj\u00e4rdsbor, men jag var s\u00e5 sk\u00e4ggig och smutsig, att de inte k\u00e4nde igen mig.<\/p>\n<p>Hela retr\u00e4tten k\u00e4nnetecknades av ryssarnas snabbhet och materiella och personella \u00f6verl\u00e4gsenhet. Vart vi \u00e4n kom, s\u00e5 var ryssarna f\u00f6re oss. Det blev ett marscherande fram och tillbaka. Ofta var vi kringr\u00e4nda, i motti och \u00e5ter i motti, ibland bara en pluton, ibland hela bataljonen.<\/p>\n<p>I slutet av juli f\u00f6rstod vi, att ryssarna planerade ett st\u00f6rre inringningsf\u00f6rs\u00f6k. I n\u00e4rap\u00e5 ett dygn p\u00e5gick deras uppmarsch. Vi fick inte dra oss tillbaka.<\/p>\n<p>&#8211; Blir vi motti g\u00f6r vi en motst\u00f6t, sa ledande officeren. Den motst\u00f6ten blev bedr\u00f6vlig och slutade illa f\u00f6r m\u00e5nga.<\/p>\n<p>Vi l\u00e5g i en sandgrop vid en landsv\u00e4g och kunde h\u00e5lla st\u00e5nd mot angripare framifr\u00e5n, men s\u00e5 icke bak\u00e5t. D\u00e4r var andra i tr\u00e4ngt l\u00e4ge och en grupp ur v\u00e5r pluton, som getts en s\u00e4kringsuppgift m\u00e5ste d\u00e4r str\u00e4cka vapen. \u00c5tminstone tre av gruppen var sidebybor. Min bror och jag hade h\u00f6rt till denna grupp, men kv\u00e4llen f\u00f6rut hade vi flyttats till en annan grupp.<\/p>\n<p>Var det en F\u00f6rsynens skickelse, att vi skulle r\u00e4ddas fr\u00e5n f\u00e5ngenskap?<\/p>\n<p><strong><em>Ur boken:<\/em><\/strong><br \/>\n<em>Einar Snickars: Veteraner minns<\/em><\/p>\n<\/div><\/section>\n<section  class='av_textblock_section av-26nu8o-de7b19f6a4ff4a85782c022ea993fc53 '   itemscope=\"itemscope\" itemtype=\"https:\/\/schema.org\/CreativeWork\" ><div class='avia_textblock'  itemprop=\"text\" ><p>0<\/p>\n<\/div><\/section>\n","protected":false},"excerpt":{"rendered":"","protected":false},"author":1,"featured_media":0,"parent":6088,"menu_order":0,"comment_status":"closed","ping_status":"closed","template":"","meta":{"footnotes":""},"class_list":["post-6092","page","type-page","status-publish","hentry"],"yoast_head":"<!-- This site is optimized with the Yoast SEO plugin v27.4 - https:\/\/yoast.com\/product\/yoast-seo-wordpress\/ -->\n<title>Vi undgick f\u00e5ngenskap - Veteraanien Perint\u00f6<\/title>\n<meta name=\"robots\" content=\"index, follow, max-snippet:-1, max-image-preview:large, max-video-preview:-1\" \/>\n<link rel=\"canonical\" href=\"https:\/\/veteraanienperinto.fi\/index.php\/sv\/fortsattningskriget\/berattelser-i-fortsattningkriget\/krigets-gang\/de-sista-segrarna\/vi-undgick-fangenskap\/\" \/>\n<meta property=\"og:locale\" content=\"fi_FI\" \/>\n<meta property=\"og:type\" content=\"article\" \/>\n<meta property=\"og:title\" content=\"Vi undgick f\u00e5ngenskap - Veteraanien Perint\u00f6\" \/>\n<meta property=\"og:url\" content=\"https:\/\/veteraanienperinto.fi\/index.php\/sv\/fortsattningskriget\/berattelser-i-fortsattningkriget\/krigets-gang\/de-sista-segrarna\/vi-undgick-fangenskap\/\" \/>\n<meta property=\"og:site_name\" content=\"Veteraanien Perint\u00f6\" \/>\n<meta property=\"article:modified_time\" content=\"2020-12-15T13:23:17+00:00\" \/>\n<meta name=\"twitter:card\" content=\"summary_large_image\" \/>\n<meta name=\"twitter:label1\" content=\"Arvioitu lukuaika\" \/>\n\t<meta name=\"twitter:data1\" content=\"5 minuuttia\" \/>\n<script type=\"application\/ld+json\" class=\"yoast-schema-graph\">{\"@context\":\"https:\\\/\\\/schema.org\",\"@graph\":[{\"@type\":\"WebPage\",\"@id\":\"https:\\\/\\\/veteraanienperinto.fi\\\/index.php\\\/sv\\\/fortsattningskriget\\\/berattelser-i-fortsattningkriget\\\/krigets-gang\\\/de-sista-segrarna\\\/vi-undgick-fangenskap\\\/\",\"url\":\"https:\\\/\\\/veteraanienperinto.fi\\\/index.php\\\/sv\\\/fortsattningskriget\\\/berattelser-i-fortsattningkriget\\\/krigets-gang\\\/de-sista-segrarna\\\/vi-undgick-fangenskap\\\/\",\"name\":\"Vi undgick f\u00e5ngenskap - Veteraanien Perint\u00f6\",\"isPartOf\":{\"@id\":\"https:\\\/\\\/veteraanienperinto.fi\\\/#website\"},\"datePublished\":\"2020-11-18T13:26:18+00:00\",\"dateModified\":\"2020-12-15T13:23:17+00:00\",\"breadcrumb\":{\"@id\":\"https:\\\/\\\/veteraanienperinto.fi\\\/index.php\\\/sv\\\/fortsattningskriget\\\/berattelser-i-fortsattningkriget\\\/krigets-gang\\\/de-sista-segrarna\\\/vi-undgick-fangenskap\\\/#breadcrumb\"},\"inLanguage\":\"fi\",\"potentialAction\":[{\"@type\":\"ReadAction\",\"target\":[\"https:\\\/\\\/veteraanienperinto.fi\\\/index.php\\\/sv\\\/fortsattningskriget\\\/berattelser-i-fortsattningkriget\\\/krigets-gang\\\/de-sista-segrarna\\\/vi-undgick-fangenskap\\\/\"]}]},{\"@type\":\"BreadcrumbList\",\"@id\":\"https:\\\/\\\/veteraanienperinto.fi\\\/index.php\\\/sv\\\/fortsattningskriget\\\/berattelser-i-fortsattningkriget\\\/krigets-gang\\\/de-sista-segrarna\\\/vi-undgick-fangenskap\\\/#breadcrumb\",\"itemListElement\":[{\"@type\":\"ListItem\",\"position\":1,\"name\":\"Etusivu\",\"item\":\"https:\\\/\\\/veteraanienperinto.fi\\\/index.php\\\/etusivu-2\\\/\"},{\"@type\":\"ListItem\",\"position\":2,\"name\":\"Forts\u00e4ttningskriget\",\"item\":\"https:\\\/\\\/veteraanienperinto.fi\\\/index.php\\\/sv\\\/fortsattningskriget\\\/\"},{\"@type\":\"ListItem\",\"position\":3,\"name\":\"Ber\u00e4ttelser i forts\u00e4ttningkriget\",\"item\":\"https:\\\/\\\/veteraanienperinto.fi\\\/index.php\\\/sv\\\/fortsattningskriget\\\/berattelser-i-fortsattningkriget\\\/\"},{\"@type\":\"ListItem\",\"position\":4,\"name\":\"Krigets g\u00e5ng\",\"item\":\"https:\\\/\\\/veteraanienperinto.fi\\\/index.php\\\/sv\\\/fortsattningskriget\\\/berattelser-i-fortsattningkriget\\\/krigets-gang\\\/\"},{\"@type\":\"ListItem\",\"position\":5,\"name\":\"De sista segrarna\",\"item\":\"https:\\\/\\\/veteraanienperinto.fi\\\/index.php\\\/sv\\\/fortsattningskriget\\\/berattelser-i-fortsattningkriget\\\/krigets-gang\\\/de-sista-segrarna\\\/\"},{\"@type\":\"ListItem\",\"position\":6,\"name\":\"Vi undgick f\u00e5ngenskap\"}]},{\"@type\":\"WebSite\",\"@id\":\"https:\\\/\\\/veteraanienperinto.fi\\\/#website\",\"url\":\"https:\\\/\\\/veteraanienperinto.fi\\\/\",\"name\":\"Veteraanien Perint\u00f6\",\"description\":\"Kadettikunta\",\"potentialAction\":[{\"@type\":\"SearchAction\",\"target\":{\"@type\":\"EntryPoint\",\"urlTemplate\":\"https:\\\/\\\/veteraanienperinto.fi\\\/?s={search_term_string}\"},\"query-input\":{\"@type\":\"PropertyValueSpecification\",\"valueRequired\":true,\"valueName\":\"search_term_string\"}}],\"inLanguage\":\"fi\"}]}<\/script>\n<!-- \/ Yoast SEO plugin. -->","yoast_head_json":{"title":"Vi undgick f\u00e5ngenskap - Veteraanien Perint\u00f6","robots":{"index":"index","follow":"follow","max-snippet":"max-snippet:-1","max-image-preview":"max-image-preview:large","max-video-preview":"max-video-preview:-1"},"canonical":"https:\/\/veteraanienperinto.fi\/index.php\/sv\/fortsattningskriget\/berattelser-i-fortsattningkriget\/krigets-gang\/de-sista-segrarna\/vi-undgick-fangenskap\/","og_locale":"fi_FI","og_type":"article","og_title":"Vi undgick f\u00e5ngenskap - Veteraanien Perint\u00f6","og_url":"https:\/\/veteraanienperinto.fi\/index.php\/sv\/fortsattningskriget\/berattelser-i-fortsattningkriget\/krigets-gang\/de-sista-segrarna\/vi-undgick-fangenskap\/","og_site_name":"Veteraanien Perint\u00f6","article_modified_time":"2020-12-15T13:23:17+00:00","twitter_card":"summary_large_image","twitter_misc":{"Arvioitu lukuaika":"5 minuuttia"},"schema":{"@context":"https:\/\/schema.org","@graph":[{"@type":"WebPage","@id":"https:\/\/veteraanienperinto.fi\/index.php\/sv\/fortsattningskriget\/berattelser-i-fortsattningkriget\/krigets-gang\/de-sista-segrarna\/vi-undgick-fangenskap\/","url":"https:\/\/veteraanienperinto.fi\/index.php\/sv\/fortsattningskriget\/berattelser-i-fortsattningkriget\/krigets-gang\/de-sista-segrarna\/vi-undgick-fangenskap\/","name":"Vi undgick f\u00e5ngenskap - Veteraanien Perint\u00f6","isPartOf":{"@id":"https:\/\/veteraanienperinto.fi\/#website"},"datePublished":"2020-11-18T13:26:18+00:00","dateModified":"2020-12-15T13:23:17+00:00","breadcrumb":{"@id":"https:\/\/veteraanienperinto.fi\/index.php\/sv\/fortsattningskriget\/berattelser-i-fortsattningkriget\/krigets-gang\/de-sista-segrarna\/vi-undgick-fangenskap\/#breadcrumb"},"inLanguage":"fi","potentialAction":[{"@type":"ReadAction","target":["https:\/\/veteraanienperinto.fi\/index.php\/sv\/fortsattningskriget\/berattelser-i-fortsattningkriget\/krigets-gang\/de-sista-segrarna\/vi-undgick-fangenskap\/"]}]},{"@type":"BreadcrumbList","@id":"https:\/\/veteraanienperinto.fi\/index.php\/sv\/fortsattningskriget\/berattelser-i-fortsattningkriget\/krigets-gang\/de-sista-segrarna\/vi-undgick-fangenskap\/#breadcrumb","itemListElement":[{"@type":"ListItem","position":1,"name":"Etusivu","item":"https:\/\/veteraanienperinto.fi\/index.php\/etusivu-2\/"},{"@type":"ListItem","position":2,"name":"Forts\u00e4ttningskriget","item":"https:\/\/veteraanienperinto.fi\/index.php\/sv\/fortsattningskriget\/"},{"@type":"ListItem","position":3,"name":"Ber\u00e4ttelser i forts\u00e4ttningkriget","item":"https:\/\/veteraanienperinto.fi\/index.php\/sv\/fortsattningskriget\/berattelser-i-fortsattningkriget\/"},{"@type":"ListItem","position":4,"name":"Krigets g\u00e5ng","item":"https:\/\/veteraanienperinto.fi\/index.php\/sv\/fortsattningskriget\/berattelser-i-fortsattningkriget\/krigets-gang\/"},{"@type":"ListItem","position":5,"name":"De sista segrarna","item":"https:\/\/veteraanienperinto.fi\/index.php\/sv\/fortsattningskriget\/berattelser-i-fortsattningkriget\/krigets-gang\/de-sista-segrarna\/"},{"@type":"ListItem","position":6,"name":"Vi undgick f\u00e5ngenskap"}]},{"@type":"WebSite","@id":"https:\/\/veteraanienperinto.fi\/#website","url":"https:\/\/veteraanienperinto.fi\/","name":"Veteraanien Perint\u00f6","description":"Kadettikunta","potentialAction":[{"@type":"SearchAction","target":{"@type":"EntryPoint","urlTemplate":"https:\/\/veteraanienperinto.fi\/?s={search_term_string}"},"query-input":{"@type":"PropertyValueSpecification","valueRequired":true,"valueName":"search_term_string"}}],"inLanguage":"fi"}]}},"_links":{"self":[{"href":"https:\/\/veteraanienperinto.fi\/index.php\/wp-json\/wp\/v2\/pages\/6092","targetHints":{"allow":["GET"]}}],"collection":[{"href":"https:\/\/veteraanienperinto.fi\/index.php\/wp-json\/wp\/v2\/pages"}],"about":[{"href":"https:\/\/veteraanienperinto.fi\/index.php\/wp-json\/wp\/v2\/types\/page"}],"author":[{"embeddable":true,"href":"https:\/\/veteraanienperinto.fi\/index.php\/wp-json\/wp\/v2\/users\/1"}],"replies":[{"embeddable":true,"href":"https:\/\/veteraanienperinto.fi\/index.php\/wp-json\/wp\/v2\/comments?post=6092"}],"version-history":[{"count":4,"href":"https:\/\/veteraanienperinto.fi\/index.php\/wp-json\/wp\/v2\/pages\/6092\/revisions"}],"predecessor-version":[{"id":7936,"href":"https:\/\/veteraanienperinto.fi\/index.php\/wp-json\/wp\/v2\/pages\/6092\/revisions\/7936"}],"up":[{"embeddable":true,"href":"https:\/\/veteraanienperinto.fi\/index.php\/wp-json\/wp\/v2\/pages\/6088"}],"wp:attachment":[{"href":"https:\/\/veteraanienperinto.fi\/index.php\/wp-json\/wp\/v2\/media?parent=6092"}],"curies":[{"name":"wp","href":"https:\/\/api.w.org\/{rel}","templated":true}]}}