{"id":6112,"date":"2020-11-18T13:35:02","date_gmt":"2020-11-18T13:35:02","guid":{"rendered":"https:\/\/veteraani.ylirotu.fi\/?page_id=6112"},"modified":"2020-12-15T13:37:52","modified_gmt":"2020-12-15T13:37:52","slug":"epilog-att-vanja-sig-vid-freden","status":"publish","type":"page","link":"https:\/\/veteraanienperinto.fi\/index.php\/sv\/fortsattningskriget\/berattelser-i-fortsattningkriget\/krigets-gang\/vapenvilan\/epilog-att-vanja-sig-vid-freden\/","title":{"rendered":"Epilog &#8211; att v\u00e4nja sig vid freden"},"content":{"rendered":"\n<style type=\"text\/css\" data-created_by=\"avia_inline_auto\" id=\"style-css-av-kiq14bwu-4b1cfaab4f0cc3f5fa4f7b938a03206b\">\n#top .av-special-heading.av-kiq14bwu-4b1cfaab4f0cc3f5fa4f7b938a03206b{\npadding-bottom:5px;\n}\nbody .av-special-heading.av-kiq14bwu-4b1cfaab4f0cc3f5fa4f7b938a03206b .av-special-heading-tag .heading-char{\nfont-size:25px;\n}\n.av-special-heading.av-kiq14bwu-4b1cfaab4f0cc3f5fa4f7b938a03206b .av-subheading{\nfont-size:15px;\n}\n<\/style>\n<div  class='av-special-heading av-kiq14bwu-4b1cfaab4f0cc3f5fa4f7b938a03206b av-special-heading-h3  avia-builder-el-0  avia-builder-el-no-sibling '><h3 class='av-special-heading-tag'  itemprop=\"headline\"  >Epilog &#8211; att v\u00e4nja sig vid freden<\/h3><div class=\"special-heading-border\"><div class=\"special-heading-inner-border\"><\/div><\/div><\/div>\n<section  class='av_textblock_section av-kei9w74n-7b0f008125a778f48432b9a614d90d0f '   itemscope=\"itemscope\" itemtype=\"https:\/\/schema.org\/CreativeWork\" ><div class='avia_textblock'  itemprop=\"text\" ><p><strong>Ur levnadsskildringen &#8221;Minns och ber\u00e4ttar.&#8221;<\/strong><br \/>\n<strong>Runar Riska:<\/strong><\/p>\n<p>Det \u00e4r som att b\u00f6rja ett nytt liv p\u00e5 denna jord. Det \u00e4r som en ny period i v\u00e5rt Fosterland Finland, som nyligen genomg\u00e5tt de sv\u00e5raste av krig i Finlands historia med blod, sorg och ett stympat land av v\u00e5r stora granne i \u00f6ster. Nu \u00e4r det slut med denna d\u00e5rskap i slutet av \u00e5r 1944. Det \u00e4r att b\u00f6rja ett nytt liv 1945 och b\u00f6rja t\u00e4nka p\u00e5 framtiden.<\/p>\n<p>Vi har nog alla problem att b\u00f6rja om, men skall inte m\u00e5la allt i svart utan f\u00f6rs\u00f6ka se en ljus framtid f\u00f6r att \u00f6verleva i denna oroliga v\u00e4rld.<\/p>\n<p>Ja, var skall man b\u00f6rja riktigt denna novembermorgon. Klockan \u00e4r halv sju, det \u00e4r 4 grader varmt, lite ovanligt f\u00f6r denna \u00e5rstid. Lite sn\u00f6. Annars som en mycket vacker sensommar.<\/p>\n<p>Nu har alla problem, s\u00e4rskilt b\u00f6nderna. Mycket \u00e4r oplogat denna h\u00f6st. Dikena har f\u00f6rfallit och videbuskar frodas i dem, s\u00e5 nog finns det arbete i v\u00e5r, f\u00f6r alla jordbrukare som har lust. Det blir sv\u00e5rt f\u00f6r alla m\u00e4nniskor. Var skall man f\u00e5 pengar till allt som beh\u00f6vs? Och har man pengar, vad skall man k\u00f6pa? Det finns just inte n\u00e5gonting. Allt har blivit slut under kriget, d\u00e5 alla arbetsplatser avstannat.<\/p>\n<p>Det fanns endast gamla gubbar, barn och kvinnor p\u00e5 hemmaftonten. De flesta barn i st\u00e4derna hade evakuerats till Sverige. De b\u00f6rjar sm\u00e5ningom komma tillbaka, men m\u00e5nga l\u00e4mna kvar d\u00e4r f\u00f6r alltid, f\u00f6r de hade det s\u00e5 bra med sina fosterf\u00f6r\u00e4ldrar i det rika Sverige. M\u00e5nga barn blev utan f\u00f6r\u00e4ldrar i kriget.<\/p>\n<p>Min stora familj, min k\u00e4ra familj tycks ha h\u00e4lsan och m\u00e5 bra fast det brister i mycket i kl\u00e4v\u00e4g och s\u00e4rskilt i skor f\u00f6r barnen. Men de verkar inte bry sig om det fast t\u00e5rna kommer ut. Det \u00e4r n\u00e4stan om\u00f6jligt att f\u00e5 skor; allt g\u00e5r p\u00e5 kort \u00e4nnu via folkf\u00f6rs\u00f6rjningen. Hoppas det b\u00f6rjar g\u00e5 sakta fram\u00e5t d\u00e5 alla fabriker och industrier kommer i g\u00e5ng.<\/p>\n<p>Jag beh\u00f6ver pengar. Inte kommer det s\u00e5 mycket fr\u00e5n f\u00e4huset med 5 a 6 kor. Det enda s\u00e4ttet att b\u00f6rja p\u00e5 nytt \u00e4r att samla ved i olika skogsskiften, f\u00f6r ved beh\u00f6vs.<\/p>\n<p>Det finns lite ved \u00e4nnu hemma, som de evakuerade som bodde hos oss hade huggit. De var hemma fr\u00e5n Hyr\u00f6nsalmi. Det var s\u00e4rskilt en gammal gubbe kring 70 \u00e5r som var sv\u00e5r att arbeta. Han k\u00f6rde hem rankor fr\u00e5n skogen med den vildbasen Fix, den h\u00e4sten som skena i v\u00e4g flere g\u00e5nger. S\u00e5 hjulen ramla av och kasta mig flere meter upp i luften. Det var lika farligt som i kriget.<\/p>\n<p>Jag vet inte: det m\u00e5ste finnas en gud, s\u00e5 som jag har blivit skonad, m\u00e5ste man tro p\u00e5 honom, f\u00f6r man har l\u00e4ttare att leva d\u00e5. Ja, de tankarna kommer nu och d\u00e5, s\u00e5som en p\u00e5minnelse fr\u00e5n forna dagar d\u00e5 man var i fara. Det \u00e4r inte bara m\u00e4nniskor som styr v\u00e4rlden, det m\u00e5ste vara en h\u00f6gre makt.<\/p>\n<p>Inte kan jag s\u00e4ga att jag \u00e4r n\u00e5 vidare religi\u00f6s. Jag \u00e4r som en vanlig m\u00e4nniska med synd och brister. Jag vill hj\u00e4lpa dem som har sv\u00e5rt. Jag t\u00e5l inte n\u00e4r man baktalar v\u00e5r n\u00e4sta, d\u00e5 tar jag dem i f\u00f6rsvar. Inte \u00e4r vi alla Guds barn. Inte skall man bed\u00f6ma dem p\u00e5 ytan, de kan vara hur bra som helst. Man vet inte vad de genomg\u00e5tt, s\u00e5 man skall tyda allt till det b\u00e4sta. Kanske det \u00e4r s\u00e5 Gud vill ha det.<\/p>\n<p>Minns s\u00e5 bra d\u00e5 jag skulle f\u00f6rsta dagen till skogen. Jag gick till vedlidret f\u00f6r att h\u00e4mta en s\u00e5g och yxa. De var s\u00e5 rostiga att jag m\u00e5ste skrapa f\u00f6r att se eggen. De beh\u00f6vde nog slipas. Gunda kom och drog slipsten. V\u00e4rre var det med s\u00e5gbocken, som var av tr\u00e4. Den hade jag lagat f\u00f6re kriget och den hade blivit rutten. Med bladet var det lika, jag m\u00e5ste fila med en uppn\u00f6tt fil, de fanns inte att k\u00f6pa i butikerna p\u00e5 l\u00e5nga tider.<\/p>\n<p>\u00c4ntligen blev jag f\u00e4rdig att fara till skogen med rimfrost p\u00e5 marken genom de of\u00f6rgl\u00f6mliga stigarna \u00f6ver Ris\u00e5kern, Hembacka och Maran. D\u00e4r fanns s\u00e5 mycket orrar, minst hundratal i bj\u00f6rkarna.<\/p>\n<p>Den tiden fanns s\u00e5 mycket f\u00e5glar av alla slag. Den som var j\u00e4gare beh\u00f6vde inte vara utan k\u00f6tt. F\u00f6r min del skulle jag inte d\u00f6da en f\u00e5gel. Har \u00e4nnu hemma ett gev\u00e4r efter kriget, men det skulle inte falla mig in att ta det med. I s\u00e5 fall skulle man beh\u00f6va ett hagelgev\u00e4r, men var skulle man ta de pengarna. Det finns andra saker som \u00e4r viktigare.<\/p>\n<p>Jag vandrade vidare fram l\u00e4ngs skiftet. En tj\u00e4der fl\u00f6g upp fr\u00e5n en stor gran. Skogen har vuxit ganska mycket under dessa 4 \u00e5r jag varit borta. G\u00e5r \u00e4nnu cirka 100 meter fram\u00e5t, och kommer till tr\u00e4sket, d\u00e4r finns mycket bj\u00f6rkar som v\u00e4xt stora.<\/p>\n<p>Ja, h\u00e4r skall det huggas. Det beh\u00f6vs mest bj\u00f6rkved. Jag s\u00e4tter mig f\u00f6rst p\u00e5 en sten och njuter av denna stillhet. H\u00f6r endast f\u00e5gelkvitter och ett t\u00e5g som puffar mot Gamlakarleby. Den \u00e4r som en dr\u00f6m, den vackra naturen.<\/p>\n<p>Nej, upp med dig, dr\u00f6mmare. Tar av mig vadmalsrocken. Nu skall leken b\u00f6rja p\u00e5 allvar. Jag tar de mindre tr\u00e4den f\u00f6rst, f\u00f6r att mjuka upp mig. Nog k\u00e4nns det att man \u00e4r ovan till en b\u00f6rjan. Men det b\u00f6rjar g\u00e5 l\u00e4ttare sedan man b\u00f6rjar svettas. Skjortan b\u00f6rjar bli genomv\u00e5t. Jag skall ta en liten vilopaus. Jag ser p\u00e5 klockan som jag h\u00e4ngt i ett tr\u00e4d, den klockan som pappa en g\u00e5ng i tiden bytte mot tre kappar r\u00e5g av Storholms skr\u00e4ddaren. Jag gl\u00f6mde att dra upp den i morse, drar upp den nu med en nyckel.<\/p>\n<p>Tre timmar har g\u00e5tt. Det \u00e4r b\u00e4st att \u00e4ta de sm\u00f6rg\u00e5sar jag tog med. Men f\u00f6rst skall jag g\u00e5 ut p\u00e5 mossen mitt i k\u00e4rret f\u00f6r att se om det finns n\u00e5gra tranb\u00e4r. Jag kom fram fast det gungade upp och ner. Det fanns mycket b\u00e4r p\u00e5 de st\u00f6rsta tuvorna. Jag plockade i m\u00f6ssan, men inte mycket f\u00f6r jag hade br\u00e5tt med arbetet. Nu f\u00f6rst b\u00f6rjade jag \u00e4ta, det smaka bra med b\u00e4ren p\u00e5.<\/p>\n<p>Det b\u00f6rjar lida mot kv\u00e4ll. Men jag skall ta en stor bj\u00f6rk till. Hade den just avs\u00e5gad, den b\u00f6rjade kr\u00e4nga, och luta mot motsatt h\u00e5ll. Jag tog en st\u00f6r f\u00f6r att st\u00f6tta den i den riktning jag avs\u00e5g. Men detsamma braka den till och for lite snett till marken. Jag gick fram till stubben. Satan! S\u00e5gbladet var av. Jag brukar inte sv\u00e4ra ofta. Men hur skall jag f\u00e5 nytt blad! S\u00e5g upp och kl\u00f6ste mig i huvudet. Jag s\u00e5g en skata i ett tr\u00e4d. Hon vifta med stj\u00e4rten och s\u00e5g ut som om hon skratta \u00e5t mig. Din rackare, har lust att kasta en grankott i dig, s\u00e5 arg var jag. Hela v\u00e4gen hem var tankarna p\u00e5 s\u00e5gbladet.<\/p>\n<p>D\u00e5 jag kom in sa de \u00e5t mig: Du ser s\u00e5 snopen ut. &#8211; Ja, sku man inte vara det, d\u00e5 jag haft av s\u00e5gbladet.<\/p>\n<p>Min hustru sa, att hon sett ett gammalt s\u00e5gblad under en s\u00e4ng p\u00e5 vindskammarn. Jag g\u00e5r genast dit. &#8211; N\u00e5, drick kaffe f\u00f6rst. Int \u00e4r det hela v\u00e4rlden om ett s\u00e5gblad \u00e4r av. &#8211; S\u00e5gen \u00e4r viktigast f\u00f6r mig, om vi skall f\u00e5 n\u00e5 pengar att leva av. Du sa ig\u00e5r afton d\u00e5 vi l\u00e5g i s\u00e4ngen och krama om varann, att du har en g\u00e5ng \u00e4nnu att f\u00e5 krigsunderst\u00f6d. Bra det s\u00e5 kommer vi b\u00e4ttre ig\u00e5ng.<\/p>\n<p>Jag drack tre koppar kaffe som smaka bra, det var \u00e4kta kaffe fr\u00e5n Canada. S\u00e5 gick jag upp p\u00e5 vind. Ja, d\u00e4r fanns verkligen ett s\u00e5gblad under s\u00e4ngen med kattskit p\u00e5. Det l\u00e5g en glasbit p\u00e5 golvet som jag skrapa bort det med.<\/p>\n<p>Ja, tiden g\u00e5r, snart har vi jul. Bara en vecka kvar. Hur skall den bli? Vad skall man k\u00f6pa till julklappar \u00e5t sm\u00e5ttingarna, d\u00e5 det inte finns n\u00e5 vidare att k\u00f6pa? Det blir mest hemmagjorda saker. Jag har varit borta de tre f\u00f6reg\u00e5ende jularna, s\u00e5 nog borde man k\u00e4nna sig lycklig d\u00e5 hela familjen f\u00e5r vara tillsammans denna jul.<\/p>\n<p>Tankarna vill g\u00e5 tillbaka till de \u00e5r vi varit i Ryssland och den stora skogen intill v\u00e5r korsu, d\u00e4r vi satt vid v\u00e5ra ohyvlade bord och v\u00e4ntade p\u00e5 brev och paket hemifr\u00e5n. Det var alltid sp\u00e4nning att \u00f6ppna breven, stundom kom glada nyheter och d\u00e4rimellan sorgsna. N\u00e5gon har stupat, en \u00e4ldre i en familj har d\u00f6tt av sorg genom att deras pojke stupat p\u00e5 slagf\u00e4ltet.<\/p>\n<p>N\u00e5gra detaljer \u00e4nnu: en Riska-pojke har f\u00f6rsvunnit i obekanta \u00f6den, vi vet inte om han stupat eller blivit tillf\u00e5ngatagen, men han blev borta f\u00f6r alltid. Ja, s\u00e5 \u00e4r kriget.<\/p>\n<p>Ja, det \u00e4r fortfarande som om man inte riktigt var hemma. Allting \u00e4r s\u00e5 ovant. P\u00e5 kv\u00e4llen d\u00e5 jag g\u00e5r och l\u00e4gger mig i den mjuka s\u00e4ngen bredvid min k\u00e4ra hustru, vill jag inte f\u00e5 n\u00e5gon s\u00f6mn. Jag m\u00e5ste v\u00e4nda mig s\u00e5 ofta. Blev man s\u00e5 van med de skarpa britsarna i korsurna som jag sov s\u00e5 bra p\u00e5?<\/p>\n<p>Nu och d\u00e5 dr\u00f6mmer jag underliga mardr\u00f6mmar. Man st\u00e5r p\u00e5 vakt, i denna m\u00f6rka natt h\u00f6rs ljud, de kommer n\u00e4rmare och n\u00e4rmare. Man ropar: L\u00f6sen! Men inget svar, de skjuter mig, jag faller omkull i den mjuka mossan, k\u00e4nner sm\u00e4rtor i kroppen, de sl\u00e4par bort mig, gr\u00e4ver en grop, jag vet inte om det \u00e4r mina v\u00e4nner eller en ryss, jag \u00e4r s\u00e5 omt\u00f6cknad, h\u00e5ller p\u00e5 och d\u00f6r, de b\u00f6rjar kasta jord \u00f6ver mig, jag ropar s\u00e5 h\u00e5rt jag kan: jag lever, sluta!<\/p>\n<p>Min hustru knuffar mig i sidan: vad ropar du f\u00f6r, du skr\u00e4mmer mig s\u00e5.<\/p>\n<p>&#8211; Det var en s\u00e5 ot\u00e4ck dr\u00f6m s\u00e5 jag vill inte ber\u00e4tta den. B\u00e4st att stiga upp och koka kaffe, inte blir det n\u00e5 s\u00f6mn mera, f\u00f6r snart skall jag till f\u00e4huset.<\/p>\n<p>Det borde vara m\u00e5ndag. Jag m\u00e5ste fara till skogen idag. Gumman sa: inte passar det, s\u00e5n dr\u00f6m som du hade i natt, kanske det betyder n\u00e5 olycka.<\/p>\n<p>&#8211; Inte tror jag p\u00e5 n\u00e5 dr\u00f6mmar, d\u00e5 skulle jag f\u00f6r l\u00e4nge sen ha varit d\u00f6d. Det \u00e4r bara vidskepelse. De tankarna skall man l\u00e4gga p\u00e5 hyllan.<\/p>\n<p>Jag satt och \u00e5t r\u00e5gmj\u00f6lsgr\u00f6t. Det verkade som s\u00f6mnpulver. Kanske det \u00e4r av nattens h\u00e4ndelser, men strunt i det. S\u00e5 g\u00e5r jag till stallet, st\u00e4ller sl\u00e4darna i ordning, ser att ena aislyckan h\u00e5ller p\u00e5 att lossna. M\u00e5ste in och h\u00e4mta spik. Jag b\u00f6rjar arbeta med aison. Skulle b\u00f6rja spika: ja, no va h\u00e5 satan! F\u00e5r man int in en enda spik, de f\u00f6rbanna spikarna som jag fick licens p\u00e5 en g\u00e5ng d\u00e5 jag var p\u00e5 permis, de \u00e4r s\u00e5 mjuka att man kan b\u00f6ja dem med fingrarna. N\u00e5 till slut fick jag dem till h\u00e4lften in.<\/p>\n<p>S\u00e5 var det att sp\u00e4nna f\u00f6r. &#8211; Du ska \u00e5ter dra rankona, din j\u00e4kel, ska du bita mig ocks\u00e5, visst heter du fortfarande Fix, den tiden du skena i v\u00e4g som en virvelvind och kasta mig hit och dit, minns du.<\/p>\n<p>Det s\u00e5g ut som om han f\u00f6rst\u00e5tt mig och ville be om f\u00f6rl\u00e5telse. Det v\u00e4rsta hum\u00f6ret b\u00f6rja g\u00e5 om l\u00e4ngs v\u00e4gen, jag b\u00f6rja sjunga lite. Det \u00e4r l\u00e4nge sen jag sjungit, det l\u00e5ter mera som en slipsten som gn\u00e4ller av torrhet, d\u00e5 man drar, s\u00e5 h\u00f6ll min hals p\u00e5 tills jag m\u00f6tte Jonnas Lenne med en hare p\u00e5 ryggen.<\/p>\n<p>&#8211; Du har varit bitti i farten, sa jag. &#8211; Ja, jag sk\u00f6t den vid \u00c5svade. Vi \u00e5kte i sakta mak fram\u00e5t. Fix \u00e4r i framskriden \u00e5lder, kring 24 \u00e5r, s\u00e5 farten \u00e4r nog d\u00e4refter f\u00f6r en h\u00e4st. Jag \u00e4r framme och ger en h\u00f6tapp \u00e5t den. Den \u00e4r s\u00e5 tacksam med ena \u00f6rat.<\/p>\n<p>S\u00e5gen sk\u00e4r bra, alla stockarna \u00e4r n\u00e4ra v\u00e4gen, s\u00e5 det g\u00e5r fort att lassa p\u00e5. Tog omkring 4 timmar, d\u00e5 var jag hemma och kaffet f\u00e4rdigt och en stund efter satt hela familjen och \u00e5t picka p\u00e4rona.<\/p>\n<p><strong><em>Ur boken:<\/em><\/strong><br \/>\n<em>Frihetsv\u00e4gen f\u00f6r tryggat hem och land, Redakt\u00f6r Hans Fors<\/em><\/p>\n<\/div><\/section>\n<section  class='av_textblock_section av-26nu8o-de7b19f6a4ff4a85782c022ea993fc53 '   itemscope=\"itemscope\" itemtype=\"https:\/\/schema.org\/CreativeWork\" ><div class='avia_textblock'  itemprop=\"text\" ><p>0<\/p>\n<\/div><\/section>\n","protected":false},"excerpt":{"rendered":"","protected":false},"author":1,"featured_media":0,"parent":6104,"menu_order":1,"comment_status":"closed","ping_status":"closed","template":"","meta":{"footnotes":""},"class_list":["post-6112","page","type-page","status-publish","hentry"],"yoast_head":"<!-- This site is optimized with the Yoast SEO plugin v27.5 - https:\/\/yoast.com\/product\/yoast-seo-wordpress\/ -->\n<title>Epilog - att v\u00e4nja sig vid freden - Veteraanien Perint\u00f6<\/title>\n<meta name=\"robots\" content=\"index, follow, max-snippet:-1, max-image-preview:large, max-video-preview:-1\" \/>\n<link rel=\"canonical\" href=\"https:\/\/veteraanienperinto.fi\/index.php\/sv\/fortsattningskriget\/berattelser-i-fortsattningkriget\/krigets-gang\/vapenvilan\/epilog-att-vanja-sig-vid-freden\/\" \/>\n<meta property=\"og:locale\" content=\"fi_FI\" \/>\n<meta property=\"og:type\" content=\"article\" \/>\n<meta property=\"og:title\" content=\"Epilog - att v\u00e4nja sig vid freden - Veteraanien Perint\u00f6\" \/>\n<meta property=\"og:url\" content=\"https:\/\/veteraanienperinto.fi\/index.php\/sv\/fortsattningskriget\/berattelser-i-fortsattningkriget\/krigets-gang\/vapenvilan\/epilog-att-vanja-sig-vid-freden\/\" \/>\n<meta property=\"og:site_name\" content=\"Veteraanien Perint\u00f6\" \/>\n<meta property=\"article:modified_time\" content=\"2020-12-15T13:37:52+00:00\" \/>\n<meta name=\"twitter:card\" content=\"summary_large_image\" \/>\n<meta name=\"twitter:label1\" content=\"Arvioitu lukuaika\" \/>\n\t<meta name=\"twitter:data1\" content=\"12 minuuttia\" \/>\n<script type=\"application\/ld+json\" class=\"yoast-schema-graph\">{\"@context\":\"https:\\\/\\\/schema.org\",\"@graph\":[{\"@type\":\"WebPage\",\"@id\":\"https:\\\/\\\/veteraanienperinto.fi\\\/index.php\\\/sv\\\/fortsattningskriget\\\/berattelser-i-fortsattningkriget\\\/krigets-gang\\\/vapenvilan\\\/epilog-att-vanja-sig-vid-freden\\\/\",\"url\":\"https:\\\/\\\/veteraanienperinto.fi\\\/index.php\\\/sv\\\/fortsattningskriget\\\/berattelser-i-fortsattningkriget\\\/krigets-gang\\\/vapenvilan\\\/epilog-att-vanja-sig-vid-freden\\\/\",\"name\":\"Epilog - att v\u00e4nja sig vid freden - Veteraanien Perint\u00f6\",\"isPartOf\":{\"@id\":\"https:\\\/\\\/veteraanienperinto.fi\\\/#website\"},\"datePublished\":\"2020-11-18T13:35:02+00:00\",\"dateModified\":\"2020-12-15T13:37:52+00:00\",\"breadcrumb\":{\"@id\":\"https:\\\/\\\/veteraanienperinto.fi\\\/index.php\\\/sv\\\/fortsattningskriget\\\/berattelser-i-fortsattningkriget\\\/krigets-gang\\\/vapenvilan\\\/epilog-att-vanja-sig-vid-freden\\\/#breadcrumb\"},\"inLanguage\":\"fi\",\"potentialAction\":[{\"@type\":\"ReadAction\",\"target\":[\"https:\\\/\\\/veteraanienperinto.fi\\\/index.php\\\/sv\\\/fortsattningskriget\\\/berattelser-i-fortsattningkriget\\\/krigets-gang\\\/vapenvilan\\\/epilog-att-vanja-sig-vid-freden\\\/\"]}]},{\"@type\":\"BreadcrumbList\",\"@id\":\"https:\\\/\\\/veteraanienperinto.fi\\\/index.php\\\/sv\\\/fortsattningskriget\\\/berattelser-i-fortsattningkriget\\\/krigets-gang\\\/vapenvilan\\\/epilog-att-vanja-sig-vid-freden\\\/#breadcrumb\",\"itemListElement\":[{\"@type\":\"ListItem\",\"position\":1,\"name\":\"Etusivu\",\"item\":\"https:\\\/\\\/veteraanienperinto.fi\\\/index.php\\\/etusivu-2\\\/\"},{\"@type\":\"ListItem\",\"position\":2,\"name\":\"Forts\u00e4ttningskriget\",\"item\":\"https:\\\/\\\/veteraanienperinto.fi\\\/index.php\\\/sv\\\/fortsattningskriget\\\/\"},{\"@type\":\"ListItem\",\"position\":3,\"name\":\"Ber\u00e4ttelser i forts\u00e4ttningkriget\",\"item\":\"https:\\\/\\\/veteraanienperinto.fi\\\/index.php\\\/sv\\\/fortsattningskriget\\\/berattelser-i-fortsattningkriget\\\/\"},{\"@type\":\"ListItem\",\"position\":4,\"name\":\"Krigets g\u00e5ng\",\"item\":\"https:\\\/\\\/veteraanienperinto.fi\\\/index.php\\\/sv\\\/fortsattningskriget\\\/berattelser-i-fortsattningkriget\\\/krigets-gang\\\/\"},{\"@type\":\"ListItem\",\"position\":5,\"name\":\"Vapenvilan\",\"item\":\"https:\\\/\\\/veteraanienperinto.fi\\\/index.php\\\/sv\\\/fortsattningskriget\\\/berattelser-i-fortsattningkriget\\\/krigets-gang\\\/vapenvilan\\\/\"},{\"@type\":\"ListItem\",\"position\":6,\"name\":\"Epilog &#8211; att v\u00e4nja sig vid freden\"}]},{\"@type\":\"WebSite\",\"@id\":\"https:\\\/\\\/veteraanienperinto.fi\\\/#website\",\"url\":\"https:\\\/\\\/veteraanienperinto.fi\\\/\",\"name\":\"Veteraanien Perint\u00f6\",\"description\":\"Kadettikunta\",\"potentialAction\":[{\"@type\":\"SearchAction\",\"target\":{\"@type\":\"EntryPoint\",\"urlTemplate\":\"https:\\\/\\\/veteraanienperinto.fi\\\/?s={search_term_string}\"},\"query-input\":{\"@type\":\"PropertyValueSpecification\",\"valueRequired\":true,\"valueName\":\"search_term_string\"}}],\"inLanguage\":\"fi\"}]}<\/script>\n<!-- \/ Yoast SEO plugin. -->","yoast_head_json":{"title":"Epilog - att v\u00e4nja sig vid freden - Veteraanien Perint\u00f6","robots":{"index":"index","follow":"follow","max-snippet":"max-snippet:-1","max-image-preview":"max-image-preview:large","max-video-preview":"max-video-preview:-1"},"canonical":"https:\/\/veteraanienperinto.fi\/index.php\/sv\/fortsattningskriget\/berattelser-i-fortsattningkriget\/krigets-gang\/vapenvilan\/epilog-att-vanja-sig-vid-freden\/","og_locale":"fi_FI","og_type":"article","og_title":"Epilog - att v\u00e4nja sig vid freden - Veteraanien Perint\u00f6","og_url":"https:\/\/veteraanienperinto.fi\/index.php\/sv\/fortsattningskriget\/berattelser-i-fortsattningkriget\/krigets-gang\/vapenvilan\/epilog-att-vanja-sig-vid-freden\/","og_site_name":"Veteraanien Perint\u00f6","article_modified_time":"2020-12-15T13:37:52+00:00","twitter_card":"summary_large_image","twitter_misc":{"Arvioitu lukuaika":"12 minuuttia"},"schema":{"@context":"https:\/\/schema.org","@graph":[{"@type":"WebPage","@id":"https:\/\/veteraanienperinto.fi\/index.php\/sv\/fortsattningskriget\/berattelser-i-fortsattningkriget\/krigets-gang\/vapenvilan\/epilog-att-vanja-sig-vid-freden\/","url":"https:\/\/veteraanienperinto.fi\/index.php\/sv\/fortsattningskriget\/berattelser-i-fortsattningkriget\/krigets-gang\/vapenvilan\/epilog-att-vanja-sig-vid-freden\/","name":"Epilog - att v\u00e4nja sig vid freden - Veteraanien Perint\u00f6","isPartOf":{"@id":"https:\/\/veteraanienperinto.fi\/#website"},"datePublished":"2020-11-18T13:35:02+00:00","dateModified":"2020-12-15T13:37:52+00:00","breadcrumb":{"@id":"https:\/\/veteraanienperinto.fi\/index.php\/sv\/fortsattningskriget\/berattelser-i-fortsattningkriget\/krigets-gang\/vapenvilan\/epilog-att-vanja-sig-vid-freden\/#breadcrumb"},"inLanguage":"fi","potentialAction":[{"@type":"ReadAction","target":["https:\/\/veteraanienperinto.fi\/index.php\/sv\/fortsattningskriget\/berattelser-i-fortsattningkriget\/krigets-gang\/vapenvilan\/epilog-att-vanja-sig-vid-freden\/"]}]},{"@type":"BreadcrumbList","@id":"https:\/\/veteraanienperinto.fi\/index.php\/sv\/fortsattningskriget\/berattelser-i-fortsattningkriget\/krigets-gang\/vapenvilan\/epilog-att-vanja-sig-vid-freden\/#breadcrumb","itemListElement":[{"@type":"ListItem","position":1,"name":"Etusivu","item":"https:\/\/veteraanienperinto.fi\/index.php\/etusivu-2\/"},{"@type":"ListItem","position":2,"name":"Forts\u00e4ttningskriget","item":"https:\/\/veteraanienperinto.fi\/index.php\/sv\/fortsattningskriget\/"},{"@type":"ListItem","position":3,"name":"Ber\u00e4ttelser i forts\u00e4ttningkriget","item":"https:\/\/veteraanienperinto.fi\/index.php\/sv\/fortsattningskriget\/berattelser-i-fortsattningkriget\/"},{"@type":"ListItem","position":4,"name":"Krigets g\u00e5ng","item":"https:\/\/veteraanienperinto.fi\/index.php\/sv\/fortsattningskriget\/berattelser-i-fortsattningkriget\/krigets-gang\/"},{"@type":"ListItem","position":5,"name":"Vapenvilan","item":"https:\/\/veteraanienperinto.fi\/index.php\/sv\/fortsattningskriget\/berattelser-i-fortsattningkriget\/krigets-gang\/vapenvilan\/"},{"@type":"ListItem","position":6,"name":"Epilog &#8211; att v\u00e4nja sig vid freden"}]},{"@type":"WebSite","@id":"https:\/\/veteraanienperinto.fi\/#website","url":"https:\/\/veteraanienperinto.fi\/","name":"Veteraanien Perint\u00f6","description":"Kadettikunta","potentialAction":[{"@type":"SearchAction","target":{"@type":"EntryPoint","urlTemplate":"https:\/\/veteraanienperinto.fi\/?s={search_term_string}"},"query-input":{"@type":"PropertyValueSpecification","valueRequired":true,"valueName":"search_term_string"}}],"inLanguage":"fi"}]}},"_links":{"self":[{"href":"https:\/\/veteraanienperinto.fi\/index.php\/wp-json\/wp\/v2\/pages\/6112","targetHints":{"allow":["GET"]}}],"collection":[{"href":"https:\/\/veteraanienperinto.fi\/index.php\/wp-json\/wp\/v2\/pages"}],"about":[{"href":"https:\/\/veteraanienperinto.fi\/index.php\/wp-json\/wp\/v2\/types\/page"}],"author":[{"embeddable":true,"href":"https:\/\/veteraanienperinto.fi\/index.php\/wp-json\/wp\/v2\/users\/1"}],"replies":[{"embeddable":true,"href":"https:\/\/veteraanienperinto.fi\/index.php\/wp-json\/wp\/v2\/comments?post=6112"}],"version-history":[{"count":3,"href":"https:\/\/veteraanienperinto.fi\/index.php\/wp-json\/wp\/v2\/pages\/6112\/revisions"}],"predecessor-version":[{"id":7954,"href":"https:\/\/veteraanienperinto.fi\/index.php\/wp-json\/wp\/v2\/pages\/6112\/revisions\/7954"}],"up":[{"embeddable":true,"href":"https:\/\/veteraanienperinto.fi\/index.php\/wp-json\/wp\/v2\/pages\/6104"}],"wp:attachment":[{"href":"https:\/\/veteraanienperinto.fi\/index.php\/wp-json\/wp\/v2\/media?parent=6112"}],"curies":[{"name":"wp","href":"https:\/\/api.w.org\/{rel}","templated":true}]}}