{"id":6128,"date":"2020-11-18T13:40:09","date_gmt":"2020-11-18T13:40:09","guid":{"rendered":"https:\/\/veteraani.ylirotu.fi\/?page_id=6128"},"modified":"2020-12-15T14:00:42","modified_gmt":"2020-12-15T14:00:42","slug":"livet-pa-hemmafronten","status":"publish","type":"page","link":"https:\/\/veteraanienperinto.fi\/index.php\/sv\/fortsattningskriget\/berattelser-i-fortsattningkriget\/hemmafronten\/livet-pa-hemmafronten\/","title":{"rendered":"Livet p\u00e5 hemmafronten"},"content":{"rendered":"\n<style type=\"text\/css\" data-created_by=\"avia_inline_auto\" id=\"style-css-av-kiq1bt0p-f7d1f0ad4696e498c546e7d55d9f3608\">\n#top .av-special-heading.av-kiq1bt0p-f7d1f0ad4696e498c546e7d55d9f3608{\npadding-bottom:5px;\n}\nbody .av-special-heading.av-kiq1bt0p-f7d1f0ad4696e498c546e7d55d9f3608 .av-special-heading-tag .heading-char{\nfont-size:25px;\n}\n.av-special-heading.av-kiq1bt0p-f7d1f0ad4696e498c546e7d55d9f3608 .av-subheading{\nfont-size:15px;\n}\n<\/style>\n<div  class='av-special-heading av-kiq1bt0p-f7d1f0ad4696e498c546e7d55d9f3608 av-special-heading-h3  avia-builder-el-0  avia-builder-el-no-sibling '><h3 class='av-special-heading-tag'  itemprop=\"headline\"  >Livet p\u00e5 hemmafronten<\/h3><div class=\"special-heading-border\"><div class=\"special-heading-inner-border\"><\/div><\/div><\/div>\n<section  class='av_textblock_section av-kei9w74n-7b0f008125a778f48432b9a614d90d0f '   itemscope=\"itemscope\" itemtype=\"https:\/\/schema.org\/CreativeWork\" ><div class='avia_textblock'  itemprop=\"text\" ><div id=\"attachment_7958\" style=\"width: 286px\" class=\"wp-caption alignright\"><img loading=\"lazy\" decoding=\"async\" aria-describedby=\"caption-attachment-7958\" class=\"wp-image-7958 size-medium\" src=\"https:\/\/veteraanienperinto.fi\/wp-content\/uploads\/2020\/12\/Elamaa_kotirintamalla-276x300.jpg\" alt=\"\" width=\"276\" height=\"300\" srcset=\"https:\/\/veteraanienperinto.fi\/wp-content\/uploads\/2020\/12\/Elamaa_kotirintamalla-276x300.jpg 276w, https:\/\/veteraanienperinto.fi\/wp-content\/uploads\/2020\/12\/Elamaa_kotirintamalla.jpg 322w\" sizes=\"auto, (max-width: 276px) 100vw, 276px\" \/><p id=\"caption-attachment-7958\" class=\"wp-caption-text\">Fiender n\u00e4rmar sig Korkeakoski: Irja Joensuu och Helmi Tarkkala spanar i tornet.<\/p><\/div>\n<p><strong>Ber\u00e4ttare: kontoristen Kirsti Nummelin och husmor Marjatta K\u00f6ssi (f. Piekkari) instrukt\u00f6ren f\u00f6r syarbeten, sanitetslottan Dagmar M\u00e4ntysaari fr\u00e5n Orivesi.<\/strong><\/p>\n<p>D\u00e5 m\u00e4nnen som erh\u00e5llit utryckningsorder samlades, sk\u00f6tte lottorna om bespisningen. Mottagning och bespisning av evakuerade var en av v\u00e5ra f\u00f6rsta arbetsorder. Det var kallt och dystert, t\u00e5gen var s\u00e5 f\u00f6rsenade att v\u00e4lling och annan mat hann surna.<\/p>\n<p>Luftbevakning ordnades genast som man f\u00e5tt bevakningsplatserna i skick. Vi kikade i skofabrikens torn i Korkeakoski, turerna r\u00e4ckte en vecka eller tv\u00e5 i ett k\u00f6r. Allt som allt h\u00f6rde fyra lottor till en grupp, samtidigt bevakade tv\u00e5 \u00e5t g\u00e5ngen under tv\u00e5 timmars tid s\u00e5 det blev en paus p\u00e5 tv\u00e5 timmar emellan. Maten tillredde vi \u00e5t oss sj\u00e4lva och \u00e5t brovaktmanskapet. F\u00f6rutom kikarna hade vi en riktskiva samt kompasser som utrustning.<\/p>\n<p style=\"text-align: center;\">***<\/p>\n<p style=\"text-align: left;\"><strong>Ber\u00e4ttare: husmor Inkeri Peltonen (f. Muurim\u00e4ki) samt husmor Helmi Eskola (f. Tarkkala) fr\u00e5n Juupajoki, om sin medverkan i luftbevakningen och i bakningsverksamheten ber\u00e4ttade ocks\u00e5 husmor Marjatta Salkolahti (f. Anttila) fr\u00e5n L\u00e4ngelm\u00e4ki.<\/strong><\/p>\n<div id=\"attachment_7959\" style=\"width: 410px\" class=\"wp-caption alignright\"><img loading=\"lazy\" decoding=\"async\" aria-describedby=\"caption-attachment-7959\" class=\"wp-image-7959 size-full\" src=\"https:\/\/veteraanienperinto.fi\/wp-content\/uploads\/2020\/12\/Elamaa_kotirintamalla2.jpg\" alt=\"\" width=\"400\" height=\"222\" srcset=\"https:\/\/veteraanienperinto.fi\/wp-content\/uploads\/2020\/12\/Elamaa_kotirintamalla2.jpg 400w, https:\/\/veteraanienperinto.fi\/wp-content\/uploads\/2020\/12\/Elamaa_kotirintamalla2-300x167.jpg 300w\" sizes=\"auto, (max-width: 400px) 100vw, 400px\" \/><p id=\"caption-attachment-7959\" class=\"wp-caption-text\">Pirkko Maunula i arbete p\u00e5 ammunitionsfabriken i Orivesi<\/p><\/div>\n<p>Man arbetade flitigt och l\u00e5nga dagar. Skofabriken tillverkade skodon f\u00f6r arm\u00e9n, ammunitionsfabriken och dep\u00e5n som reparerade flygplansdelar betj\u00e4nade ocks\u00e5 krigsindustrin. I ett skede bakade man 1 000 br\u00f6d varje dag, ena h\u00e4lften \u00e5t arm\u00e9n och andra h\u00e4lften \u00e5t den evakuerade befolkningen. Man deltog i lantbrukskampen, till exempel i gallring. Skogsarbetet var tungt f\u00f6r kvinnorna. Man f\u00f6rdes med lastbil till skogen, ibland fick man ocks\u00e5 mat dit. Arbetsredskapen var d\u00e5liga och risksituationer uppstod, d\u00e5 tr\u00e4den f\u00f6ll hur som helst. \u00d6verl\u00e5telserna till folkf\u00f6rs\u00f6rjningen var dryga och livsmedelsransonerna sm\u00e5, men p\u00e5 landet fick \u00e4nd\u00e5 alltid n\u00e5got i sin mun.<\/p>\n<p>I Haavisto by i Orivesi ordnades en arbetsstuga f\u00f6r evakuerade kvinnor. Alla symaskiner i byn flyttades till skolan, och p\u00e5 s\u00e5 s\u00e4tt tillverkade man skjortor \u00e5t soldaterna.<\/p>\n<p>Utbildningscentralen medf\u00f6rde mycket arbete, bespisnings- och kantinuppgifter. Utbildning gavs p\u00e5 tre olika st\u00e4llen i Orivesi och Juupajoki samt ocks\u00e5 i Er\u00e4j\u00e4rvi. Folkh\u00f6gskolan var en viktig plats. D\u00e4r fungerade ocks\u00e5 en kvinnoklinik under en kortare tid. Hj\u00e4ltebegravningarna var m\u00e5nga: snart ett tjugotal i vinterkrigets f\u00f6rsta skede<\/p>\n<\/div><\/section>\n<section  class='av_textblock_section av-26nu8o-de7b19f6a4ff4a85782c022ea993fc53 '   itemscope=\"itemscope\" itemtype=\"https:\/\/schema.org\/CreativeWork\" ><div class='avia_textblock'  itemprop=\"text\" ><p>0<\/p>\n<\/div><\/section>\n","protected":false},"excerpt":{"rendered":"","protected":false},"author":1,"featured_media":0,"parent":6116,"menu_order":0,"comment_status":"closed","ping_status":"closed","template":"","meta":{"footnotes":""},"class_list":["post-6128","page","type-page","status-publish","hentry"],"yoast_head":"<!-- This site is optimized with the Yoast SEO plugin v27.4 - https:\/\/yoast.com\/product\/yoast-seo-wordpress\/ -->\n<title>Livet p\u00e5 hemmafronten - Veteraanien Perint\u00f6<\/title>\n<meta name=\"robots\" content=\"index, follow, max-snippet:-1, max-image-preview:large, max-video-preview:-1\" \/>\n<link rel=\"canonical\" href=\"https:\/\/veteraanienperinto.fi\/index.php\/sv\/fortsattningskriget\/berattelser-i-fortsattningkriget\/hemmafronten\/livet-pa-hemmafronten\/\" \/>\n<meta property=\"og:locale\" content=\"fi_FI\" \/>\n<meta property=\"og:type\" content=\"article\" \/>\n<meta property=\"og:title\" content=\"Livet p\u00e5 hemmafronten - Veteraanien Perint\u00f6\" \/>\n<meta property=\"og:url\" content=\"https:\/\/veteraanienperinto.fi\/index.php\/sv\/fortsattningskriget\/berattelser-i-fortsattningkriget\/hemmafronten\/livet-pa-hemmafronten\/\" \/>\n<meta property=\"og:site_name\" content=\"Veteraanien Perint\u00f6\" \/>\n<meta property=\"article:modified_time\" content=\"2020-12-15T14:00:42+00:00\" \/>\n<meta property=\"og:image\" content=\"https:\/\/veteraanienperinto.fi\/wp-content\/uploads\/2020\/12\/Elamaa_kotirintamalla-276x300.jpg\" \/>\n<meta name=\"twitter:card\" content=\"summary_large_image\" \/>\n<meta name=\"twitter:label1\" content=\"Arvioitu lukuaika\" \/>\n\t<meta name=\"twitter:data1\" content=\"3 minuuttia\" \/>\n<script type=\"application\/ld+json\" class=\"yoast-schema-graph\">{\"@context\":\"https:\\\/\\\/schema.org\",\"@graph\":[{\"@type\":\"WebPage\",\"@id\":\"https:\\\/\\\/veteraanienperinto.fi\\\/index.php\\\/sv\\\/fortsattningskriget\\\/berattelser-i-fortsattningkriget\\\/hemmafronten\\\/livet-pa-hemmafronten\\\/\",\"url\":\"https:\\\/\\\/veteraanienperinto.fi\\\/index.php\\\/sv\\\/fortsattningskriget\\\/berattelser-i-fortsattningkriget\\\/hemmafronten\\\/livet-pa-hemmafronten\\\/\",\"name\":\"Livet p\u00e5 hemmafronten - Veteraanien Perint\u00f6\",\"isPartOf\":{\"@id\":\"https:\\\/\\\/veteraanienperinto.fi\\\/#website\"},\"primaryImageOfPage\":{\"@id\":\"https:\\\/\\\/veteraanienperinto.fi\\\/index.php\\\/sv\\\/fortsattningskriget\\\/berattelser-i-fortsattningkriget\\\/hemmafronten\\\/livet-pa-hemmafronten\\\/#primaryimage\"},\"image\":{\"@id\":\"https:\\\/\\\/veteraanienperinto.fi\\\/index.php\\\/sv\\\/fortsattningskriget\\\/berattelser-i-fortsattningkriget\\\/hemmafronten\\\/livet-pa-hemmafronten\\\/#primaryimage\"},\"thumbnailUrl\":\"https:\\\/\\\/veteraanienperinto.fi\\\/wp-content\\\/uploads\\\/2020\\\/12\\\/Elamaa_kotirintamalla-276x300.jpg\",\"datePublished\":\"2020-11-18T13:40:09+00:00\",\"dateModified\":\"2020-12-15T14:00:42+00:00\",\"breadcrumb\":{\"@id\":\"https:\\\/\\\/veteraanienperinto.fi\\\/index.php\\\/sv\\\/fortsattningskriget\\\/berattelser-i-fortsattningkriget\\\/hemmafronten\\\/livet-pa-hemmafronten\\\/#breadcrumb\"},\"inLanguage\":\"fi\",\"potentialAction\":[{\"@type\":\"ReadAction\",\"target\":[\"https:\\\/\\\/veteraanienperinto.fi\\\/index.php\\\/sv\\\/fortsattningskriget\\\/berattelser-i-fortsattningkriget\\\/hemmafronten\\\/livet-pa-hemmafronten\\\/\"]}]},{\"@type\":\"ImageObject\",\"inLanguage\":\"fi\",\"@id\":\"https:\\\/\\\/veteraanienperinto.fi\\\/index.php\\\/sv\\\/fortsattningskriget\\\/berattelser-i-fortsattningkriget\\\/hemmafronten\\\/livet-pa-hemmafronten\\\/#primaryimage\",\"url\":\"https:\\\/\\\/veteraanienperinto.fi\\\/wp-content\\\/uploads\\\/2020\\\/12\\\/Elamaa_kotirintamalla.jpg\",\"contentUrl\":\"https:\\\/\\\/veteraanienperinto.fi\\\/wp-content\\\/uploads\\\/2020\\\/12\\\/Elamaa_kotirintamalla.jpg\",\"width\":322,\"height\":350,\"caption\":\"Fiender n\u00e4rmar sig Korkeakoski: Irja Joensuu och Helmi Tarkkala spanar i tornet.\"},{\"@type\":\"BreadcrumbList\",\"@id\":\"https:\\\/\\\/veteraanienperinto.fi\\\/index.php\\\/sv\\\/fortsattningskriget\\\/berattelser-i-fortsattningkriget\\\/hemmafronten\\\/livet-pa-hemmafronten\\\/#breadcrumb\",\"itemListElement\":[{\"@type\":\"ListItem\",\"position\":1,\"name\":\"Etusivu\",\"item\":\"https:\\\/\\\/veteraanienperinto.fi\\\/index.php\\\/etusivu-2\\\/\"},{\"@type\":\"ListItem\",\"position\":2,\"name\":\"Forts\u00e4ttningskriget\",\"item\":\"https:\\\/\\\/veteraanienperinto.fi\\\/index.php\\\/sv\\\/fortsattningskriget\\\/\"},{\"@type\":\"ListItem\",\"position\":3,\"name\":\"Ber\u00e4ttelser i forts\u00e4ttningkriget\",\"item\":\"https:\\\/\\\/veteraanienperinto.fi\\\/index.php\\\/sv\\\/fortsattningskriget\\\/berattelser-i-fortsattningkriget\\\/\"},{\"@type\":\"ListItem\",\"position\":4,\"name\":\"Hemmafronten\",\"item\":\"https:\\\/\\\/veteraanienperinto.fi\\\/index.php\\\/sv\\\/fortsattningskriget\\\/berattelser-i-fortsattningkriget\\\/hemmafronten\\\/\"},{\"@type\":\"ListItem\",\"position\":5,\"name\":\"Livet p\u00e5 hemmafronten\"}]},{\"@type\":\"WebSite\",\"@id\":\"https:\\\/\\\/veteraanienperinto.fi\\\/#website\",\"url\":\"https:\\\/\\\/veteraanienperinto.fi\\\/\",\"name\":\"Veteraanien Perint\u00f6\",\"description\":\"Kadettikunta\",\"potentialAction\":[{\"@type\":\"SearchAction\",\"target\":{\"@type\":\"EntryPoint\",\"urlTemplate\":\"https:\\\/\\\/veteraanienperinto.fi\\\/?s={search_term_string}\"},\"query-input\":{\"@type\":\"PropertyValueSpecification\",\"valueRequired\":true,\"valueName\":\"search_term_string\"}}],\"inLanguage\":\"fi\"}]}<\/script>\n<!-- \/ Yoast SEO plugin. -->","yoast_head_json":{"title":"Livet p\u00e5 hemmafronten - Veteraanien Perint\u00f6","robots":{"index":"index","follow":"follow","max-snippet":"max-snippet:-1","max-image-preview":"max-image-preview:large","max-video-preview":"max-video-preview:-1"},"canonical":"https:\/\/veteraanienperinto.fi\/index.php\/sv\/fortsattningskriget\/berattelser-i-fortsattningkriget\/hemmafronten\/livet-pa-hemmafronten\/","og_locale":"fi_FI","og_type":"article","og_title":"Livet p\u00e5 hemmafronten - Veteraanien Perint\u00f6","og_url":"https:\/\/veteraanienperinto.fi\/index.php\/sv\/fortsattningskriget\/berattelser-i-fortsattningkriget\/hemmafronten\/livet-pa-hemmafronten\/","og_site_name":"Veteraanien Perint\u00f6","article_modified_time":"2020-12-15T14:00:42+00:00","og_image":[{"url":"https:\/\/veteraanienperinto.fi\/wp-content\/uploads\/2020\/12\/Elamaa_kotirintamalla-276x300.jpg","type":"","width":"","height":""}],"twitter_card":"summary_large_image","twitter_misc":{"Arvioitu lukuaika":"3 minuuttia"},"schema":{"@context":"https:\/\/schema.org","@graph":[{"@type":"WebPage","@id":"https:\/\/veteraanienperinto.fi\/index.php\/sv\/fortsattningskriget\/berattelser-i-fortsattningkriget\/hemmafronten\/livet-pa-hemmafronten\/","url":"https:\/\/veteraanienperinto.fi\/index.php\/sv\/fortsattningskriget\/berattelser-i-fortsattningkriget\/hemmafronten\/livet-pa-hemmafronten\/","name":"Livet p\u00e5 hemmafronten - Veteraanien Perint\u00f6","isPartOf":{"@id":"https:\/\/veteraanienperinto.fi\/#website"},"primaryImageOfPage":{"@id":"https:\/\/veteraanienperinto.fi\/index.php\/sv\/fortsattningskriget\/berattelser-i-fortsattningkriget\/hemmafronten\/livet-pa-hemmafronten\/#primaryimage"},"image":{"@id":"https:\/\/veteraanienperinto.fi\/index.php\/sv\/fortsattningskriget\/berattelser-i-fortsattningkriget\/hemmafronten\/livet-pa-hemmafronten\/#primaryimage"},"thumbnailUrl":"https:\/\/veteraanienperinto.fi\/wp-content\/uploads\/2020\/12\/Elamaa_kotirintamalla-276x300.jpg","datePublished":"2020-11-18T13:40:09+00:00","dateModified":"2020-12-15T14:00:42+00:00","breadcrumb":{"@id":"https:\/\/veteraanienperinto.fi\/index.php\/sv\/fortsattningskriget\/berattelser-i-fortsattningkriget\/hemmafronten\/livet-pa-hemmafronten\/#breadcrumb"},"inLanguage":"fi","potentialAction":[{"@type":"ReadAction","target":["https:\/\/veteraanienperinto.fi\/index.php\/sv\/fortsattningskriget\/berattelser-i-fortsattningkriget\/hemmafronten\/livet-pa-hemmafronten\/"]}]},{"@type":"ImageObject","inLanguage":"fi","@id":"https:\/\/veteraanienperinto.fi\/index.php\/sv\/fortsattningskriget\/berattelser-i-fortsattningkriget\/hemmafronten\/livet-pa-hemmafronten\/#primaryimage","url":"https:\/\/veteraanienperinto.fi\/wp-content\/uploads\/2020\/12\/Elamaa_kotirintamalla.jpg","contentUrl":"https:\/\/veteraanienperinto.fi\/wp-content\/uploads\/2020\/12\/Elamaa_kotirintamalla.jpg","width":322,"height":350,"caption":"Fiender n\u00e4rmar sig Korkeakoski: Irja Joensuu och Helmi Tarkkala spanar i tornet."},{"@type":"BreadcrumbList","@id":"https:\/\/veteraanienperinto.fi\/index.php\/sv\/fortsattningskriget\/berattelser-i-fortsattningkriget\/hemmafronten\/livet-pa-hemmafronten\/#breadcrumb","itemListElement":[{"@type":"ListItem","position":1,"name":"Etusivu","item":"https:\/\/veteraanienperinto.fi\/index.php\/etusivu-2\/"},{"@type":"ListItem","position":2,"name":"Forts\u00e4ttningskriget","item":"https:\/\/veteraanienperinto.fi\/index.php\/sv\/fortsattningskriget\/"},{"@type":"ListItem","position":3,"name":"Ber\u00e4ttelser i forts\u00e4ttningkriget","item":"https:\/\/veteraanienperinto.fi\/index.php\/sv\/fortsattningskriget\/berattelser-i-fortsattningkriget\/"},{"@type":"ListItem","position":4,"name":"Hemmafronten","item":"https:\/\/veteraanienperinto.fi\/index.php\/sv\/fortsattningskriget\/berattelser-i-fortsattningkriget\/hemmafronten\/"},{"@type":"ListItem","position":5,"name":"Livet p\u00e5 hemmafronten"}]},{"@type":"WebSite","@id":"https:\/\/veteraanienperinto.fi\/#website","url":"https:\/\/veteraanienperinto.fi\/","name":"Veteraanien Perint\u00f6","description":"Kadettikunta","potentialAction":[{"@type":"SearchAction","target":{"@type":"EntryPoint","urlTemplate":"https:\/\/veteraanienperinto.fi\/?s={search_term_string}"},"query-input":{"@type":"PropertyValueSpecification","valueRequired":true,"valueName":"search_term_string"}}],"inLanguage":"fi"}]}},"_links":{"self":[{"href":"https:\/\/veteraanienperinto.fi\/index.php\/wp-json\/wp\/v2\/pages\/6128","targetHints":{"allow":["GET"]}}],"collection":[{"href":"https:\/\/veteraanienperinto.fi\/index.php\/wp-json\/wp\/v2\/pages"}],"about":[{"href":"https:\/\/veteraanienperinto.fi\/index.php\/wp-json\/wp\/v2\/types\/page"}],"author":[{"embeddable":true,"href":"https:\/\/veteraanienperinto.fi\/index.php\/wp-json\/wp\/v2\/users\/1"}],"replies":[{"embeddable":true,"href":"https:\/\/veteraanienperinto.fi\/index.php\/wp-json\/wp\/v2\/comments?post=6128"}],"version-history":[{"count":3,"href":"https:\/\/veteraanienperinto.fi\/index.php\/wp-json\/wp\/v2\/pages\/6128\/revisions"}],"predecessor-version":[{"id":7957,"href":"https:\/\/veteraanienperinto.fi\/index.php\/wp-json\/wp\/v2\/pages\/6128\/revisions\/7957"}],"up":[{"embeddable":true,"href":"https:\/\/veteraanienperinto.fi\/index.php\/wp-json\/wp\/v2\/pages\/6116"}],"wp:attachment":[{"href":"https:\/\/veteraanienperinto.fi\/index.php\/wp-json\/wp\/v2\/media?parent=6128"}],"curies":[{"name":"wp","href":"https:\/\/api.w.org\/{rel}","templated":true}]}}