{"id":6250,"date":"2020-11-18T19:52:27","date_gmt":"2020-11-18T19:52:27","guid":{"rendered":"https:\/\/veteraani.ylirotu.fi\/?page_id=6250"},"modified":"2021-01-19T11:37:08","modified_gmt":"2021-01-19T11:37:08","slug":"stabiliseringen-av-finlands-stallning","status":"publish","type":"page","link":"https:\/\/veteraanienperinto.fi\/index.php\/sv\/ateruppbyggnad\/ateruppbyggnadens-bakgrund\/stabiliseringen-av-finlands-stallning\/","title":{"rendered":"Stabiliseringen av Finlands st\u00e4llning"},"content":{"rendered":"<div id='full_slider_1'  class='avia-fullwidth-slider main_color avia-shadow   avia-builder-el-0  el_before_av_heading  avia-builder-el-first   container_wrap sidebar_right'  ><\/div><div id='after_full_slider_1'  class='main_color av_default_container_wrap container_wrap sidebar_right'  ><div class='container av-section-cont-open' ><div class='template-page content  av-content-small alpha units'><div class='post-entry post-entry-type-page post-entry-6250'><div class='entry-content-wrapper clearfix'>\n\n<style type=\"text\/css\" data-created_by=\"avia_inline_auto\" id=\"style-css-av-kk3xa49f-0bc568e6d7a5ee9525923934a156981a\">\n#top .av-special-heading.av-kk3xa49f-0bc568e6d7a5ee9525923934a156981a{\npadding-bottom:10px;\n}\nbody .av-special-heading.av-kk3xa49f-0bc568e6d7a5ee9525923934a156981a .av-special-heading-tag .heading-char{\nfont-size:25px;\n}\n.av-special-heading.av-kk3xa49f-0bc568e6d7a5ee9525923934a156981a .av-subheading{\nfont-size:15px;\n}\n<\/style>\n<div  class='av-special-heading av-kk3xa49f-0bc568e6d7a5ee9525923934a156981a av-special-heading-h2  avia-builder-el-1  el_after_av_slideshow_full  el_before_av_textblock  avia-builder-el-first '><h2 class='av-special-heading-tag'  itemprop=\"headline\"  >Stabiliseringen av Finlands st\u00e4llning<\/h2><div class=\"special-heading-border\"><div class=\"special-heading-inner-border\"><\/div><\/div><\/div>\n<section  class='av_textblock_section av-adx04-a452800fef2fcd47c7329e82592d2585 '   itemscope=\"itemscope\" itemtype=\"https:\/\/schema.org\/CreativeWork\" ><div class='avia_textblock'  itemprop=\"text\" ><p>Fredsavtalet i Paris som undertecknats i februari 1947 och som tr\u00e4tt i kraft samma \u00e5r i september f\u00f6ljde best\u00e4mmelserna i vapenstillest\u00e5ndsavtalet. Sovjetunionen ville inte g\u00f6ra n\u00e5gra som helst eftergifter i det och ans\u00e5g ocks\u00e5 framst\u00e4llningen av dem som osaklig. Best\u00e4mmelserna om Finlands f\u00f6rsvarsmakt var nya i avtalet. Efter att fredsavtalet undertecknats l\u00e4mnade \u00f6vervakningskommissionen landet i september 1947.<\/p>\n<p>P\u00e5 sommaren 1947 meddelade Finland att man \u00f6nskade st\u00e5 utanf\u00f6r stormaktskonflikterna. Ett uttryck f\u00f6r detta var att Finland inte tog emot den av amerikanerna erbjudna s\u00e5 kallade Marshall-hj\u00e4lpen som var avsedd f\u00f6r \u00e5teruppbyggnaden av Europa och som ocks\u00e5 hade politiska syften.<\/p>\n<p>Mellan Sovjetunionen och Finland undertecknades 6.4.1948 ett avtal om v\u00e4nskap, samarbete och \u00f6msesidigt bist\u00e5nd, det vill s\u00e4ga VSB-pakten. Avtalet var framf\u00f6r allt ett v\u00e4nskapsavtal, som inneh\u00f6ll milit\u00e4rpolitiska best\u00e4mmelser. Dessa kunde likv\u00e4l till\u00e4mpas endast i undantagsf\u00f6rh\u00e5llanden.<br \/>\nP\u00e5 v\u00e5ren 1948 spred sig rykten om ett eventuellt kommunistiskt statskuppsf\u00f6rs\u00f6k. Arm\u00e9n f\u00f6rsattes i alarmberedskap. N\u00e5got s\u00e4rskilt intr\u00e4ffade likv\u00e4l inte. Den inrikespolitiska brytningstiden kan anses ha upph\u00f6rt under \u00e5ren 1948-1949. L\u00e4get lugnade sig s\u00e5 sm\u00e5ningom. Ocks\u00e5 den politiserade statliga polisen, Stapo (Valpo), uppl\u00f6stes.<\/p>\n<p>Stabiliseringen av f\u00f6rh\u00e5llandena mellan Finland och Sovjetunionen b\u00f6rjade. Den mest framtr\u00e4dande gestalten inom denna utrikespolitik var Juho Kusti Paasikivi som valts till president \u00e5r 1946. I b\u00f6rjan anv\u00e4nde man namnet &#8221;Paasikivi linjen&#8221; p\u00e5 den valda utrikespolitiken och senare &#8221;Paasikivi-Kekkonen linjen&#8221;. Denna linje, med de \u00e4ndringar som tiden f\u00f6rde med sig, iakttogs \u00e4nda till Sovjetunionens s\u00f6nderfall. D\u00e4refter har Finland helt naturligt ansett det mycket viktigt att uppr\u00e4tth\u00e5lla och utveckla de v\u00e4nskapliga f\u00f6rbindelserna med Ryssland.<\/p>\n<p>Avtalet f\u00f6rnyades tv\u00e5 g\u00e5nger. Det f\u00f6rf\u00f6ll i b\u00f6rjan av 1990-talet efter att Sovjetunionen s\u00f6nderfallit. Man kan anse att Finlands st\u00e4llning slutligen stabiliserades \u00e5r 1955 d\u00e5 Finland godk\u00e4ndes som medlem i F\u00f6renta Nationerna.<\/p>\n<\/div><\/section>\n","protected":false},"excerpt":{"rendered":"","protected":false},"author":1,"featured_media":0,"parent":6242,"menu_order":1,"comment_status":"closed","ping_status":"closed","template":"","meta":{"footnotes":""},"class_list":["post-6250","page","type-page","status-publish","hentry"],"yoast_head":"<!-- This site is optimized with the Yoast SEO plugin v27.5 - https:\/\/yoast.com\/product\/yoast-seo-wordpress\/ -->\n<title>Stabiliseringen av Finlands st\u00e4llning - Veteraanien Perint\u00f6<\/title>\n<meta name=\"robots\" content=\"index, follow, max-snippet:-1, max-image-preview:large, max-video-preview:-1\" \/>\n<link rel=\"canonical\" href=\"https:\/\/veteraanienperinto.fi\/index.php\/sv\/ateruppbyggnad\/ateruppbyggnadens-bakgrund\/stabiliseringen-av-finlands-stallning\/\" \/>\n<meta property=\"og:locale\" content=\"fi_FI\" \/>\n<meta property=\"og:type\" content=\"article\" \/>\n<meta property=\"og:title\" content=\"Stabiliseringen av Finlands st\u00e4llning - Veteraanien Perint\u00f6\" \/>\n<meta property=\"og:url\" content=\"https:\/\/veteraanienperinto.fi\/index.php\/sv\/ateruppbyggnad\/ateruppbyggnadens-bakgrund\/stabiliseringen-av-finlands-stallning\/\" \/>\n<meta property=\"og:site_name\" content=\"Veteraanien Perint\u00f6\" \/>\n<meta property=\"article:modified_time\" content=\"2021-01-19T11:37:08+00:00\" \/>\n<meta name=\"twitter:card\" content=\"summary_large_image\" \/>\n<meta name=\"twitter:label1\" content=\"Arvioitu lukuaika\" \/>\n\t<meta name=\"twitter:data1\" content=\"2 minuuttia\" \/>\n<script type=\"application\/ld+json\" class=\"yoast-schema-graph\">{\"@context\":\"https:\\\/\\\/schema.org\",\"@graph\":[{\"@type\":\"WebPage\",\"@id\":\"https:\\\/\\\/veteraanienperinto.fi\\\/index.php\\\/sv\\\/ateruppbyggnad\\\/ateruppbyggnadens-bakgrund\\\/stabiliseringen-av-finlands-stallning\\\/\",\"url\":\"https:\\\/\\\/veteraanienperinto.fi\\\/index.php\\\/sv\\\/ateruppbyggnad\\\/ateruppbyggnadens-bakgrund\\\/stabiliseringen-av-finlands-stallning\\\/\",\"name\":\"Stabiliseringen av Finlands st\u00e4llning - Veteraanien Perint\u00f6\",\"isPartOf\":{\"@id\":\"https:\\\/\\\/veteraanienperinto.fi\\\/#website\"},\"datePublished\":\"2020-11-18T19:52:27+00:00\",\"dateModified\":\"2021-01-19T11:37:08+00:00\",\"breadcrumb\":{\"@id\":\"https:\\\/\\\/veteraanienperinto.fi\\\/index.php\\\/sv\\\/ateruppbyggnad\\\/ateruppbyggnadens-bakgrund\\\/stabiliseringen-av-finlands-stallning\\\/#breadcrumb\"},\"inLanguage\":\"fi\",\"potentialAction\":[{\"@type\":\"ReadAction\",\"target\":[\"https:\\\/\\\/veteraanienperinto.fi\\\/index.php\\\/sv\\\/ateruppbyggnad\\\/ateruppbyggnadens-bakgrund\\\/stabiliseringen-av-finlands-stallning\\\/\"]}]},{\"@type\":\"BreadcrumbList\",\"@id\":\"https:\\\/\\\/veteraanienperinto.fi\\\/index.php\\\/sv\\\/ateruppbyggnad\\\/ateruppbyggnadens-bakgrund\\\/stabiliseringen-av-finlands-stallning\\\/#breadcrumb\",\"itemListElement\":[{\"@type\":\"ListItem\",\"position\":1,\"name\":\"Etusivu\",\"item\":\"https:\\\/\\\/veteraanienperinto.fi\\\/index.php\\\/etusivu-2\\\/\"},{\"@type\":\"ListItem\",\"position\":2,\"name\":\"\u00c5teruppbyggnad\",\"item\":\"https:\\\/\\\/veteraanienperinto.fi\\\/index.php\\\/sv\\\/ateruppbyggnad\\\/\"},{\"@type\":\"ListItem\",\"position\":3,\"name\":\"\u00c5teruppbyggnadens bakgrund\",\"item\":\"https:\\\/\\\/veteraanienperinto.fi\\\/index.php\\\/sv\\\/ateruppbyggnad\\\/ateruppbyggnadens-bakgrund\\\/\"},{\"@type\":\"ListItem\",\"position\":4,\"name\":\"Stabiliseringen av Finlands st\u00e4llning\"}]},{\"@type\":\"WebSite\",\"@id\":\"https:\\\/\\\/veteraanienperinto.fi\\\/#website\",\"url\":\"https:\\\/\\\/veteraanienperinto.fi\\\/\",\"name\":\"Veteraanien Perint\u00f6\",\"description\":\"Kadettikunta\",\"potentialAction\":[{\"@type\":\"SearchAction\",\"target\":{\"@type\":\"EntryPoint\",\"urlTemplate\":\"https:\\\/\\\/veteraanienperinto.fi\\\/?s={search_term_string}\"},\"query-input\":{\"@type\":\"PropertyValueSpecification\",\"valueRequired\":true,\"valueName\":\"search_term_string\"}}],\"inLanguage\":\"fi\"}]}<\/script>\n<!-- \/ Yoast SEO plugin. -->","yoast_head_json":{"title":"Stabiliseringen av Finlands st\u00e4llning - Veteraanien Perint\u00f6","robots":{"index":"index","follow":"follow","max-snippet":"max-snippet:-1","max-image-preview":"max-image-preview:large","max-video-preview":"max-video-preview:-1"},"canonical":"https:\/\/veteraanienperinto.fi\/index.php\/sv\/ateruppbyggnad\/ateruppbyggnadens-bakgrund\/stabiliseringen-av-finlands-stallning\/","og_locale":"fi_FI","og_type":"article","og_title":"Stabiliseringen av Finlands st\u00e4llning - Veteraanien Perint\u00f6","og_url":"https:\/\/veteraanienperinto.fi\/index.php\/sv\/ateruppbyggnad\/ateruppbyggnadens-bakgrund\/stabiliseringen-av-finlands-stallning\/","og_site_name":"Veteraanien Perint\u00f6","article_modified_time":"2021-01-19T11:37:08+00:00","twitter_card":"summary_large_image","twitter_misc":{"Arvioitu lukuaika":"2 minuuttia"},"schema":{"@context":"https:\/\/schema.org","@graph":[{"@type":"WebPage","@id":"https:\/\/veteraanienperinto.fi\/index.php\/sv\/ateruppbyggnad\/ateruppbyggnadens-bakgrund\/stabiliseringen-av-finlands-stallning\/","url":"https:\/\/veteraanienperinto.fi\/index.php\/sv\/ateruppbyggnad\/ateruppbyggnadens-bakgrund\/stabiliseringen-av-finlands-stallning\/","name":"Stabiliseringen av Finlands st\u00e4llning - Veteraanien Perint\u00f6","isPartOf":{"@id":"https:\/\/veteraanienperinto.fi\/#website"},"datePublished":"2020-11-18T19:52:27+00:00","dateModified":"2021-01-19T11:37:08+00:00","breadcrumb":{"@id":"https:\/\/veteraanienperinto.fi\/index.php\/sv\/ateruppbyggnad\/ateruppbyggnadens-bakgrund\/stabiliseringen-av-finlands-stallning\/#breadcrumb"},"inLanguage":"fi","potentialAction":[{"@type":"ReadAction","target":["https:\/\/veteraanienperinto.fi\/index.php\/sv\/ateruppbyggnad\/ateruppbyggnadens-bakgrund\/stabiliseringen-av-finlands-stallning\/"]}]},{"@type":"BreadcrumbList","@id":"https:\/\/veteraanienperinto.fi\/index.php\/sv\/ateruppbyggnad\/ateruppbyggnadens-bakgrund\/stabiliseringen-av-finlands-stallning\/#breadcrumb","itemListElement":[{"@type":"ListItem","position":1,"name":"Etusivu","item":"https:\/\/veteraanienperinto.fi\/index.php\/etusivu-2\/"},{"@type":"ListItem","position":2,"name":"\u00c5teruppbyggnad","item":"https:\/\/veteraanienperinto.fi\/index.php\/sv\/ateruppbyggnad\/"},{"@type":"ListItem","position":3,"name":"\u00c5teruppbyggnadens bakgrund","item":"https:\/\/veteraanienperinto.fi\/index.php\/sv\/ateruppbyggnad\/ateruppbyggnadens-bakgrund\/"},{"@type":"ListItem","position":4,"name":"Stabiliseringen av Finlands st\u00e4llning"}]},{"@type":"WebSite","@id":"https:\/\/veteraanienperinto.fi\/#website","url":"https:\/\/veteraanienperinto.fi\/","name":"Veteraanien Perint\u00f6","description":"Kadettikunta","potentialAction":[{"@type":"SearchAction","target":{"@type":"EntryPoint","urlTemplate":"https:\/\/veteraanienperinto.fi\/?s={search_term_string}"},"query-input":{"@type":"PropertyValueSpecification","valueRequired":true,"valueName":"search_term_string"}}],"inLanguage":"fi"}]}},"_links":{"self":[{"href":"https:\/\/veteraanienperinto.fi\/index.php\/wp-json\/wp\/v2\/pages\/6250","targetHints":{"allow":["GET"]}}],"collection":[{"href":"https:\/\/veteraanienperinto.fi\/index.php\/wp-json\/wp\/v2\/pages"}],"about":[{"href":"https:\/\/veteraanienperinto.fi\/index.php\/wp-json\/wp\/v2\/types\/page"}],"author":[{"embeddable":true,"href":"https:\/\/veteraanienperinto.fi\/index.php\/wp-json\/wp\/v2\/users\/1"}],"replies":[{"embeddable":true,"href":"https:\/\/veteraanienperinto.fi\/index.php\/wp-json\/wp\/v2\/comments?post=6250"}],"version-history":[{"count":4,"href":"https:\/\/veteraanienperinto.fi\/index.php\/wp-json\/wp\/v2\/pages\/6250\/revisions"}],"predecessor-version":[{"id":10072,"href":"https:\/\/veteraanienperinto.fi\/index.php\/wp-json\/wp\/v2\/pages\/6250\/revisions\/10072"}],"up":[{"embeddable":true,"href":"https:\/\/veteraanienperinto.fi\/index.php\/wp-json\/wp\/v2\/pages\/6242"}],"wp:attachment":[{"href":"https:\/\/veteraanienperinto.fi\/index.php\/wp-json\/wp\/v2\/media?parent=6250"}],"curies":[{"name":"wp","href":"https:\/\/api.w.org\/{rel}","templated":true}]}}

Stabiliseringen av Finlands ställning

<div id='full_slider_1'  class='avia-fullwidth-slider main_color avia-shadow   avia-builder-el-0  el_before_av_heading  avia-builder-el-first   container_wrap sidebar_right'  ></div><div id='after_full_slider_1'  class='main_color av_default_container_wrap container_wrap sidebar_right'  ><div class='container av-section-cont-open' ><div class='template-page content  av-content-small alpha units'><div class='post-entry post-entry-type-page post-entry-6250'><div class='entry-content-wrapper clearfix'>

<style type="text/css" data-created_by="avia_inline_auto" id="style-css-av-kk3xa49f-0bc568e6d7a5ee9525923934a156981a">
#top .av-special-heading.av-kk3xa49f-0bc568e6d7a5ee9525923934a156981a{
padding-bottom:10px;
}
body .av-special-heading.av-kk3xa49f-0bc568e6d7a5ee9525923934a156981a .av-special-heading-tag .heading-char{
font-size:25px;
}
.av-special-heading.av-kk3xa49f-0bc568e6d7a5ee9525923934a156981a .av-subheading{
font-size:15px;
}
</style>
<div  class='av-special-heading av-kk3xa49f-0bc568e6d7a5ee9525923934a156981a av-special-heading-h2  avia-builder-el-1  el_after_av_slideshow_full  el_before_av_textblock  avia-builder-el-first '><h2 class='av-special-heading-tag'  itemprop="headline"  >Stabiliseringen av Finlands ställning</h2><div class="special-heading-border"><div class="special-heading-inner-border"></div></div></div>
<section  class='av_textblock_section av-adx04-a452800fef2fcd47c7329e82592d2585 '   itemscope="itemscope" itemtype="https://schema.org/CreativeWork" ><div class='avia_textblock'  itemprop="text" ><p>Fredsavtalet i Paris som undertecknats i februari 1947 och som trätt i kraft samma år i september följde bestämmelserna i vapenstilleståndsavtalet. Sovjetunionen ville inte göra några som helst eftergifter i det och ansåg också framställningen av dem som osaklig. Bestämmelserna om Finlands försvarsmakt var nya i avtalet. Efter att fredsavtalet undertecknats lämnade övervakningskommissionen landet i september 1947.</p>
<p>På sommaren 1947 meddelade Finland att man önskade stå utanför stormaktskonflikterna. Ett uttryck för detta var att Finland inte tog emot den av amerikanerna erbjudna så kallade Marshall-hjälpen som var avsedd för återuppbyggnaden av Europa och som också hade politiska syften.</p>
<p>Mellan Sovjetunionen och Finland undertecknades 6.4.1948 ett avtal om vänskap, samarbete och ömsesidigt bistånd, det vill säga VSB-pakten. Avtalet var framför allt ett vänskapsavtal, som innehöll militärpolitiska bestämmelser. Dessa kunde likväl tillämpas endast i undantagsförhållanden.<br />
På våren 1948 spred sig rykten om ett eventuellt kommunistiskt statskuppsförsök. Armén försattes i alarmberedskap. Något särskilt inträffade likväl inte. Den inrikespolitiska brytningstiden kan anses ha upphört under åren 1948-1949. Läget lugnade sig så småningom. Också den politiserade statliga polisen, Stapo (Valpo), upplöstes.</p>
<p>Stabiliseringen av förhållandena mellan Finland och Sovjetunionen började. Den mest framträdande gestalten inom denna utrikespolitik var Juho Kusti Paasikivi som valts till president år 1946. I början använde man namnet &#8221;Paasikivi linjen&#8221; på den valda utrikespolitiken och senare &#8221;Paasikivi-Kekkonen linjen&#8221;. Denna linje, med de ändringar som tiden förde med sig, iakttogs ända till Sovjetunionens sönderfall. Därefter har Finland helt naturligt ansett det mycket viktigt att upprätthålla och utveckla de vänskapliga förbindelserna med Ryssland.</p>
<p>Avtalet förnyades två gånger. Det förföll i början av 1990-talet efter att Sovjetunionen sönderfallit. Man kan anse att Finlands ställning slutligen stabiliserades år 1955 då Finland godkändes som medlem i Förenta Nationerna.</p>
</div></section>

<!-- This site is optimized with the Yoast SEO plugin v27.5 - https://yoast.com/product/yoast-seo-wordpress/ -->
<title>Stabiliseringen av Finlands ställning - Veteraanien Perintö</title>
<meta name="robots" content="index, follow, max-snippet:-1, max-image-preview:large, max-video-preview:-1" />
<link rel="canonical" href="https://veteraanienperinto.fi/index.php/sv/ateruppbyggnad/ateruppbyggnadens-bakgrund/stabiliseringen-av-finlands-stallning/" />
<meta property="og:locale" content="fi_FI" />
<meta property="og:type" content="article" />
<meta property="og:title" content="Stabiliseringen av Finlands ställning - Veteraanien Perintö" />
<meta property="og:url" content="https://veteraanienperinto.fi/index.php/sv/ateruppbyggnad/ateruppbyggnadens-bakgrund/stabiliseringen-av-finlands-stallning/" />
<meta property="og:site_name" content="Veteraanien Perintö" />
<meta property="article:modified_time" content="2021-01-19T11:37:08+00:00" />
<meta name="twitter:card" content="summary_large_image" />
<meta name="twitter:label1" content="Arvioitu lukuaika" />
	<meta name="twitter:data1" content="2 minuuttia" />
<script type="application/ld+json" class="yoast-schema-graph">{"@context":"https:\/\/schema.org","@graph":[{"@type":"WebPage","@id":"https:\/\/veteraanienperinto.fi\/index.php\/sv\/ateruppbyggnad\/ateruppbyggnadens-bakgrund\/stabiliseringen-av-finlands-stallning\/","url":"https:\/\/veteraanienperinto.fi\/index.php\/sv\/ateruppbyggnad\/ateruppbyggnadens-bakgrund\/stabiliseringen-av-finlands-stallning\/","name":"Stabiliseringen av Finlands ställning - Veteraanien Perintö","isPartOf":{"@id":"https:\/\/veteraanienperinto.fi\/#website"},"datePublished":"2020-11-18T19:52:27+00:00","dateModified":"2021-01-19T11:37:08+00:00","breadcrumb":{"@id":"https:\/\/veteraanienperinto.fi\/index.php\/sv\/ateruppbyggnad\/ateruppbyggnadens-bakgrund\/stabiliseringen-av-finlands-stallning\/#breadcrumb"},"inLanguage":"fi","potentialAction":[{"@type":"ReadAction","target":["https:\/\/veteraanienperinto.fi\/index.php\/sv\/ateruppbyggnad\/ateruppbyggnadens-bakgrund\/stabiliseringen-av-finlands-stallning\/"]}]},{"@type":"BreadcrumbList","@id":"https:\/\/veteraanienperinto.fi\/index.php\/sv\/ateruppbyggnad\/ateruppbyggnadens-bakgrund\/stabiliseringen-av-finlands-stallning\/#breadcrumb","itemListElement":[{"@type":"ListItem","position":1,"name":"Etusivu","item":"https:\/\/veteraanienperinto.fi\/index.php\/etusivu-2\/"},{"@type":"ListItem","position":2,"name":"Återuppbyggnad","item":"https:\/\/veteraanienperinto.fi\/index.php\/sv\/ateruppbyggnad\/"},{"@type":"ListItem","position":3,"name":"Återuppbyggnadens bakgrund","item":"https:\/\/veteraanienperinto.fi\/index.php\/sv\/ateruppbyggnad\/ateruppbyggnadens-bakgrund\/"},{"@type":"ListItem","position":4,"name":"Stabiliseringen av Finlands ställning"}]},{"@type":"WebSite","@id":"https:\/\/veteraanienperinto.fi\/#website","url":"https:\/\/veteraanienperinto.fi\/","name":"Veteraanien Perintö","description":"Kadettikunta","potentialAction":[{"@type":"SearchAction","target":{"@type":"EntryPoint","urlTemplate":"https:\/\/veteraanienperinto.fi\/?s={search_term_string}"},"query-input":{"@type":"PropertyValueSpecification","valueRequired":true,"valueName":"search_term_string"}}],"inLanguage":"fi"}]}</script>
<!-- / Yoast SEO plugin. -->

Stabiliseringen av Finlands ställning - Veteraanien Perintö

Veteraanien Perintö

Återuppbyggnad

Återuppbyggnadens bakgrund
