{"id":6286,"date":"2020-11-18T20:36:05","date_gmt":"2020-11-18T20:36:05","guid":{"rendered":"https:\/\/veteraani.ylirotu.fi\/?page_id=6286"},"modified":"2021-01-19T12:10:11","modified_gmt":"2021-01-19T12:10:11","slug":"begransningar-i-paris-fredsavtalet","status":"publish","type":"page","link":"https:\/\/veteraanienperinto.fi\/index.php\/sv\/ateruppbyggnad\/forvarsmakten\/begransningar-i-paris-fredsavtalet\/","title":{"rendered":"Begr\u00e4nsningar i Paris fredsavtalet"},"content":{"rendered":"<div id='full_slider_1'  class='avia-fullwidth-slider main_color avia-shadow   avia-builder-el-0  el_before_av_heading  avia-builder-el-first   container_wrap sidebar_right'  ><\/div><div id='after_full_slider_1'  class='main_color av_default_container_wrap container_wrap sidebar_right'  ><div class='container av-section-cont-open' ><div class='template-page content  av-content-small alpha units'><div class='post-entry post-entry-type-page post-entry-6286'><div class='entry-content-wrapper clearfix'>\n\n<style type=\"text\/css\" data-created_by=\"avia_inline_auto\" id=\"style-css-av-kk3yglvt-c8a92d6886faa17fee34698d39ae801f\">\n#top .av-special-heading.av-kk3yglvt-c8a92d6886faa17fee34698d39ae801f{\npadding-bottom:10px;\n}\nbody .av-special-heading.av-kk3yglvt-c8a92d6886faa17fee34698d39ae801f .av-special-heading-tag .heading-char{\nfont-size:25px;\n}\n.av-special-heading.av-kk3yglvt-c8a92d6886faa17fee34698d39ae801f .av-subheading{\nfont-size:15px;\n}\n<\/style>\n<div  class='av-special-heading av-kk3yglvt-c8a92d6886faa17fee34698d39ae801f av-special-heading-h2  avia-builder-el-1  el_after_av_slideshow_full  el_before_av_textblock  avia-builder-el-first '><h2 class='av-special-heading-tag'  itemprop=\"headline\"  >Begr\u00e4nsningar i Paris fredsavtalet<\/h2><div class=\"special-heading-border\"><div class=\"special-heading-inner-border\"><\/div><\/div><\/div>\n<section  class='av_textblock_section av-bp43p-b6cbd9032cdfc4008d8bb677f0a6692d '   itemscope=\"itemscope\" itemtype=\"https:\/\/schema.org\/CreativeWork\" ><div class='avia_textblock'  itemprop=\"text\" ><p>I fredsavtalet i Paris best\u00e4mdes det att storleken p\u00e5 Finlands v\u00e4pnade styrkor skulle f\u00e5 vara h\u00f6gst 41 900 man. Inom landstridskrafterna fick man ha 34 400 man, inom luftstridskrafterna 3000 man och 60 jaktplan och inom sj\u00f6stridskrafterna 4 500 man och fartyg omfattande h\u00f6gst 10 000 ton.<\/p>\n<p>Bland annat robotar, impulsminor, ub\u00e5tar, motortorpedb\u00e5tar och bombflygplan var f\u00f6rbjudna. De m\u00e4ngder som \u00f6verskred behovet f\u00f6r maximistyrkorna borde man enligt fredsavtalet ha avf\u00f6rt. Som tur f\u00f6r Finland skedde inte s\u00e5. Detta berodde i huvudsak p\u00e5 att det mellan segrarmakterna hade uppst\u00e5tt stora konflikter, och de f\u00f6rhandlade inte l\u00e4ngre tillsammans om saken. Vapnen blev kvar i Finland.<\/p>\n<\/div><\/section>\n","protected":false},"excerpt":{"rendered":"","protected":false},"author":1,"featured_media":0,"parent":6274,"menu_order":4,"comment_status":"closed","ping_status":"closed","template":"","meta":{"footnotes":""},"class_list":["post-6286","page","type-page","status-publish","hentry"],"yoast_head":"<!-- This site is optimized with the Yoast SEO plugin v27.5 - https:\/\/yoast.com\/product\/yoast-seo-wordpress\/ -->\n<title>Begr\u00e4nsningar i Paris fredsavtalet - Veteraanien Perint\u00f6<\/title>\n<meta name=\"robots\" content=\"index, follow, max-snippet:-1, max-image-preview:large, max-video-preview:-1\" \/>\n<link rel=\"canonical\" href=\"https:\/\/veteraanienperinto.fi\/index.php\/sv\/ateruppbyggnad\/forvarsmakten\/begransningar-i-paris-fredsavtalet\/\" \/>\n<meta property=\"og:locale\" content=\"fi_FI\" \/>\n<meta property=\"og:type\" content=\"article\" \/>\n<meta property=\"og:title\" content=\"Begr\u00e4nsningar i Paris fredsavtalet - Veteraanien Perint\u00f6\" \/>\n<meta property=\"og:url\" content=\"https:\/\/veteraanienperinto.fi\/index.php\/sv\/ateruppbyggnad\/forvarsmakten\/begransningar-i-paris-fredsavtalet\/\" \/>\n<meta property=\"og:site_name\" content=\"Veteraanien Perint\u00f6\" \/>\n<meta property=\"article:modified_time\" content=\"2021-01-19T12:10:11+00:00\" \/>\n<meta name=\"twitter:card\" content=\"summary_large_image\" \/>\n<meta name=\"twitter:label1\" content=\"Arvioitu lukuaika\" \/>\n\t<meta name=\"twitter:data1\" content=\"1 minuutti\" \/>\n<script type=\"application\/ld+json\" class=\"yoast-schema-graph\">{\"@context\":\"https:\\\/\\\/schema.org\",\"@graph\":[{\"@type\":\"WebPage\",\"@id\":\"https:\\\/\\\/veteraanienperinto.fi\\\/index.php\\\/sv\\\/ateruppbyggnad\\\/forvarsmakten\\\/begransningar-i-paris-fredsavtalet\\\/\",\"url\":\"https:\\\/\\\/veteraanienperinto.fi\\\/index.php\\\/sv\\\/ateruppbyggnad\\\/forvarsmakten\\\/begransningar-i-paris-fredsavtalet\\\/\",\"name\":\"Begr\u00e4nsningar i Paris fredsavtalet - Veteraanien Perint\u00f6\",\"isPartOf\":{\"@id\":\"https:\\\/\\\/veteraanienperinto.fi\\\/#website\"},\"datePublished\":\"2020-11-18T20:36:05+00:00\",\"dateModified\":\"2021-01-19T12:10:11+00:00\",\"breadcrumb\":{\"@id\":\"https:\\\/\\\/veteraanienperinto.fi\\\/index.php\\\/sv\\\/ateruppbyggnad\\\/forvarsmakten\\\/begransningar-i-paris-fredsavtalet\\\/#breadcrumb\"},\"inLanguage\":\"fi\",\"potentialAction\":[{\"@type\":\"ReadAction\",\"target\":[\"https:\\\/\\\/veteraanienperinto.fi\\\/index.php\\\/sv\\\/ateruppbyggnad\\\/forvarsmakten\\\/begransningar-i-paris-fredsavtalet\\\/\"]}]},{\"@type\":\"BreadcrumbList\",\"@id\":\"https:\\\/\\\/veteraanienperinto.fi\\\/index.php\\\/sv\\\/ateruppbyggnad\\\/forvarsmakten\\\/begransningar-i-paris-fredsavtalet\\\/#breadcrumb\",\"itemListElement\":[{\"@type\":\"ListItem\",\"position\":1,\"name\":\"Etusivu\",\"item\":\"https:\\\/\\\/veteraanienperinto.fi\\\/index.php\\\/etusivu-2\\\/\"},{\"@type\":\"ListItem\",\"position\":2,\"name\":\"\u00c5teruppbyggnad\",\"item\":\"https:\\\/\\\/veteraanienperinto.fi\\\/index.php\\\/sv\\\/ateruppbyggnad\\\/\"},{\"@type\":\"ListItem\",\"position\":3,\"name\":\"F\u00f6rvarsmakten\",\"item\":\"https:\\\/\\\/veteraanienperinto.fi\\\/index.php\\\/sv\\\/ateruppbyggnad\\\/forvarsmakten\\\/\"},{\"@type\":\"ListItem\",\"position\":4,\"name\":\"Begr\u00e4nsningar i Paris fredsavtalet\"}]},{\"@type\":\"WebSite\",\"@id\":\"https:\\\/\\\/veteraanienperinto.fi\\\/#website\",\"url\":\"https:\\\/\\\/veteraanienperinto.fi\\\/\",\"name\":\"Veteraanien Perint\u00f6\",\"description\":\"Kadettikunta\",\"potentialAction\":[{\"@type\":\"SearchAction\",\"target\":{\"@type\":\"EntryPoint\",\"urlTemplate\":\"https:\\\/\\\/veteraanienperinto.fi\\\/?s={search_term_string}\"},\"query-input\":{\"@type\":\"PropertyValueSpecification\",\"valueRequired\":true,\"valueName\":\"search_term_string\"}}],\"inLanguage\":\"fi\"}]}<\/script>\n<!-- \/ Yoast SEO plugin. -->","yoast_head_json":{"title":"Begr\u00e4nsningar i Paris fredsavtalet - Veteraanien Perint\u00f6","robots":{"index":"index","follow":"follow","max-snippet":"max-snippet:-1","max-image-preview":"max-image-preview:large","max-video-preview":"max-video-preview:-1"},"canonical":"https:\/\/veteraanienperinto.fi\/index.php\/sv\/ateruppbyggnad\/forvarsmakten\/begransningar-i-paris-fredsavtalet\/","og_locale":"fi_FI","og_type":"article","og_title":"Begr\u00e4nsningar i Paris fredsavtalet - Veteraanien Perint\u00f6","og_url":"https:\/\/veteraanienperinto.fi\/index.php\/sv\/ateruppbyggnad\/forvarsmakten\/begransningar-i-paris-fredsavtalet\/","og_site_name":"Veteraanien Perint\u00f6","article_modified_time":"2021-01-19T12:10:11+00:00","twitter_card":"summary_large_image","twitter_misc":{"Arvioitu lukuaika":"1 minuutti"},"schema":{"@context":"https:\/\/schema.org","@graph":[{"@type":"WebPage","@id":"https:\/\/veteraanienperinto.fi\/index.php\/sv\/ateruppbyggnad\/forvarsmakten\/begransningar-i-paris-fredsavtalet\/","url":"https:\/\/veteraanienperinto.fi\/index.php\/sv\/ateruppbyggnad\/forvarsmakten\/begransningar-i-paris-fredsavtalet\/","name":"Begr\u00e4nsningar i Paris fredsavtalet - Veteraanien Perint\u00f6","isPartOf":{"@id":"https:\/\/veteraanienperinto.fi\/#website"},"datePublished":"2020-11-18T20:36:05+00:00","dateModified":"2021-01-19T12:10:11+00:00","breadcrumb":{"@id":"https:\/\/veteraanienperinto.fi\/index.php\/sv\/ateruppbyggnad\/forvarsmakten\/begransningar-i-paris-fredsavtalet\/#breadcrumb"},"inLanguage":"fi","potentialAction":[{"@type":"ReadAction","target":["https:\/\/veteraanienperinto.fi\/index.php\/sv\/ateruppbyggnad\/forvarsmakten\/begransningar-i-paris-fredsavtalet\/"]}]},{"@type":"BreadcrumbList","@id":"https:\/\/veteraanienperinto.fi\/index.php\/sv\/ateruppbyggnad\/forvarsmakten\/begransningar-i-paris-fredsavtalet\/#breadcrumb","itemListElement":[{"@type":"ListItem","position":1,"name":"Etusivu","item":"https:\/\/veteraanienperinto.fi\/index.php\/etusivu-2\/"},{"@type":"ListItem","position":2,"name":"\u00c5teruppbyggnad","item":"https:\/\/veteraanienperinto.fi\/index.php\/sv\/ateruppbyggnad\/"},{"@type":"ListItem","position":3,"name":"F\u00f6rvarsmakten","item":"https:\/\/veteraanienperinto.fi\/index.php\/sv\/ateruppbyggnad\/forvarsmakten\/"},{"@type":"ListItem","position":4,"name":"Begr\u00e4nsningar i Paris fredsavtalet"}]},{"@type":"WebSite","@id":"https:\/\/veteraanienperinto.fi\/#website","url":"https:\/\/veteraanienperinto.fi\/","name":"Veteraanien Perint\u00f6","description":"Kadettikunta","potentialAction":[{"@type":"SearchAction","target":{"@type":"EntryPoint","urlTemplate":"https:\/\/veteraanienperinto.fi\/?s={search_term_string}"},"query-input":{"@type":"PropertyValueSpecification","valueRequired":true,"valueName":"search_term_string"}}],"inLanguage":"fi"}]}},"_links":{"self":[{"href":"https:\/\/veteraanienperinto.fi\/index.php\/wp-json\/wp\/v2\/pages\/6286","targetHints":{"allow":["GET"]}}],"collection":[{"href":"https:\/\/veteraanienperinto.fi\/index.php\/wp-json\/wp\/v2\/pages"}],"about":[{"href":"https:\/\/veteraanienperinto.fi\/index.php\/wp-json\/wp\/v2\/types\/page"}],"author":[{"embeddable":true,"href":"https:\/\/veteraanienperinto.fi\/index.php\/wp-json\/wp\/v2\/users\/1"}],"replies":[{"embeddable":true,"href":"https:\/\/veteraanienperinto.fi\/index.php\/wp-json\/wp\/v2\/comments?post=6286"}],"version-history":[{"count":4,"href":"https:\/\/veteraanienperinto.fi\/index.php\/wp-json\/wp\/v2\/pages\/6286\/revisions"}],"predecessor-version":[{"id":10090,"href":"https:\/\/veteraanienperinto.fi\/index.php\/wp-json\/wp\/v2\/pages\/6286\/revisions\/10090"}],"up":[{"embeddable":true,"href":"https:\/\/veteraanienperinto.fi\/index.php\/wp-json\/wp\/v2\/pages\/6274"}],"wp:attachment":[{"href":"https:\/\/veteraanienperinto.fi\/index.php\/wp-json\/wp\/v2\/media?parent=6286"}],"curies":[{"name":"wp","href":"https:\/\/api.w.org\/{rel}","templated":true}]}}

Begränsningar i Paris fredsavtalet

<div id='full_slider_1'  class='avia-fullwidth-slider main_color avia-shadow   avia-builder-el-0  el_before_av_heading  avia-builder-el-first   container_wrap sidebar_right'  ></div><div id='after_full_slider_1'  class='main_color av_default_container_wrap container_wrap sidebar_right'  ><div class='container av-section-cont-open' ><div class='template-page content  av-content-small alpha units'><div class='post-entry post-entry-type-page post-entry-6286'><div class='entry-content-wrapper clearfix'>

<style type="text/css" data-created_by="avia_inline_auto" id="style-css-av-kk3yglvt-c8a92d6886faa17fee34698d39ae801f">
#top .av-special-heading.av-kk3yglvt-c8a92d6886faa17fee34698d39ae801f{
padding-bottom:10px;
}
body .av-special-heading.av-kk3yglvt-c8a92d6886faa17fee34698d39ae801f .av-special-heading-tag .heading-char{
font-size:25px;
}
.av-special-heading.av-kk3yglvt-c8a92d6886faa17fee34698d39ae801f .av-subheading{
font-size:15px;
}
</style>
<div  class='av-special-heading av-kk3yglvt-c8a92d6886faa17fee34698d39ae801f av-special-heading-h2  avia-builder-el-1  el_after_av_slideshow_full  el_before_av_textblock  avia-builder-el-first '><h2 class='av-special-heading-tag'  itemprop="headline"  >Begränsningar i Paris fredsavtalet</h2><div class="special-heading-border"><div class="special-heading-inner-border"></div></div></div>
<section  class='av_textblock_section av-bp43p-b6cbd9032cdfc4008d8bb677f0a6692d '   itemscope="itemscope" itemtype="https://schema.org/CreativeWork" ><div class='avia_textblock'  itemprop="text" ><p>I fredsavtalet i Paris bestämdes det att storleken på Finlands väpnade styrkor skulle få vara högst 41 900 man. Inom landstridskrafterna fick man ha 34 400 man, inom luftstridskrafterna 3000 man och 60 jaktplan och inom sjöstridskrafterna 4 500 man och fartyg omfattande högst 10 000 ton.</p>
<p>Bland annat robotar, impulsminor, ubåtar, motortorpedbåtar och bombflygplan var förbjudna. De mängder som överskred behovet för maximistyrkorna borde man enligt fredsavtalet ha avfört. Som tur för Finland skedde inte så. Detta berodde i huvudsak på att det mellan segrarmakterna hade uppstått stora konflikter, och de förhandlade inte längre tillsammans om saken. Vapnen blev kvar i Finland.</p>
</div></section>

<!-- This site is optimized with the Yoast SEO plugin v27.5 - https://yoast.com/product/yoast-seo-wordpress/ -->
<title>Begränsningar i Paris fredsavtalet - Veteraanien Perintö</title>
<meta name="robots" content="index, follow, max-snippet:-1, max-image-preview:large, max-video-preview:-1" />
<link rel="canonical" href="https://veteraanienperinto.fi/index.php/sv/ateruppbyggnad/forvarsmakten/begransningar-i-paris-fredsavtalet/" />
<meta property="og:locale" content="fi_FI" />
<meta property="og:type" content="article" />
<meta property="og:title" content="Begränsningar i Paris fredsavtalet - Veteraanien Perintö" />
<meta property="og:url" content="https://veteraanienperinto.fi/index.php/sv/ateruppbyggnad/forvarsmakten/begransningar-i-paris-fredsavtalet/" />
<meta property="og:site_name" content="Veteraanien Perintö" />
<meta property="article:modified_time" content="2021-01-19T12:10:11+00:00" />
<meta name="twitter:card" content="summary_large_image" />
<meta name="twitter:label1" content="Arvioitu lukuaika" />
	<meta name="twitter:data1" content="1 minuutti" />
<script type="application/ld+json" class="yoast-schema-graph">{"@context":"https:\/\/schema.org","@graph":[{"@type":"WebPage","@id":"https:\/\/veteraanienperinto.fi\/index.php\/sv\/ateruppbyggnad\/forvarsmakten\/begransningar-i-paris-fredsavtalet\/","url":"https:\/\/veteraanienperinto.fi\/index.php\/sv\/ateruppbyggnad\/forvarsmakten\/begransningar-i-paris-fredsavtalet\/","name":"Begränsningar i Paris fredsavtalet - Veteraanien Perintö","isPartOf":{"@id":"https:\/\/veteraanienperinto.fi\/#website"},"datePublished":"2020-11-18T20:36:05+00:00","dateModified":"2021-01-19T12:10:11+00:00","breadcrumb":{"@id":"https:\/\/veteraanienperinto.fi\/index.php\/sv\/ateruppbyggnad\/forvarsmakten\/begransningar-i-paris-fredsavtalet\/#breadcrumb"},"inLanguage":"fi","potentialAction":[{"@type":"ReadAction","target":["https:\/\/veteraanienperinto.fi\/index.php\/sv\/ateruppbyggnad\/forvarsmakten\/begransningar-i-paris-fredsavtalet\/"]}]},{"@type":"BreadcrumbList","@id":"https:\/\/veteraanienperinto.fi\/index.php\/sv\/ateruppbyggnad\/forvarsmakten\/begransningar-i-paris-fredsavtalet\/#breadcrumb","itemListElement":[{"@type":"ListItem","position":1,"name":"Etusivu","item":"https:\/\/veteraanienperinto.fi\/index.php\/etusivu-2\/"},{"@type":"ListItem","position":2,"name":"Återuppbyggnad","item":"https:\/\/veteraanienperinto.fi\/index.php\/sv\/ateruppbyggnad\/"},{"@type":"ListItem","position":3,"name":"Förvarsmakten","item":"https:\/\/veteraanienperinto.fi\/index.php\/sv\/ateruppbyggnad\/forvarsmakten\/"},{"@type":"ListItem","position":4,"name":"Begränsningar i Paris fredsavtalet"}]},{"@type":"WebSite","@id":"https:\/\/veteraanienperinto.fi\/#website","url":"https:\/\/veteraanienperinto.fi\/","name":"Veteraanien Perintö","description":"Kadettikunta","potentialAction":[{"@type":"SearchAction","target":{"@type":"EntryPoint","urlTemplate":"https:\/\/veteraanienperinto.fi\/?s={search_term_string}"},"query-input":{"@type":"PropertyValueSpecification","valueRequired":true,"valueName":"search_term_string"}}],"inLanguage":"fi"}]}</script>
<!-- / Yoast SEO plugin. -->

Begränsningar i Paris fredsavtalet - Veteraanien Perintö

Veteraanien Perintö

Återuppbyggnad

Förvarsmakten
