{"id":6404,"date":"2020-11-19T10:42:02","date_gmt":"2020-11-19T10:42:02","guid":{"rendered":"https:\/\/veteraani.ylirotu.fi\/?page_id=6404"},"modified":"2021-01-19T13:39:05","modified_gmt":"2021-01-19T13:39:05","slug":"ryska-revolutionen-och-finland-1","status":"publish","type":"page","link":"https:\/\/veteraanienperinto.fi\/index.php\/sv\/infobank\/sjalvstandigheten\/fore-sjalvstandigheten\/ryska-revolutionen-och-finland-1\/","title":{"rendered":"Ryska revolutionen och Finland 1"},"content":{"rendered":"<div id='full_slider_1'  class='avia-fullwidth-slider main_color avia-shadow   avia-builder-el-0  el_before_av_heading  avia-builder-el-first   container_wrap sidebar_right'  ><\/div><div id='after_full_slider_1'  class='main_color av_default_container_wrap container_wrap sidebar_right'  ><div class='container av-section-cont-open' ><div class='template-page content  av-content-small alpha units'><div class='post-entry post-entry-type-page post-entry-6404'><div class='entry-content-wrapper clearfix'>\n\n<style type=\"text\/css\" data-created_by=\"avia_inline_auto\" id=\"style-css-av-kk41mxkx-a450891e59c7e1569612dc23ad2a43cc\">\n#top .av-special-heading.av-kk41mxkx-a450891e59c7e1569612dc23ad2a43cc{\npadding-bottom:10px;\n}\nbody .av-special-heading.av-kk41mxkx-a450891e59c7e1569612dc23ad2a43cc .av-special-heading-tag .heading-char{\nfont-size:25px;\n}\n.av-special-heading.av-kk41mxkx-a450891e59c7e1569612dc23ad2a43cc .av-subheading{\nfont-size:15px;\n}\n<\/style>\n<div  class='av-special-heading av-kk41mxkx-a450891e59c7e1569612dc23ad2a43cc av-special-heading-h3  avia-builder-el-1  el_after_av_slideshow_full  el_before_av_textblock  avia-builder-el-first '><h3 class='av-special-heading-tag'  itemprop=\"headline\"  >Ryska revolutionen och Finland 1<\/h3><div class=\"special-heading-border\"><div class=\"special-heading-inner-border\"><\/div><\/div><\/div>\n<section  class='av_textblock_section av-2m40pl-278af0481f759ca6bc6917bb47fbea18 '   itemscope=\"itemscope\" itemtype=\"https:\/\/schema.org\/CreativeWork\" ><div class='avia_textblock'  itemprop=\"text\" ><p>De negativa verkningarna av det utdragna f\u00f6rsta v\u00e4rldskriget b\u00f6rjade m\u00e4rkas allt tydligare i Ryssland p\u00e5 vintern 1916-17. Den d\u00e5liga krigsframg\u00e5ngen, tr\u00f6ttheten bland trupperna och missn\u00f6jet samt de stora f\u00f6rlusterna f\u00f6rs\u00e4mrade soldaternas hum\u00f6r och f\u00f6rsvagade stridsf\u00f6rm\u00e5gan.<\/p>\n<p>P\u00e5 hemmafronten b\u00f6rjade det f\u00f6rekomma oroligheter med anledning av livsmedelsbristen och den omfattande regleringen. M\u00e4nniskorna b\u00f6rjade plundra lager och det uppstod sammandrabbningar med ordningsmakten. Vid samma tid ut\u00f6vade olika revolution\u00e4ra grupperingar uppviglande verksamhet.<\/p>\n<p>I Petersburg v\u00e4xte oroligheterna till en allvarlig politisk kris i b\u00f6rjan av mars 1917. Kejsaren f\u00f6rs\u00f6kte med v\u00e5ld f\u00e5 slut p\u00e5 oordningen men lyckades inte. Han blev tvungen att avs\u00e4ga sig kronan 15.3.1917 och en interimistisk regering \u00f6vertog makten. Marsrevolutionen var ett faktum.<\/p>\n<p>Vissa ryska truppf\u00f6rband b\u00f6rjade splittras. Huvuddelen av \u00d6stersj\u00f6flottan \u00f6vervintrade i Helsingfors. Inom flottan f\u00f6rekom en kraftig politisk uppviglingsverksamhet. Odisciplinerade matroser gjorde sig skyldiga till mord p\u00e5 n\u00e4stan 40 officerare. Detta medf\u00f6rde stor oro bland Helsingforsborna.<\/p>\n<p>Interimsregeringen utgav det s\u00e5 kallade Marsmanifestet, i vilket autonomin \u00e5terb\u00f6rdades till Finland i stora drag i den form som den hade haft f\u00f6re \u00e5r 1899. I Finland gr\u00e4lade man om vem eller vad som skulle inneha den h\u00f6gsta makten som tidigare tillh\u00f6rt kejsaren. Vid samma tid h\u00f6ll Rysslands interimistiska regerings st\u00e4llning p\u00e5 att f\u00f6rsvagas. D\u00e5 man p\u00e5 sommaren 1917 behandlade f\u00f6rh\u00e5llandena mellan Ryssland och Finland kom allt mera tanken fram bland finl\u00e4ndarna om en mera omfattande sj\u00e4lvbest\u00e4mmander\u00e4tt f\u00f6r v\u00e5rt land. Tanken h\u00e4rstammade b\u00e5de fr\u00e5n de borgerliga och de socialdemokratiska kretsarna.<\/p>\n<p>Rysslands interimsregering f\u00f6rs\u00f6kte \u00e4nnu en g\u00e5ng st\u00e4rka sin svaga st\u00e4llning genom att i juli 1917 st\u00e4lla till med ett storanfall p\u00e5 fronten mot \u00d6sterrike-Ungern. Efter framg\u00e5ng i b\u00f6rjan slutade krigsoperationen i ett totalt nederlag f\u00f6r Ryssland d\u00e5 tyskarna kom \u00f6sterrikarna till hj\u00e4lp. Av de soldater som flytt undan ryssarna fortsatte m\u00e5nga \u00e4nda till sina hem. Det sades att arm\u00e9n p\u00e5 st\u00e5ende fot r\u00f6stat f\u00f6r fred. Regeringens st\u00e4llning f\u00f6rsvagades allt mera.<\/p>\n<\/div><\/section>\n","protected":false},"excerpt":{"rendered":"","protected":false},"author":1,"featured_media":0,"parent":6380,"menu_order":5,"comment_status":"closed","ping_status":"closed","template":"","meta":{"footnotes":""},"class_list":["post-6404","page","type-page","status-publish","hentry"],"yoast_head":"<!-- This site is optimized with the Yoast SEO plugin v27.5 - https:\/\/yoast.com\/product\/yoast-seo-wordpress\/ -->\n<title>Ryska revolutionen och Finland 1 - Veteraanien Perint\u00f6<\/title>\n<meta name=\"robots\" content=\"index, follow, max-snippet:-1, max-image-preview:large, max-video-preview:-1\" \/>\n<link rel=\"canonical\" href=\"https:\/\/veteraanienperinto.fi\/index.php\/sv\/infobank\/sjalvstandigheten\/fore-sjalvstandigheten\/ryska-revolutionen-och-finland-1\/\" \/>\n<meta property=\"og:locale\" content=\"fi_FI\" \/>\n<meta property=\"og:type\" content=\"article\" \/>\n<meta property=\"og:title\" content=\"Ryska revolutionen och Finland 1 - Veteraanien Perint\u00f6\" \/>\n<meta property=\"og:url\" content=\"https:\/\/veteraanienperinto.fi\/index.php\/sv\/infobank\/sjalvstandigheten\/fore-sjalvstandigheten\/ryska-revolutionen-och-finland-1\/\" \/>\n<meta property=\"og:site_name\" content=\"Veteraanien Perint\u00f6\" \/>\n<meta property=\"article:modified_time\" content=\"2021-01-19T13:39:05+00:00\" \/>\n<meta name=\"twitter:card\" content=\"summary_large_image\" \/>\n<meta name=\"twitter:label1\" content=\"Arvioitu lukuaika\" \/>\n\t<meta name=\"twitter:data1\" content=\"3 minuuttia\" \/>\n<script type=\"application\/ld+json\" class=\"yoast-schema-graph\">{\"@context\":\"https:\\\/\\\/schema.org\",\"@graph\":[{\"@type\":\"WebPage\",\"@id\":\"https:\\\/\\\/veteraanienperinto.fi\\\/index.php\\\/sv\\\/infobank\\\/sjalvstandigheten\\\/fore-sjalvstandigheten\\\/ryska-revolutionen-och-finland-1\\\/\",\"url\":\"https:\\\/\\\/veteraanienperinto.fi\\\/index.php\\\/sv\\\/infobank\\\/sjalvstandigheten\\\/fore-sjalvstandigheten\\\/ryska-revolutionen-och-finland-1\\\/\",\"name\":\"Ryska revolutionen och Finland 1 - Veteraanien Perint\u00f6\",\"isPartOf\":{\"@id\":\"https:\\\/\\\/veteraanienperinto.fi\\\/#website\"},\"datePublished\":\"2020-11-19T10:42:02+00:00\",\"dateModified\":\"2021-01-19T13:39:05+00:00\",\"breadcrumb\":{\"@id\":\"https:\\\/\\\/veteraanienperinto.fi\\\/index.php\\\/sv\\\/infobank\\\/sjalvstandigheten\\\/fore-sjalvstandigheten\\\/ryska-revolutionen-och-finland-1\\\/#breadcrumb\"},\"inLanguage\":\"fi\",\"potentialAction\":[{\"@type\":\"ReadAction\",\"target\":[\"https:\\\/\\\/veteraanienperinto.fi\\\/index.php\\\/sv\\\/infobank\\\/sjalvstandigheten\\\/fore-sjalvstandigheten\\\/ryska-revolutionen-och-finland-1\\\/\"]}]},{\"@type\":\"BreadcrumbList\",\"@id\":\"https:\\\/\\\/veteraanienperinto.fi\\\/index.php\\\/sv\\\/infobank\\\/sjalvstandigheten\\\/fore-sjalvstandigheten\\\/ryska-revolutionen-och-finland-1\\\/#breadcrumb\",\"itemListElement\":[{\"@type\":\"ListItem\",\"position\":1,\"name\":\"Etusivu\",\"item\":\"https:\\\/\\\/veteraanienperinto.fi\\\/index.php\\\/etusivu-2\\\/\"},{\"@type\":\"ListItem\",\"position\":2,\"name\":\"Infobank\",\"item\":\"https:\\\/\\\/veteraanienperinto.fi\\\/index.php\\\/sv\\\/infobank\\\/\"},{\"@type\":\"ListItem\",\"position\":3,\"name\":\"Sj\u00e4lvst\u00e4ndigheten\",\"item\":\"https:\\\/\\\/veteraanienperinto.fi\\\/index.php\\\/sv\\\/infobank\\\/sjalvstandigheten\\\/\"},{\"@type\":\"ListItem\",\"position\":4,\"name\":\"F\u00f6re sj\u00e4lvst\u00e4ndigheten\",\"item\":\"https:\\\/\\\/veteraanienperinto.fi\\\/index.php\\\/sv\\\/infobank\\\/sjalvstandigheten\\\/fore-sjalvstandigheten\\\/\"},{\"@type\":\"ListItem\",\"position\":5,\"name\":\"Ryska revolutionen och Finland 1\"}]},{\"@type\":\"WebSite\",\"@id\":\"https:\\\/\\\/veteraanienperinto.fi\\\/#website\",\"url\":\"https:\\\/\\\/veteraanienperinto.fi\\\/\",\"name\":\"Veteraanien Perint\u00f6\",\"description\":\"Kadettikunta\",\"potentialAction\":[{\"@type\":\"SearchAction\",\"target\":{\"@type\":\"EntryPoint\",\"urlTemplate\":\"https:\\\/\\\/veteraanienperinto.fi\\\/?s={search_term_string}\"},\"query-input\":{\"@type\":\"PropertyValueSpecification\",\"valueRequired\":true,\"valueName\":\"search_term_string\"}}],\"inLanguage\":\"fi\"}]}<\/script>\n<!-- \/ Yoast SEO plugin. -->","yoast_head_json":{"title":"Ryska revolutionen och Finland 1 - Veteraanien Perint\u00f6","robots":{"index":"index","follow":"follow","max-snippet":"max-snippet:-1","max-image-preview":"max-image-preview:large","max-video-preview":"max-video-preview:-1"},"canonical":"https:\/\/veteraanienperinto.fi\/index.php\/sv\/infobank\/sjalvstandigheten\/fore-sjalvstandigheten\/ryska-revolutionen-och-finland-1\/","og_locale":"fi_FI","og_type":"article","og_title":"Ryska revolutionen och Finland 1 - Veteraanien Perint\u00f6","og_url":"https:\/\/veteraanienperinto.fi\/index.php\/sv\/infobank\/sjalvstandigheten\/fore-sjalvstandigheten\/ryska-revolutionen-och-finland-1\/","og_site_name":"Veteraanien Perint\u00f6","article_modified_time":"2021-01-19T13:39:05+00:00","twitter_card":"summary_large_image","twitter_misc":{"Arvioitu lukuaika":"3 minuuttia"},"schema":{"@context":"https:\/\/schema.org","@graph":[{"@type":"WebPage","@id":"https:\/\/veteraanienperinto.fi\/index.php\/sv\/infobank\/sjalvstandigheten\/fore-sjalvstandigheten\/ryska-revolutionen-och-finland-1\/","url":"https:\/\/veteraanienperinto.fi\/index.php\/sv\/infobank\/sjalvstandigheten\/fore-sjalvstandigheten\/ryska-revolutionen-och-finland-1\/","name":"Ryska revolutionen och Finland 1 - Veteraanien Perint\u00f6","isPartOf":{"@id":"https:\/\/veteraanienperinto.fi\/#website"},"datePublished":"2020-11-19T10:42:02+00:00","dateModified":"2021-01-19T13:39:05+00:00","breadcrumb":{"@id":"https:\/\/veteraanienperinto.fi\/index.php\/sv\/infobank\/sjalvstandigheten\/fore-sjalvstandigheten\/ryska-revolutionen-och-finland-1\/#breadcrumb"},"inLanguage":"fi","potentialAction":[{"@type":"ReadAction","target":["https:\/\/veteraanienperinto.fi\/index.php\/sv\/infobank\/sjalvstandigheten\/fore-sjalvstandigheten\/ryska-revolutionen-och-finland-1\/"]}]},{"@type":"BreadcrumbList","@id":"https:\/\/veteraanienperinto.fi\/index.php\/sv\/infobank\/sjalvstandigheten\/fore-sjalvstandigheten\/ryska-revolutionen-och-finland-1\/#breadcrumb","itemListElement":[{"@type":"ListItem","position":1,"name":"Etusivu","item":"https:\/\/veteraanienperinto.fi\/index.php\/etusivu-2\/"},{"@type":"ListItem","position":2,"name":"Infobank","item":"https:\/\/veteraanienperinto.fi\/index.php\/sv\/infobank\/"},{"@type":"ListItem","position":3,"name":"Sj\u00e4lvst\u00e4ndigheten","item":"https:\/\/veteraanienperinto.fi\/index.php\/sv\/infobank\/sjalvstandigheten\/"},{"@type":"ListItem","position":4,"name":"F\u00f6re sj\u00e4lvst\u00e4ndigheten","item":"https:\/\/veteraanienperinto.fi\/index.php\/sv\/infobank\/sjalvstandigheten\/fore-sjalvstandigheten\/"},{"@type":"ListItem","position":5,"name":"Ryska revolutionen och Finland 1"}]},{"@type":"WebSite","@id":"https:\/\/veteraanienperinto.fi\/#website","url":"https:\/\/veteraanienperinto.fi\/","name":"Veteraanien Perint\u00f6","description":"Kadettikunta","potentialAction":[{"@type":"SearchAction","target":{"@type":"EntryPoint","urlTemplate":"https:\/\/veteraanienperinto.fi\/?s={search_term_string}"},"query-input":{"@type":"PropertyValueSpecification","valueRequired":true,"valueName":"search_term_string"}}],"inLanguage":"fi"}]}},"_links":{"self":[{"href":"https:\/\/veteraanienperinto.fi\/index.php\/wp-json\/wp\/v2\/pages\/6404","targetHints":{"allow":["GET"]}}],"collection":[{"href":"https:\/\/veteraanienperinto.fi\/index.php\/wp-json\/wp\/v2\/pages"}],"about":[{"href":"https:\/\/veteraanienperinto.fi\/index.php\/wp-json\/wp\/v2\/types\/page"}],"author":[{"embeddable":true,"href":"https:\/\/veteraanienperinto.fi\/index.php\/wp-json\/wp\/v2\/users\/1"}],"replies":[{"embeddable":true,"href":"https:\/\/veteraanienperinto.fi\/index.php\/wp-json\/wp\/v2\/comments?post=6404"}],"version-history":[{"count":4,"href":"https:\/\/veteraanienperinto.fi\/index.php\/wp-json\/wp\/v2\/pages\/6404\/revisions"}],"predecessor-version":[{"id":10136,"href":"https:\/\/veteraanienperinto.fi\/index.php\/wp-json\/wp\/v2\/pages\/6404\/revisions\/10136"}],"up":[{"embeddable":true,"href":"https:\/\/veteraanienperinto.fi\/index.php\/wp-json\/wp\/v2\/pages\/6380"}],"wp:attachment":[{"href":"https:\/\/veteraanienperinto.fi\/index.php\/wp-json\/wp\/v2\/media?parent=6404"}],"curies":[{"name":"wp","href":"https:\/\/api.w.org\/{rel}","templated":true}]}}