{"id":6408,"date":"2020-11-19T10:43:23","date_gmt":"2020-11-19T10:43:23","guid":{"rendered":"https:\/\/veteraani.ylirotu.fi\/?page_id=6408"},"modified":"2021-01-19T13:39:36","modified_gmt":"2021-01-19T13:39:36","slug":"ryska-revolutionen-och-finland-2","status":"publish","type":"page","link":"https:\/\/veteraanienperinto.fi\/index.php\/sv\/infobank\/sjalvstandigheten\/fore-sjalvstandigheten\/ryska-revolutionen-och-finland-2\/","title":{"rendered":"Ryska revolutionen och Finland 2"},"content":{"rendered":"<div id='full_slider_1'  class='avia-fullwidth-slider main_color avia-shadow   avia-builder-el-0  el_before_av_heading  avia-builder-el-first   container_wrap sidebar_right'  ><\/div><div id='after_full_slider_1'  class='main_color av_default_container_wrap container_wrap sidebar_right'  ><div class='container av-section-cont-open' ><div class='template-page content  av-content-small alpha units'><div class='post-entry post-entry-type-page post-entry-6408'><div class='entry-content-wrapper clearfix'>\n\n<style type=\"text\/css\" data-created_by=\"avia_inline_auto\" id=\"style-css-av-kk41nkka-9e8a99484aed99e0f89bd9e448c00885\">\n#top .av-special-heading.av-kk41nkka-9e8a99484aed99e0f89bd9e448c00885{\npadding-bottom:10px;\n}\nbody .av-special-heading.av-kk41nkka-9e8a99484aed99e0f89bd9e448c00885 .av-special-heading-tag .heading-char{\nfont-size:25px;\n}\n.av-special-heading.av-kk41nkka-9e8a99484aed99e0f89bd9e448c00885 .av-subheading{\nfont-size:15px;\n}\n<\/style>\n<div  class='av-special-heading av-kk41nkka-9e8a99484aed99e0f89bd9e448c00885 av-special-heading-h3  avia-builder-el-1  el_after_av_slideshow_full  el_before_av_textblock  avia-builder-el-first '><h3 class='av-special-heading-tag'  itemprop=\"headline\"  >Ryska revolutionen och Finland 2<\/h3><div class=\"special-heading-border\"><div class=\"special-heading-inner-border\"><\/div><\/div><\/div>\n<section  class='av_textblock_section av-201hbg-64a166ba3bd36828c34956824f4e54f6 '   itemscope=\"itemscope\" itemtype=\"https:\/\/schema.org\/CreativeWork\" ><div class='avia_textblock'  itemprop=\"text\" ><p><img loading=\"lazy\" decoding=\"async\" class=\"size-medium wp-image-8242 alignright\" src=\"https:\/\/veteraanienperinto.fi\/wp-content\/uploads\/2020\/12\/val-s1-300x165.jpg\" alt=\"\" width=\"300\" height=\"165\" srcset=\"https:\/\/veteraanienperinto.fi\/wp-content\/uploads\/2020\/12\/val-s1-300x165.jpg 300w, https:\/\/veteraanienperinto.fi\/wp-content\/uploads\/2020\/12\/val-s1.jpg 350w\" sizes=\"auto, (max-width: 300px) 100vw, 300px\" \/>I juli 1917 stiftade Finlands lantdag, i kraft av den socialdemokratiska majoriteten, en maktlag, enligt vilken den h\u00f6gsta makten, f\u00f6rutom utrikespolitiken och de milit\u00e4ra \u00e4rendena, tillkom lantdagen. Den f\u00f6rra krigsministern Alexander Kerenski som kommit upp i ledningen f\u00f6r den interimistiska regeringen godk\u00e4nde inte maktlagen utan gav order om att Finlands lantdag skulle uppl\u00f6sas. Nyval ordnades i oktober 1917. Socialdemokraterna f\u00f6rlorade nu sin majoritet, eftersom de fick 92 platser i st\u00e4llet f\u00f6r de tidigare 103. Detta v\u00e4ckte en omfattande f\u00f6rtrytelse bland socialdemokraterna, eftersom man ans\u00e5g att de planerade samh\u00e4lleliga reformerna nu skulle f\u00f6rdr\u00f6jas.<\/p>\n<p>Os\u00e4mjan om den h\u00f6gsta regeringsmakten blev fortfarande ol\u00f6st, eftersom bolsjevikerna som leddes av V.I.Lenin 7.11.1917 tog makten i Petersburg. Oktoberrevolutionen som namngivits enligt den gamla ryska kalendern och som kom att v\u00e4sentligt inverka p\u00e5 v\u00e4rldshistorien, hade intr\u00e4ffat. Makten \u00f6vergick till r\u00e5d som leddes av bolsjevikerna.<\/p>\n<p>Strejker samt de finl\u00e4ndska r\u00f6dgardisternas och de strejkandes f\u00f6rbr\u00f6dring med de ryska soldaterna var utm\u00e4rkande f\u00f6r h\u00e4ndelserna i Finland \u00e5r 1917. Under tiden fr\u00e5n mars till \u00e5rets slut f\u00f6rekom det \u00f6ver 500 strejker i v\u00e5rt land. Lantbruksstrejker f\u00f6rekom p\u00e5 \u00f6ver 2 000 g\u00e5rdar. V\u00e5ldsamma drag b\u00f6rjade visa sig. Orsaken till att man strejkade inom bos\u00e4ttningscentra var i m\u00e5nga fall den otyglade prisstegringen p\u00e5 livsmedel samt en direkt livsmedelsbrist. En livsmedelslag som stiftats f\u00f6r att man skulle klara av problemet medf\u00f6rde ingen l\u00f6sning, d\u00e5 den alltf\u00f6r mycket favoriserade den privata \u00e4gander\u00e4tten. Klyftan mellan producenter och konsumenter kvarstod. Med anledning av livsmedelsoroligheterna och tv\u00e5ngsrekvireringen av livsmedel p\u00e5 h\u00f6sten 1917 inr\u00e4ttades b\u00e5de r\u00f6da garden och skyddsk\u00e5rer i stort antal.<\/p>\n<p>I b\u00f6rjan av november skedde i S\u00f6dra Tavastland p\u00e5 Lammilla Mommila herrg\u00e5rd ett blodsd\u00e5d som hade vittg\u00e5ende f\u00f6ljder. Ryska matroser m\u00f6rdade tv\u00e5 personer, av vilka den ena var husbonden p\u00e5 Mommila. Som v\u00e4gvisare hade matroserna en tidigare torpare p\u00e5 herrg\u00e5rden.<\/p>\n<p>I blodbadet p\u00e5 Mommila s\u00e5g m\u00e5nga ett exempel p\u00e5 vart den politiska utvecklingen h\u00f6ll p\u00e5 att leda och detta utnyttjades f\u00f6r att motivera de egna \u00e5tg\u00e4rderna. Morden sammankopplades ocks\u00e5 med den ryska milit\u00e4rens brist p\u00e5 disciplin som blivit ett problem i Helsingfors.<\/p>\n<p>Under tiden mellan 14 och 20 november var det generalstrejk i v\u00e5rt land under vilken det skedde v\u00e4pnade sammandrabbningar mellan skyddsk\u00e5risterna och de r\u00f6da gardena. Vid dessa blev sammanlagt 19 personer d\u00f6dade.<\/p>\n<p>Illavarslande f\u00f6r de kommande h\u00e4ndelsernas vidkommande var att Arbetarnas Revolution\u00e4ra R\u00e5d som bildats av fackorganisationen, socialdemokratiska partiet och den socialdemokratiska lantdagsgruppen efter omr\u00f6stning besl\u00f6t ig\u00e5ngs\u00e4tta en revolution enligt modell fr\u00e5n Ryssland. Beslutet upph\u00e4vdes efter ett nytt \u00f6verv\u00e4gande inom n\u00e5gra timmar. Atmosf\u00e4ren i v\u00e5rt land var likv\u00e4l mycket sp\u00e4nd.<\/p>\n<\/div><\/section>\n","protected":false},"excerpt":{"rendered":"","protected":false},"author":1,"featured_media":0,"parent":6380,"menu_order":6,"comment_status":"closed","ping_status":"closed","template":"","meta":{"footnotes":""},"class_list":["post-6408","page","type-page","status-publish","hentry"],"yoast_head":"<!-- This site is optimized with the Yoast SEO plugin v27.4 - https:\/\/yoast.com\/product\/yoast-seo-wordpress\/ -->\n<title>Ryska revolutionen och Finland 2 - Veteraanien Perint\u00f6<\/title>\n<meta name=\"robots\" content=\"index, follow, max-snippet:-1, max-image-preview:large, max-video-preview:-1\" \/>\n<link rel=\"canonical\" href=\"https:\/\/veteraanienperinto.fi\/index.php\/sv\/infobank\/sjalvstandigheten\/fore-sjalvstandigheten\/ryska-revolutionen-och-finland-2\/\" \/>\n<meta property=\"og:locale\" content=\"fi_FI\" \/>\n<meta property=\"og:type\" content=\"article\" \/>\n<meta property=\"og:title\" content=\"Ryska revolutionen och Finland 2 - Veteraanien Perint\u00f6\" \/>\n<meta property=\"og:url\" content=\"https:\/\/veteraanienperinto.fi\/index.php\/sv\/infobank\/sjalvstandigheten\/fore-sjalvstandigheten\/ryska-revolutionen-och-finland-2\/\" \/>\n<meta property=\"og:site_name\" content=\"Veteraanien Perint\u00f6\" \/>\n<meta property=\"article:modified_time\" content=\"2021-01-19T13:39:36+00:00\" \/>\n<meta property=\"og:image\" content=\"https:\/\/veteraanienperinto.fi\/wp-content\/uploads\/2020\/12\/val-s1-300x165.jpg\" \/>\n<meta name=\"twitter:card\" content=\"summary_large_image\" \/>\n<meta name=\"twitter:label1\" content=\"Arvioitu lukuaika\" \/>\n\t<meta name=\"twitter:data1\" content=\"3 minuuttia\" \/>\n<script type=\"application\/ld+json\" class=\"yoast-schema-graph\">{\"@context\":\"https:\\\/\\\/schema.org\",\"@graph\":[{\"@type\":\"WebPage\",\"@id\":\"https:\\\/\\\/veteraanienperinto.fi\\\/index.php\\\/sv\\\/infobank\\\/sjalvstandigheten\\\/fore-sjalvstandigheten\\\/ryska-revolutionen-och-finland-2\\\/\",\"url\":\"https:\\\/\\\/veteraanienperinto.fi\\\/index.php\\\/sv\\\/infobank\\\/sjalvstandigheten\\\/fore-sjalvstandigheten\\\/ryska-revolutionen-och-finland-2\\\/\",\"name\":\"Ryska revolutionen och Finland 2 - Veteraanien Perint\u00f6\",\"isPartOf\":{\"@id\":\"https:\\\/\\\/veteraanienperinto.fi\\\/#website\"},\"primaryImageOfPage\":{\"@id\":\"https:\\\/\\\/veteraanienperinto.fi\\\/index.php\\\/sv\\\/infobank\\\/sjalvstandigheten\\\/fore-sjalvstandigheten\\\/ryska-revolutionen-och-finland-2\\\/#primaryimage\"},\"image\":{\"@id\":\"https:\\\/\\\/veteraanienperinto.fi\\\/index.php\\\/sv\\\/infobank\\\/sjalvstandigheten\\\/fore-sjalvstandigheten\\\/ryska-revolutionen-och-finland-2\\\/#primaryimage\"},\"thumbnailUrl\":\"https:\\\/\\\/veteraanienperinto.fi\\\/wp-content\\\/uploads\\\/2020\\\/12\\\/val-s1-300x165.jpg\",\"datePublished\":\"2020-11-19T10:43:23+00:00\",\"dateModified\":\"2021-01-19T13:39:36+00:00\",\"breadcrumb\":{\"@id\":\"https:\\\/\\\/veteraanienperinto.fi\\\/index.php\\\/sv\\\/infobank\\\/sjalvstandigheten\\\/fore-sjalvstandigheten\\\/ryska-revolutionen-och-finland-2\\\/#breadcrumb\"},\"inLanguage\":\"fi\",\"potentialAction\":[{\"@type\":\"ReadAction\",\"target\":[\"https:\\\/\\\/veteraanienperinto.fi\\\/index.php\\\/sv\\\/infobank\\\/sjalvstandigheten\\\/fore-sjalvstandigheten\\\/ryska-revolutionen-och-finland-2\\\/\"]}]},{\"@type\":\"ImageObject\",\"inLanguage\":\"fi\",\"@id\":\"https:\\\/\\\/veteraanienperinto.fi\\\/index.php\\\/sv\\\/infobank\\\/sjalvstandigheten\\\/fore-sjalvstandigheten\\\/ryska-revolutionen-och-finland-2\\\/#primaryimage\",\"url\":\"https:\\\/\\\/veteraanienperinto.fi\\\/wp-content\\\/uploads\\\/2020\\\/12\\\/val-s1.jpg\",\"contentUrl\":\"https:\\\/\\\/veteraanienperinto.fi\\\/wp-content\\\/uploads\\\/2020\\\/12\\\/val-s1.jpg\",\"width\":350,\"height\":193},{\"@type\":\"BreadcrumbList\",\"@id\":\"https:\\\/\\\/veteraanienperinto.fi\\\/index.php\\\/sv\\\/infobank\\\/sjalvstandigheten\\\/fore-sjalvstandigheten\\\/ryska-revolutionen-och-finland-2\\\/#breadcrumb\",\"itemListElement\":[{\"@type\":\"ListItem\",\"position\":1,\"name\":\"Etusivu\",\"item\":\"https:\\\/\\\/veteraanienperinto.fi\\\/index.php\\\/etusivu-2\\\/\"},{\"@type\":\"ListItem\",\"position\":2,\"name\":\"Infobank\",\"item\":\"https:\\\/\\\/veteraanienperinto.fi\\\/index.php\\\/sv\\\/infobank\\\/\"},{\"@type\":\"ListItem\",\"position\":3,\"name\":\"Sj\u00e4lvst\u00e4ndigheten\",\"item\":\"https:\\\/\\\/veteraanienperinto.fi\\\/index.php\\\/sv\\\/infobank\\\/sjalvstandigheten\\\/\"},{\"@type\":\"ListItem\",\"position\":4,\"name\":\"F\u00f6re sj\u00e4lvst\u00e4ndigheten\",\"item\":\"https:\\\/\\\/veteraanienperinto.fi\\\/index.php\\\/sv\\\/infobank\\\/sjalvstandigheten\\\/fore-sjalvstandigheten\\\/\"},{\"@type\":\"ListItem\",\"position\":5,\"name\":\"Ryska revolutionen och Finland 2\"}]},{\"@type\":\"WebSite\",\"@id\":\"https:\\\/\\\/veteraanienperinto.fi\\\/#website\",\"url\":\"https:\\\/\\\/veteraanienperinto.fi\\\/\",\"name\":\"Veteraanien Perint\u00f6\",\"description\":\"Kadettikunta\",\"potentialAction\":[{\"@type\":\"SearchAction\",\"target\":{\"@type\":\"EntryPoint\",\"urlTemplate\":\"https:\\\/\\\/veteraanienperinto.fi\\\/?s={search_term_string}\"},\"query-input\":{\"@type\":\"PropertyValueSpecification\",\"valueRequired\":true,\"valueName\":\"search_term_string\"}}],\"inLanguage\":\"fi\"}]}<\/script>\n<!-- \/ Yoast SEO plugin. -->","yoast_head_json":{"title":"Ryska revolutionen och Finland 2 - Veteraanien Perint\u00f6","robots":{"index":"index","follow":"follow","max-snippet":"max-snippet:-1","max-image-preview":"max-image-preview:large","max-video-preview":"max-video-preview:-1"},"canonical":"https:\/\/veteraanienperinto.fi\/index.php\/sv\/infobank\/sjalvstandigheten\/fore-sjalvstandigheten\/ryska-revolutionen-och-finland-2\/","og_locale":"fi_FI","og_type":"article","og_title":"Ryska revolutionen och Finland 2 - Veteraanien Perint\u00f6","og_url":"https:\/\/veteraanienperinto.fi\/index.php\/sv\/infobank\/sjalvstandigheten\/fore-sjalvstandigheten\/ryska-revolutionen-och-finland-2\/","og_site_name":"Veteraanien Perint\u00f6","article_modified_time":"2021-01-19T13:39:36+00:00","og_image":[{"url":"https:\/\/veteraanienperinto.fi\/wp-content\/uploads\/2020\/12\/val-s1-300x165.jpg","type":"","width":"","height":""}],"twitter_card":"summary_large_image","twitter_misc":{"Arvioitu lukuaika":"3 minuuttia"},"schema":{"@context":"https:\/\/schema.org","@graph":[{"@type":"WebPage","@id":"https:\/\/veteraanienperinto.fi\/index.php\/sv\/infobank\/sjalvstandigheten\/fore-sjalvstandigheten\/ryska-revolutionen-och-finland-2\/","url":"https:\/\/veteraanienperinto.fi\/index.php\/sv\/infobank\/sjalvstandigheten\/fore-sjalvstandigheten\/ryska-revolutionen-och-finland-2\/","name":"Ryska revolutionen och Finland 2 - Veteraanien Perint\u00f6","isPartOf":{"@id":"https:\/\/veteraanienperinto.fi\/#website"},"primaryImageOfPage":{"@id":"https:\/\/veteraanienperinto.fi\/index.php\/sv\/infobank\/sjalvstandigheten\/fore-sjalvstandigheten\/ryska-revolutionen-och-finland-2\/#primaryimage"},"image":{"@id":"https:\/\/veteraanienperinto.fi\/index.php\/sv\/infobank\/sjalvstandigheten\/fore-sjalvstandigheten\/ryska-revolutionen-och-finland-2\/#primaryimage"},"thumbnailUrl":"https:\/\/veteraanienperinto.fi\/wp-content\/uploads\/2020\/12\/val-s1-300x165.jpg","datePublished":"2020-11-19T10:43:23+00:00","dateModified":"2021-01-19T13:39:36+00:00","breadcrumb":{"@id":"https:\/\/veteraanienperinto.fi\/index.php\/sv\/infobank\/sjalvstandigheten\/fore-sjalvstandigheten\/ryska-revolutionen-och-finland-2\/#breadcrumb"},"inLanguage":"fi","potentialAction":[{"@type":"ReadAction","target":["https:\/\/veteraanienperinto.fi\/index.php\/sv\/infobank\/sjalvstandigheten\/fore-sjalvstandigheten\/ryska-revolutionen-och-finland-2\/"]}]},{"@type":"ImageObject","inLanguage":"fi","@id":"https:\/\/veteraanienperinto.fi\/index.php\/sv\/infobank\/sjalvstandigheten\/fore-sjalvstandigheten\/ryska-revolutionen-och-finland-2\/#primaryimage","url":"https:\/\/veteraanienperinto.fi\/wp-content\/uploads\/2020\/12\/val-s1.jpg","contentUrl":"https:\/\/veteraanienperinto.fi\/wp-content\/uploads\/2020\/12\/val-s1.jpg","width":350,"height":193},{"@type":"BreadcrumbList","@id":"https:\/\/veteraanienperinto.fi\/index.php\/sv\/infobank\/sjalvstandigheten\/fore-sjalvstandigheten\/ryska-revolutionen-och-finland-2\/#breadcrumb","itemListElement":[{"@type":"ListItem","position":1,"name":"Etusivu","item":"https:\/\/veteraanienperinto.fi\/index.php\/etusivu-2\/"},{"@type":"ListItem","position":2,"name":"Infobank","item":"https:\/\/veteraanienperinto.fi\/index.php\/sv\/infobank\/"},{"@type":"ListItem","position":3,"name":"Sj\u00e4lvst\u00e4ndigheten","item":"https:\/\/veteraanienperinto.fi\/index.php\/sv\/infobank\/sjalvstandigheten\/"},{"@type":"ListItem","position":4,"name":"F\u00f6re sj\u00e4lvst\u00e4ndigheten","item":"https:\/\/veteraanienperinto.fi\/index.php\/sv\/infobank\/sjalvstandigheten\/fore-sjalvstandigheten\/"},{"@type":"ListItem","position":5,"name":"Ryska revolutionen och Finland 2"}]},{"@type":"WebSite","@id":"https:\/\/veteraanienperinto.fi\/#website","url":"https:\/\/veteraanienperinto.fi\/","name":"Veteraanien Perint\u00f6","description":"Kadettikunta","potentialAction":[{"@type":"SearchAction","target":{"@type":"EntryPoint","urlTemplate":"https:\/\/veteraanienperinto.fi\/?s={search_term_string}"},"query-input":{"@type":"PropertyValueSpecification","valueRequired":true,"valueName":"search_term_string"}}],"inLanguage":"fi"}]}},"_links":{"self":[{"href":"https:\/\/veteraanienperinto.fi\/index.php\/wp-json\/wp\/v2\/pages\/6408","targetHints":{"allow":["GET"]}}],"collection":[{"href":"https:\/\/veteraanienperinto.fi\/index.php\/wp-json\/wp\/v2\/pages"}],"about":[{"href":"https:\/\/veteraanienperinto.fi\/index.php\/wp-json\/wp\/v2\/types\/page"}],"author":[{"embeddable":true,"href":"https:\/\/veteraanienperinto.fi\/index.php\/wp-json\/wp\/v2\/users\/1"}],"replies":[{"embeddable":true,"href":"https:\/\/veteraanienperinto.fi\/index.php\/wp-json\/wp\/v2\/comments?post=6408"}],"version-history":[{"count":4,"href":"https:\/\/veteraanienperinto.fi\/index.php\/wp-json\/wp\/v2\/pages\/6408\/revisions"}],"predecessor-version":[{"id":10138,"href":"https:\/\/veteraanienperinto.fi\/index.php\/wp-json\/wp\/v2\/pages\/6408\/revisions\/10138"}],"up":[{"embeddable":true,"href":"https:\/\/veteraanienperinto.fi\/index.php\/wp-json\/wp\/v2\/pages\/6380"}],"wp:attachment":[{"href":"https:\/\/veteraanienperinto.fi\/index.php\/wp-json\/wp\/v2\/media?parent=6408"}],"curies":[{"name":"wp","href":"https:\/\/api.w.org\/{rel}","templated":true}]}}