{"id":6451,"date":"2020-11-19T11:05:19","date_gmt":"2020-11-19T11:05:19","guid":{"rendered":"https:\/\/veteraani.ylirotu.fi\/?page_id=6451"},"modified":"2021-01-19T13:50:41","modified_gmt":"2021-01-19T13:50:41","slug":"fanglagren-och-rattegangarna","status":"publish","type":"page","link":"https:\/\/veteraanienperinto.fi\/index.php\/sv\/infobank\/sjalvstandigheten\/efter-sjalvstandigheten\/fanglagren-och-rattegangarna\/","title":{"rendered":"F\u00e5ngl\u00e4gren och r\u00e4tteg\u00e5ngarna"},"content":{"rendered":"<div id='full_slider_1'  class='avia-fullwidth-slider main_color avia-shadow   avia-builder-el-0  el_before_av_heading  avia-builder-el-first   container_wrap sidebar_right'  ><\/div><div id='after_full_slider_1'  class='main_color av_default_container_wrap container_wrap sidebar_right'  ><div class='container av-section-cont-open' ><div class='template-page content  av-content-small alpha units'><div class='post-entry post-entry-type-page post-entry-6451'><div class='entry-content-wrapper clearfix'>\n\n<style type=\"text\/css\" data-created_by=\"avia_inline_auto\" id=\"style-css-av-kk421v89-7581dfaabdb899fc6f0e5448e135b03c\">\n#top .av-special-heading.av-kk421v89-7581dfaabdb899fc6f0e5448e135b03c{\npadding-bottom:10px;\n}\nbody .av-special-heading.av-kk421v89-7581dfaabdb899fc6f0e5448e135b03c .av-special-heading-tag .heading-char{\nfont-size:25px;\n}\n.av-special-heading.av-kk421v89-7581dfaabdb899fc6f0e5448e135b03c .av-subheading{\nfont-size:15px;\n}\n<\/style>\n<div  class='av-special-heading av-kk421v89-7581dfaabdb899fc6f0e5448e135b03c av-special-heading-h3  avia-builder-el-1  el_after_av_slideshow_full  el_before_av_textblock  avia-builder-el-first '><h3 class='av-special-heading-tag'  itemprop=\"headline\"  >F\u00e5ngl\u00e4gren och r\u00e4tteg\u00e5ngarna<\/h3><div class=\"special-heading-border\"><div class=\"special-heading-inner-border\"><\/div><\/div><\/div>\n<section  class='av_textblock_section av-5j0yv-32ffeda666feb1b866033e60570f395d '   itemscope=\"itemscope\" itemtype=\"https:\/\/schema.org\/CreativeWork\" ><div class='avia_textblock'  itemprop=\"text\" ><h3>F\u00e5ngl\u00e4gren och r\u00e4tteg\u00e5ngarna<\/h3>\n<\/div><\/section>\n<section  class='av_textblock_section av-201hbg-64a166ba3bd36828c34956824f4e54f6 '   itemscope=\"itemscope\" itemtype=\"https:\/\/schema.org\/CreativeWork\" ><div class='avia_textblock'  itemprop=\"text\" ><p><img loading=\"lazy\" decoding=\"async\" class=\"size-medium wp-image-8270 alignright\" src=\"https:\/\/veteraanienperinto.fi\/wp-content\/uploads\/2020\/12\/vang1-300x234.jpg\" alt=\"\" width=\"300\" height=\"234\" srcset=\"https:\/\/veteraanienperinto.fi\/wp-content\/uploads\/2020\/12\/vang1-300x234.jpg 300w, https:\/\/veteraanienperinto.fi\/wp-content\/uploads\/2020\/12\/vang1.jpg 320w\" sizes=\"auto, (max-width: 300px) 100vw, 300px\" \/>Medan kriget p\u00e5gick mognade ett beslut i senaten om att alla som deltagit i de r\u00f6das verksamhet skulle sakenligt f\u00f6rh\u00f6ras, \u00e5talas och d\u00f6mas. Grunden f\u00f6r \u00e5tal skulle f\u00f6rutom v\u00e5ldshandlingar och andra brott vara att man st\u00e4llt sig upp mot den lagliga \u00f6verheten samt landsf\u00f6rr\u00e4diskt samarbete med ryssarna.<\/p>\n<p>D\u00e5 kriget var slut hade regeringens trupper ca 80000 r\u00f6da f\u00e5ngar, bland dem m\u00e5nga kvinnor. F\u00e5ngarna sl\u00e4pptes inte hem, utan de blev tvungna att v\u00e4nta p\u00e5 en s\u00e4rskild r\u00e4tteg\u00e5ng f\u00f6r var och en. R\u00e4tteg\u00e5ngarna begr\u00e4nsades s\u00e5ledes inte till de r\u00f6das ledare eller dem som var misst\u00e4nkta f\u00f6r brott mot liv och egendom utan g\u00e4llde alla. L\u00e4gren hade \u00e5 andra sidan betydelse f\u00f6r de r\u00f6das s\u00e4kerhet, s\u00e5 att de vita inte skulle vidta lokala okontrollerbara h\u00e4mnd- och bestraffnings\u00e5tg\u00e4rder under de upphetsade st\u00e4mningar som r\u00e5dde efter kriget. F\u00f6rh\u00f6ren inleddes genast i mitten av maj, men domstolarna f\u00f6r statsf\u00f6rbrytelser som inr\u00e4ttats f\u00f6r r\u00e4tteg\u00e5ngarna kunde b\u00f6rja sin verksamhet f\u00f6rst i slutet av juni.<\/p>\n<p>I b\u00f6rjan var man tvungen att placera f\u00e5ngarna i mycket primitiva l\u00e4ger och i de tidigare ryska garnisonerna, eftersom man inte berett sig f\u00f6r ett s\u00e5 stort antal f\u00e5ngar. F\u00f6rh\u00e5llandena var bristf\u00e4lliga. Speciellt f\u00f6rpl\u00e4gnaden var otillr\u00e4cklig, eftersom det r\u00e5dde sv\u00e5r livsmedelsbrist i hela landet. Ocks\u00e5 farsoter b\u00f6rjade kr\u00e4va offer. Under n\u00e5gra m\u00e5nader dog 11800-12500 m\u00e4nniskor i f\u00e5ngl\u00e4gren. En stor del dog av sv\u00e4lt. M\u00e5nga f\u00e5ngar frigavs under sommaren 1918, men \u00e4nnu i september fanns 23000 personer kvar.<\/p>\n<p>Vid r\u00e4tteg\u00e5ngarna d\u00f6mdes 1729 personer f\u00f6r h\u00f6gf\u00f6rr\u00e4deri eller landsf\u00f6rr\u00e4deri och 6441 f\u00f6r statsf\u00f6rbrytelser. F\u00f6r medhj\u00e4lp till ifr\u00e5gavarande brott d\u00f6mdes 51513 personer. F\u00f6r mord d\u00f6mdes 621 och f\u00f6r r\u00e5n 1962 personer. Sammanlagt avkunnades 555 d\u00f6dsdomar, av vilka 265 verkst\u00e4lldes. En stor del av domarna bestod av 1-3 \u00e5rs tukthusstraff, vilka i allm\u00e4nhet f\u00f6rklarades villkorliga. Av denna anledning slapp 39400 personer bort fr\u00e5n f\u00e5ngl\u00e4gren strax efter att dom hade avkunnats.<\/p>\n<p>Det mycket stora antalet f\u00e5ngar, den tid som unders\u00f6kningarna oundvikligt tog, samt r\u00e4dslan f\u00f6r ett nytt uppror, som de f\u00f6rra r\u00f6da ledarna som flytt till Ryssland hotade med f\u00f6rdr\u00f6jde en snabb uppl\u00f6sning av f\u00e5ngl\u00e4gren.<\/p>\n<p>F\u00e5ngarnas f\u00f6rh\u00e5llanden f\u00f6rb\u00e4ttrades f\u00f6rh\u00e5llandevis snabbt. En del f\u00e5ngar som avtj\u00e4nat sitt straff med anledning av kriget var \u00e4nd\u00e5 \u00e4nnu p\u00e5 1940- talet i tv\u00e5ngsarbete. Speciellt lidandena under f\u00e5ngl\u00e4grens f\u00f6rsta skeden och i m\u00e5ngas tycke de or\u00e4ttvisa domarna gl\u00f6mdes inte s\u00e5 l\u00e4tt.<\/p>\n<div class=\"art-layout-cell art-sidebar2\">\n<div class=\"art-block clearfix\">\n<div class=\"art-blockcontent\">\n<div class=\"custom\"><\/div>\n<\/div>\n<\/div>\n<\/div>\n<footer class=\"art-footer\">\n<div class=\"custom\"><\/div>\n<\/footer>\n<\/div><\/section>\n","protected":false},"excerpt":{"rendered":"","protected":false},"author":1,"featured_media":0,"parent":6412,"menu_order":8,"comment_status":"closed","ping_status":"closed","template":"","meta":{"footnotes":""},"class_list":["post-6451","page","type-page","status-publish","hentry"],"yoast_head":"<!-- This site is optimized with the Yoast SEO plugin v27.5 - https:\/\/yoast.com\/product\/yoast-seo-wordpress\/ -->\n<title>F\u00e5ngl\u00e4gren och r\u00e4tteg\u00e5ngarna - Veteraanien Perint\u00f6<\/title>\n<meta name=\"robots\" content=\"index, follow, max-snippet:-1, max-image-preview:large, max-video-preview:-1\" \/>\n<link rel=\"canonical\" href=\"https:\/\/veteraanienperinto.fi\/index.php\/sv\/infobank\/sjalvstandigheten\/efter-sjalvstandigheten\/fanglagren-och-rattegangarna\/\" \/>\n<meta property=\"og:locale\" content=\"fi_FI\" \/>\n<meta property=\"og:type\" content=\"article\" \/>\n<meta property=\"og:title\" content=\"F\u00e5ngl\u00e4gren och r\u00e4tteg\u00e5ngarna - Veteraanien Perint\u00f6\" \/>\n<meta property=\"og:url\" content=\"https:\/\/veteraanienperinto.fi\/index.php\/sv\/infobank\/sjalvstandigheten\/efter-sjalvstandigheten\/fanglagren-och-rattegangarna\/\" \/>\n<meta property=\"og:site_name\" content=\"Veteraanien Perint\u00f6\" \/>\n<meta property=\"article:modified_time\" content=\"2021-01-19T13:50:41+00:00\" \/>\n<meta property=\"og:image\" content=\"https:\/\/veteraanienperinto.fi\/wp-content\/uploads\/2020\/12\/vang1-300x234.jpg\" \/>\n<meta name=\"twitter:card\" content=\"summary_large_image\" \/>\n<meta name=\"twitter:label1\" content=\"Arvioitu lukuaika\" \/>\n\t<meta name=\"twitter:data1\" content=\"3 minuuttia\" \/>\n<script type=\"application\/ld+json\" class=\"yoast-schema-graph\">{\"@context\":\"https:\\\/\\\/schema.org\",\"@graph\":[{\"@type\":\"WebPage\",\"@id\":\"https:\\\/\\\/veteraanienperinto.fi\\\/index.php\\\/sv\\\/infobank\\\/sjalvstandigheten\\\/efter-sjalvstandigheten\\\/fanglagren-och-rattegangarna\\\/\",\"url\":\"https:\\\/\\\/veteraanienperinto.fi\\\/index.php\\\/sv\\\/infobank\\\/sjalvstandigheten\\\/efter-sjalvstandigheten\\\/fanglagren-och-rattegangarna\\\/\",\"name\":\"F\u00e5ngl\u00e4gren och r\u00e4tteg\u00e5ngarna - Veteraanien Perint\u00f6\",\"isPartOf\":{\"@id\":\"https:\\\/\\\/veteraanienperinto.fi\\\/#website\"},\"primaryImageOfPage\":{\"@id\":\"https:\\\/\\\/veteraanienperinto.fi\\\/index.php\\\/sv\\\/infobank\\\/sjalvstandigheten\\\/efter-sjalvstandigheten\\\/fanglagren-och-rattegangarna\\\/#primaryimage\"},\"image\":{\"@id\":\"https:\\\/\\\/veteraanienperinto.fi\\\/index.php\\\/sv\\\/infobank\\\/sjalvstandigheten\\\/efter-sjalvstandigheten\\\/fanglagren-och-rattegangarna\\\/#primaryimage\"},\"thumbnailUrl\":\"https:\\\/\\\/veteraanienperinto.fi\\\/wp-content\\\/uploads\\\/2020\\\/12\\\/vang1-300x234.jpg\",\"datePublished\":\"2020-11-19T11:05:19+00:00\",\"dateModified\":\"2021-01-19T13:50:41+00:00\",\"breadcrumb\":{\"@id\":\"https:\\\/\\\/veteraanienperinto.fi\\\/index.php\\\/sv\\\/infobank\\\/sjalvstandigheten\\\/efter-sjalvstandigheten\\\/fanglagren-och-rattegangarna\\\/#breadcrumb\"},\"inLanguage\":\"fi\",\"potentialAction\":[{\"@type\":\"ReadAction\",\"target\":[\"https:\\\/\\\/veteraanienperinto.fi\\\/index.php\\\/sv\\\/infobank\\\/sjalvstandigheten\\\/efter-sjalvstandigheten\\\/fanglagren-och-rattegangarna\\\/\"]}]},{\"@type\":\"ImageObject\",\"inLanguage\":\"fi\",\"@id\":\"https:\\\/\\\/veteraanienperinto.fi\\\/index.php\\\/sv\\\/infobank\\\/sjalvstandigheten\\\/efter-sjalvstandigheten\\\/fanglagren-och-rattegangarna\\\/#primaryimage\",\"url\":\"https:\\\/\\\/veteraanienperinto.fi\\\/wp-content\\\/uploads\\\/2020\\\/12\\\/vang1.jpg\",\"contentUrl\":\"https:\\\/\\\/veteraanienperinto.fi\\\/wp-content\\\/uploads\\\/2020\\\/12\\\/vang1.jpg\",\"width\":320,\"height\":250},{\"@type\":\"BreadcrumbList\",\"@id\":\"https:\\\/\\\/veteraanienperinto.fi\\\/index.php\\\/sv\\\/infobank\\\/sjalvstandigheten\\\/efter-sjalvstandigheten\\\/fanglagren-och-rattegangarna\\\/#breadcrumb\",\"itemListElement\":[{\"@type\":\"ListItem\",\"position\":1,\"name\":\"Etusivu\",\"item\":\"https:\\\/\\\/veteraanienperinto.fi\\\/index.php\\\/etusivu-2\\\/\"},{\"@type\":\"ListItem\",\"position\":2,\"name\":\"Infobank\",\"item\":\"https:\\\/\\\/veteraanienperinto.fi\\\/index.php\\\/sv\\\/infobank\\\/\"},{\"@type\":\"ListItem\",\"position\":3,\"name\":\"Sj\u00e4lvst\u00e4ndigheten\",\"item\":\"https:\\\/\\\/veteraanienperinto.fi\\\/index.php\\\/sv\\\/infobank\\\/sjalvstandigheten\\\/\"},{\"@type\":\"ListItem\",\"position\":4,\"name\":\"Efter sj\u00e4lvst\u00e4ndigheten\",\"item\":\"https:\\\/\\\/veteraanienperinto.fi\\\/index.php\\\/sv\\\/infobank\\\/sjalvstandigheten\\\/efter-sjalvstandigheten\\\/\"},{\"@type\":\"ListItem\",\"position\":5,\"name\":\"F\u00e5ngl\u00e4gren och r\u00e4tteg\u00e5ngarna\"}]},{\"@type\":\"WebSite\",\"@id\":\"https:\\\/\\\/veteraanienperinto.fi\\\/#website\",\"url\":\"https:\\\/\\\/veteraanienperinto.fi\\\/\",\"name\":\"Veteraanien Perint\u00f6\",\"description\":\"Kadettikunta\",\"potentialAction\":[{\"@type\":\"SearchAction\",\"target\":{\"@type\":\"EntryPoint\",\"urlTemplate\":\"https:\\\/\\\/veteraanienperinto.fi\\\/?s={search_term_string}\"},\"query-input\":{\"@type\":\"PropertyValueSpecification\",\"valueRequired\":true,\"valueName\":\"search_term_string\"}}],\"inLanguage\":\"fi\"}]}<\/script>\n<!-- \/ Yoast SEO plugin. -->","yoast_head_json":{"title":"F\u00e5ngl\u00e4gren och r\u00e4tteg\u00e5ngarna - Veteraanien Perint\u00f6","robots":{"index":"index","follow":"follow","max-snippet":"max-snippet:-1","max-image-preview":"max-image-preview:large","max-video-preview":"max-video-preview:-1"},"canonical":"https:\/\/veteraanienperinto.fi\/index.php\/sv\/infobank\/sjalvstandigheten\/efter-sjalvstandigheten\/fanglagren-och-rattegangarna\/","og_locale":"fi_FI","og_type":"article","og_title":"F\u00e5ngl\u00e4gren och r\u00e4tteg\u00e5ngarna - Veteraanien Perint\u00f6","og_url":"https:\/\/veteraanienperinto.fi\/index.php\/sv\/infobank\/sjalvstandigheten\/efter-sjalvstandigheten\/fanglagren-och-rattegangarna\/","og_site_name":"Veteraanien Perint\u00f6","article_modified_time":"2021-01-19T13:50:41+00:00","og_image":[{"url":"https:\/\/veteraanienperinto.fi\/wp-content\/uploads\/2020\/12\/vang1-300x234.jpg","type":"","width":"","height":""}],"twitter_card":"summary_large_image","twitter_misc":{"Arvioitu lukuaika":"3 minuuttia"},"schema":{"@context":"https:\/\/schema.org","@graph":[{"@type":"WebPage","@id":"https:\/\/veteraanienperinto.fi\/index.php\/sv\/infobank\/sjalvstandigheten\/efter-sjalvstandigheten\/fanglagren-och-rattegangarna\/","url":"https:\/\/veteraanienperinto.fi\/index.php\/sv\/infobank\/sjalvstandigheten\/efter-sjalvstandigheten\/fanglagren-och-rattegangarna\/","name":"F\u00e5ngl\u00e4gren och r\u00e4tteg\u00e5ngarna - Veteraanien Perint\u00f6","isPartOf":{"@id":"https:\/\/veteraanienperinto.fi\/#website"},"primaryImageOfPage":{"@id":"https:\/\/veteraanienperinto.fi\/index.php\/sv\/infobank\/sjalvstandigheten\/efter-sjalvstandigheten\/fanglagren-och-rattegangarna\/#primaryimage"},"image":{"@id":"https:\/\/veteraanienperinto.fi\/index.php\/sv\/infobank\/sjalvstandigheten\/efter-sjalvstandigheten\/fanglagren-och-rattegangarna\/#primaryimage"},"thumbnailUrl":"https:\/\/veteraanienperinto.fi\/wp-content\/uploads\/2020\/12\/vang1-300x234.jpg","datePublished":"2020-11-19T11:05:19+00:00","dateModified":"2021-01-19T13:50:41+00:00","breadcrumb":{"@id":"https:\/\/veteraanienperinto.fi\/index.php\/sv\/infobank\/sjalvstandigheten\/efter-sjalvstandigheten\/fanglagren-och-rattegangarna\/#breadcrumb"},"inLanguage":"fi","potentialAction":[{"@type":"ReadAction","target":["https:\/\/veteraanienperinto.fi\/index.php\/sv\/infobank\/sjalvstandigheten\/efter-sjalvstandigheten\/fanglagren-och-rattegangarna\/"]}]},{"@type":"ImageObject","inLanguage":"fi","@id":"https:\/\/veteraanienperinto.fi\/index.php\/sv\/infobank\/sjalvstandigheten\/efter-sjalvstandigheten\/fanglagren-och-rattegangarna\/#primaryimage","url":"https:\/\/veteraanienperinto.fi\/wp-content\/uploads\/2020\/12\/vang1.jpg","contentUrl":"https:\/\/veteraanienperinto.fi\/wp-content\/uploads\/2020\/12\/vang1.jpg","width":320,"height":250},{"@type":"BreadcrumbList","@id":"https:\/\/veteraanienperinto.fi\/index.php\/sv\/infobank\/sjalvstandigheten\/efter-sjalvstandigheten\/fanglagren-och-rattegangarna\/#breadcrumb","itemListElement":[{"@type":"ListItem","position":1,"name":"Etusivu","item":"https:\/\/veteraanienperinto.fi\/index.php\/etusivu-2\/"},{"@type":"ListItem","position":2,"name":"Infobank","item":"https:\/\/veteraanienperinto.fi\/index.php\/sv\/infobank\/"},{"@type":"ListItem","position":3,"name":"Sj\u00e4lvst\u00e4ndigheten","item":"https:\/\/veteraanienperinto.fi\/index.php\/sv\/infobank\/sjalvstandigheten\/"},{"@type":"ListItem","position":4,"name":"Efter sj\u00e4lvst\u00e4ndigheten","item":"https:\/\/veteraanienperinto.fi\/index.php\/sv\/infobank\/sjalvstandigheten\/efter-sjalvstandigheten\/"},{"@type":"ListItem","position":5,"name":"F\u00e5ngl\u00e4gren och r\u00e4tteg\u00e5ngarna"}]},{"@type":"WebSite","@id":"https:\/\/veteraanienperinto.fi\/#website","url":"https:\/\/veteraanienperinto.fi\/","name":"Veteraanien Perint\u00f6","description":"Kadettikunta","potentialAction":[{"@type":"SearchAction","target":{"@type":"EntryPoint","urlTemplate":"https:\/\/veteraanienperinto.fi\/?s={search_term_string}"},"query-input":{"@type":"PropertyValueSpecification","valueRequired":true,"valueName":"search_term_string"}}],"inLanguage":"fi"}]}},"_links":{"self":[{"href":"https:\/\/veteraanienperinto.fi\/index.php\/wp-json\/wp\/v2\/pages\/6451","targetHints":{"allow":["GET"]}}],"collection":[{"href":"https:\/\/veteraanienperinto.fi\/index.php\/wp-json\/wp\/v2\/pages"}],"about":[{"href":"https:\/\/veteraanienperinto.fi\/index.php\/wp-json\/wp\/v2\/types\/page"}],"author":[{"embeddable":true,"href":"https:\/\/veteraanienperinto.fi\/index.php\/wp-json\/wp\/v2\/users\/1"}],"replies":[{"embeddable":true,"href":"https:\/\/veteraanienperinto.fi\/index.php\/wp-json\/wp\/v2\/comments?post=6451"}],"version-history":[{"count":4,"href":"https:\/\/veteraanienperinto.fi\/index.php\/wp-json\/wp\/v2\/pages\/6451\/revisions"}],"predecessor-version":[{"id":10158,"href":"https:\/\/veteraanienperinto.fi\/index.php\/wp-json\/wp\/v2\/pages\/6451\/revisions\/10158"}],"up":[{"embeddable":true,"href":"https:\/\/veteraanienperinto.fi\/index.php\/wp-json\/wp\/v2\/pages\/6412"}],"wp:attachment":[{"href":"https:\/\/veteraanienperinto.fi\/index.php\/wp-json\/wp\/v2\/media?parent=6451"}],"curies":[{"name":"wp","href":"https:\/\/api.w.org\/{rel}","templated":true}]}}