{"id":6463,"date":"2020-11-19T11:09:45","date_gmt":"2020-11-19T11:09:45","guid":{"rendered":"https:\/\/veteraani.ylirotu.fi\/?page_id=6463"},"modified":"2021-01-21T12:19:31","modified_gmt":"2021-01-21T12:19:31","slug":"rintamaveteraaniliitto-ry-sve","status":"publish","type":"page","link":"https:\/\/veteraanienperinto.fi\/index.php\/sv\/infobank\/veteranorganisationer\/rintamaveteraaniliitto-ry-sve\/","title":{"rendered":"Frontveteranernas f\u00f6rbund rf"},"content":{"rendered":"<div id='full_slider_1'  class='avia-fullwidth-slider main_color avia-shadow   avia-builder-el-0  el_before_av_heading  avia-builder-el-first   container_wrap sidebar_right'  ><\/div><div id='after_full_slider_1'  class='main_color av_default_container_wrap container_wrap sidebar_right'  ><div class='container av-section-cont-open' ><div class='template-page content  av-content-small alpha units'><div class='post-entry post-entry-type-page post-entry-6463'><div class='entry-content-wrapper clearfix'>\n\n<style type=\"text\/css\" data-created_by=\"avia_inline_auto\" id=\"style-css-av-av_heading-d7b50a224eb33f451558167df7bc07ff\">\n#top .av-special-heading.av-av_heading-d7b50a224eb33f451558167df7bc07ff{\npadding-bottom:10px;\n}\nbody .av-special-heading.av-av_heading-d7b50a224eb33f451558167df7bc07ff .av-special-heading-tag .heading-char{\nfont-size:25px;\n}\n.av-special-heading.av-av_heading-d7b50a224eb33f451558167df7bc07ff .av-subheading{\nfont-size:15px;\n}\n<\/style>\n<div  class='av-special-heading av-av_heading-d7b50a224eb33f451558167df7bc07ff av-special-heading-h2  avia-builder-el-1  el_after_av_slideshow_full  el_before_av_textblock  avia-builder-el-first '><h2 class='av-special-heading-tag'  itemprop=\"headline\"  >Frontveteranernas f\u00f6rbund rf<\/h2><div class=\"special-heading-border\"><div class=\"special-heading-inner-border\"><\/div><\/div><\/div>\n<section  class='av_textblock_section av-kefnmskk-23e2b079b1f45b867862a0938475648c '   itemscope=\"itemscope\" itemtype=\"https:\/\/schema.org\/CreativeWork\" ><div class='avia_textblock'  itemprop=\"text\" ><p><img loading=\"lazy\" decoding=\"async\" class=\"size-full wp-image-681 alignleft\" src=\"https:\/\/veteraanienperinto.fi\/wp-content\/uploads\/2020\/08\/Rintamavetraaniliitto.png\" alt=\"\" width=\"150\" height=\"150\" srcset=\"https:\/\/veteraanienperinto.fi\/wp-content\/uploads\/2020\/08\/Rintamavetraaniliitto.png 150w, https:\/\/veteraanienperinto.fi\/wp-content\/uploads\/2020\/08\/Rintamavetraaniliitto-80x80.png 80w, https:\/\/veteraanienperinto.fi\/wp-content\/uploads\/2020\/08\/Rintamavetraaniliitto-36x36.png 36w\" sizes=\"auto, (max-width: 150px) 100vw, 150px\" \/><\/p>\n<p>Frontveteranernas f\u00f6rbund grundades 1964 och \u00e4r en intresseorganisation f\u00f6r frontveteraner och deras familjer som deltog i krigen 1939-1945. F\u00f6rbundets syfte att fr\u00e4mja veteranernas intressen. F\u00f6rbundet str\u00e4var till att f\u00f6rb\u00e4ttra veteranernas rehabilitering, pensionsskydd och olika tj\u00e4nster som st\u00f6der deras sj\u00e4lvst\u00e4ndiga boende i sina egna hem. D\u00e5 genomsnitts\u00e5ldern redan 91 \u00e5r kommer behovet av olika tj\u00e4nster att \u00f6ka de n\u00e4rmaste \u00e5ren.<\/p>\n<p>Veteranernas intressebevakning utf\u00f6rs tillsammans med andra veteranorganisationer genom delegationen f\u00f6r finska veteranf\u00f6reningar som inr\u00e4ttades i april 1999.<\/p>\n<p>Denna <a href=\"http:\/\/rintamaveteraaniliitto.fi\/\">l\u00e4nk<\/a> tar dig till f\u00f6rbundets webbsida<\/p>\n<\/div><\/section>\n","protected":false},"excerpt":{"rendered":"","protected":false},"author":1,"featured_media":0,"parent":6455,"menu_order":2,"comment_status":"closed","ping_status":"closed","template":"","meta":{"footnotes":""},"class_list":["post-6463","page","type-page","status-publish","hentry"],"yoast_head":"<!-- This site is optimized with the Yoast SEO plugin v27.5 - https:\/\/yoast.com\/product\/yoast-seo-wordpress\/ -->\n<title>Frontveteranernas f\u00f6rbund rf - Veteraanien Perint\u00f6<\/title>\n<meta name=\"robots\" content=\"index, follow, max-snippet:-1, max-image-preview:large, max-video-preview:-1\" \/>\n<link rel=\"canonical\" href=\"https:\/\/veteraanienperinto.fi\/index.php\/sv\/infobank\/veteranorganisationer\/rintamaveteraaniliitto-ry-sve\/\" \/>\n<meta property=\"og:locale\" content=\"fi_FI\" \/>\n<meta property=\"og:type\" content=\"article\" \/>\n<meta property=\"og:title\" content=\"Frontveteranernas f\u00f6rbund rf - Veteraanien Perint\u00f6\" \/>\n<meta property=\"og:url\" content=\"https:\/\/veteraanienperinto.fi\/index.php\/sv\/infobank\/veteranorganisationer\/rintamaveteraaniliitto-ry-sve\/\" \/>\n<meta property=\"og:site_name\" content=\"Veteraanien Perint\u00f6\" \/>\n<meta property=\"article:modified_time\" content=\"2021-01-21T12:19:31+00:00\" \/>\n<meta property=\"og:image\" content=\"https:\/\/veteraanienperinto.fi\/wp-content\/uploads\/2020\/08\/Rintamavetraaniliitto.png\" \/>\n<meta name=\"twitter:card\" content=\"summary_large_image\" \/>\n<meta name=\"twitter:label1\" content=\"Arvioitu lukuaika\" \/>\n\t<meta name=\"twitter:data1\" content=\"1 minuutti\" \/>\n<script type=\"application\/ld+json\" class=\"yoast-schema-graph\">{\"@context\":\"https:\\\/\\\/schema.org\",\"@graph\":[{\"@type\":\"WebPage\",\"@id\":\"https:\\\/\\\/veteraanienperinto.fi\\\/index.php\\\/sv\\\/infobank\\\/veteranorganisationer\\\/rintamaveteraaniliitto-ry-sve\\\/\",\"url\":\"https:\\\/\\\/veteraanienperinto.fi\\\/index.php\\\/sv\\\/infobank\\\/veteranorganisationer\\\/rintamaveteraaniliitto-ry-sve\\\/\",\"name\":\"Frontveteranernas f\u00f6rbund rf - Veteraanien Perint\u00f6\",\"isPartOf\":{\"@id\":\"https:\\\/\\\/veteraanienperinto.fi\\\/#website\"},\"primaryImageOfPage\":{\"@id\":\"https:\\\/\\\/veteraanienperinto.fi\\\/index.php\\\/sv\\\/infobank\\\/veteranorganisationer\\\/rintamaveteraaniliitto-ry-sve\\\/#primaryimage\"},\"image\":{\"@id\":\"https:\\\/\\\/veteraanienperinto.fi\\\/index.php\\\/sv\\\/infobank\\\/veteranorganisationer\\\/rintamaveteraaniliitto-ry-sve\\\/#primaryimage\"},\"thumbnailUrl\":\"https:\\\/\\\/veteraanienperinto.fi\\\/wp-content\\\/uploads\\\/2020\\\/08\\\/Rintamavetraaniliitto.png\",\"datePublished\":\"2020-11-19T11:09:45+00:00\",\"dateModified\":\"2021-01-21T12:19:31+00:00\",\"breadcrumb\":{\"@id\":\"https:\\\/\\\/veteraanienperinto.fi\\\/index.php\\\/sv\\\/infobank\\\/veteranorganisationer\\\/rintamaveteraaniliitto-ry-sve\\\/#breadcrumb\"},\"inLanguage\":\"fi\",\"potentialAction\":[{\"@type\":\"ReadAction\",\"target\":[\"https:\\\/\\\/veteraanienperinto.fi\\\/index.php\\\/sv\\\/infobank\\\/veteranorganisationer\\\/rintamaveteraaniliitto-ry-sve\\\/\"]}]},{\"@type\":\"ImageObject\",\"inLanguage\":\"fi\",\"@id\":\"https:\\\/\\\/veteraanienperinto.fi\\\/index.php\\\/sv\\\/infobank\\\/veteranorganisationer\\\/rintamaveteraaniliitto-ry-sve\\\/#primaryimage\",\"url\":\"https:\\\/\\\/veteraanienperinto.fi\\\/wp-content\\\/uploads\\\/2020\\\/08\\\/Rintamavetraaniliitto.png\",\"contentUrl\":\"https:\\\/\\\/veteraanienperinto.fi\\\/wp-content\\\/uploads\\\/2020\\\/08\\\/Rintamavetraaniliitto.png\",\"width\":150,\"height\":150},{\"@type\":\"BreadcrumbList\",\"@id\":\"https:\\\/\\\/veteraanienperinto.fi\\\/index.php\\\/sv\\\/infobank\\\/veteranorganisationer\\\/rintamaveteraaniliitto-ry-sve\\\/#breadcrumb\",\"itemListElement\":[{\"@type\":\"ListItem\",\"position\":1,\"name\":\"Etusivu\",\"item\":\"https:\\\/\\\/veteraanienperinto.fi\\\/index.php\\\/etusivu-2\\\/\"},{\"@type\":\"ListItem\",\"position\":2,\"name\":\"Infobank\",\"item\":\"https:\\\/\\\/veteraanienperinto.fi\\\/index.php\\\/sv\\\/infobank\\\/\"},{\"@type\":\"ListItem\",\"position\":3,\"name\":\"Veteranorganisationer\",\"item\":\"https:\\\/\\\/veteraanienperinto.fi\\\/index.php\\\/sv\\\/infobank\\\/veteranorganisationer\\\/\"},{\"@type\":\"ListItem\",\"position\":4,\"name\":\"Frontveteranernas f\u00f6rbund rf\"}]},{\"@type\":\"WebSite\",\"@id\":\"https:\\\/\\\/veteraanienperinto.fi\\\/#website\",\"url\":\"https:\\\/\\\/veteraanienperinto.fi\\\/\",\"name\":\"Veteraanien Perint\u00f6\",\"description\":\"Kadettikunta\",\"potentialAction\":[{\"@type\":\"SearchAction\",\"target\":{\"@type\":\"EntryPoint\",\"urlTemplate\":\"https:\\\/\\\/veteraanienperinto.fi\\\/?s={search_term_string}\"},\"query-input\":{\"@type\":\"PropertyValueSpecification\",\"valueRequired\":true,\"valueName\":\"search_term_string\"}}],\"inLanguage\":\"fi\"}]}<\/script>\n<!-- \/ Yoast SEO plugin. -->","yoast_head_json":{"title":"Frontveteranernas f\u00f6rbund rf - Veteraanien Perint\u00f6","robots":{"index":"index","follow":"follow","max-snippet":"max-snippet:-1","max-image-preview":"max-image-preview:large","max-video-preview":"max-video-preview:-1"},"canonical":"https:\/\/veteraanienperinto.fi\/index.php\/sv\/infobank\/veteranorganisationer\/rintamaveteraaniliitto-ry-sve\/","og_locale":"fi_FI","og_type":"article","og_title":"Frontveteranernas f\u00f6rbund rf - Veteraanien Perint\u00f6","og_url":"https:\/\/veteraanienperinto.fi\/index.php\/sv\/infobank\/veteranorganisationer\/rintamaveteraaniliitto-ry-sve\/","og_site_name":"Veteraanien Perint\u00f6","article_modified_time":"2021-01-21T12:19:31+00:00","og_image":[{"url":"https:\/\/veteraanienperinto.fi\/wp-content\/uploads\/2020\/08\/Rintamavetraaniliitto.png","type":"","width":"","height":""}],"twitter_card":"summary_large_image","twitter_misc":{"Arvioitu lukuaika":"1 minuutti"},"schema":{"@context":"https:\/\/schema.org","@graph":[{"@type":"WebPage","@id":"https:\/\/veteraanienperinto.fi\/index.php\/sv\/infobank\/veteranorganisationer\/rintamaveteraaniliitto-ry-sve\/","url":"https:\/\/veteraanienperinto.fi\/index.php\/sv\/infobank\/veteranorganisationer\/rintamaveteraaniliitto-ry-sve\/","name":"Frontveteranernas f\u00f6rbund rf - Veteraanien Perint\u00f6","isPartOf":{"@id":"https:\/\/veteraanienperinto.fi\/#website"},"primaryImageOfPage":{"@id":"https:\/\/veteraanienperinto.fi\/index.php\/sv\/infobank\/veteranorganisationer\/rintamaveteraaniliitto-ry-sve\/#primaryimage"},"image":{"@id":"https:\/\/veteraanienperinto.fi\/index.php\/sv\/infobank\/veteranorganisationer\/rintamaveteraaniliitto-ry-sve\/#primaryimage"},"thumbnailUrl":"https:\/\/veteraanienperinto.fi\/wp-content\/uploads\/2020\/08\/Rintamavetraaniliitto.png","datePublished":"2020-11-19T11:09:45+00:00","dateModified":"2021-01-21T12:19:31+00:00","breadcrumb":{"@id":"https:\/\/veteraanienperinto.fi\/index.php\/sv\/infobank\/veteranorganisationer\/rintamaveteraaniliitto-ry-sve\/#breadcrumb"},"inLanguage":"fi","potentialAction":[{"@type":"ReadAction","target":["https:\/\/veteraanienperinto.fi\/index.php\/sv\/infobank\/veteranorganisationer\/rintamaveteraaniliitto-ry-sve\/"]}]},{"@type":"ImageObject","inLanguage":"fi","@id":"https:\/\/veteraanienperinto.fi\/index.php\/sv\/infobank\/veteranorganisationer\/rintamaveteraaniliitto-ry-sve\/#primaryimage","url":"https:\/\/veteraanienperinto.fi\/wp-content\/uploads\/2020\/08\/Rintamavetraaniliitto.png","contentUrl":"https:\/\/veteraanienperinto.fi\/wp-content\/uploads\/2020\/08\/Rintamavetraaniliitto.png","width":150,"height":150},{"@type":"BreadcrumbList","@id":"https:\/\/veteraanienperinto.fi\/index.php\/sv\/infobank\/veteranorganisationer\/rintamaveteraaniliitto-ry-sve\/#breadcrumb","itemListElement":[{"@type":"ListItem","position":1,"name":"Etusivu","item":"https:\/\/veteraanienperinto.fi\/index.php\/etusivu-2\/"},{"@type":"ListItem","position":2,"name":"Infobank","item":"https:\/\/veteraanienperinto.fi\/index.php\/sv\/infobank\/"},{"@type":"ListItem","position":3,"name":"Veteranorganisationer","item":"https:\/\/veteraanienperinto.fi\/index.php\/sv\/infobank\/veteranorganisationer\/"},{"@type":"ListItem","position":4,"name":"Frontveteranernas f\u00f6rbund rf"}]},{"@type":"WebSite","@id":"https:\/\/veteraanienperinto.fi\/#website","url":"https:\/\/veteraanienperinto.fi\/","name":"Veteraanien Perint\u00f6","description":"Kadettikunta","potentialAction":[{"@type":"SearchAction","target":{"@type":"EntryPoint","urlTemplate":"https:\/\/veteraanienperinto.fi\/?s={search_term_string}"},"query-input":{"@type":"PropertyValueSpecification","valueRequired":true,"valueName":"search_term_string"}}],"inLanguage":"fi"}]}},"_links":{"self":[{"href":"https:\/\/veteraanienperinto.fi\/index.php\/wp-json\/wp\/v2\/pages\/6463","targetHints":{"allow":["GET"]}}],"collection":[{"href":"https:\/\/veteraanienperinto.fi\/index.php\/wp-json\/wp\/v2\/pages"}],"about":[{"href":"https:\/\/veteraanienperinto.fi\/index.php\/wp-json\/wp\/v2\/types\/page"}],"author":[{"embeddable":true,"href":"https:\/\/veteraanienperinto.fi\/index.php\/wp-json\/wp\/v2\/users\/1"}],"replies":[{"embeddable":true,"href":"https:\/\/veteraanienperinto.fi\/index.php\/wp-json\/wp\/v2\/comments?post=6463"}],"version-history":[{"count":6,"href":"https:\/\/veteraanienperinto.fi\/index.php\/wp-json\/wp\/v2\/pages\/6463\/revisions"}],"predecessor-version":[{"id":10303,"href":"https:\/\/veteraanienperinto.fi\/index.php\/wp-json\/wp\/v2\/pages\/6463\/revisions\/10303"}],"up":[{"embeddable":true,"href":"https:\/\/veteraanienperinto.fi\/index.php\/wp-json\/wp\/v2\/pages\/6455"}],"wp:attachment":[{"href":"https:\/\/veteraanienperinto.fi\/index.php\/wp-json\/wp\/v2\/media?parent=6463"}],"curies":[{"name":"wp","href":"https:\/\/api.w.org\/{rel}","templated":true}]}}

Frontveteranernas förbund rf

<div id='full_slider_1'  class='avia-fullwidth-slider main_color avia-shadow   avia-builder-el-0  el_before_av_heading  avia-builder-el-first   container_wrap sidebar_right'  ></div><div id='after_full_slider_1'  class='main_color av_default_container_wrap container_wrap sidebar_right'  ><div class='container av-section-cont-open' ><div class='template-page content  av-content-small alpha units'><div class='post-entry post-entry-type-page post-entry-6463'><div class='entry-content-wrapper clearfix'>

<style type="text/css" data-created_by="avia_inline_auto" id="style-css-av-av_heading-d7b50a224eb33f451558167df7bc07ff">
#top .av-special-heading.av-av_heading-d7b50a224eb33f451558167df7bc07ff{
padding-bottom:10px;
}
body .av-special-heading.av-av_heading-d7b50a224eb33f451558167df7bc07ff .av-special-heading-tag .heading-char{
font-size:25px;
}
.av-special-heading.av-av_heading-d7b50a224eb33f451558167df7bc07ff .av-subheading{
font-size:15px;
}
</style>
<div  class='av-special-heading av-av_heading-d7b50a224eb33f451558167df7bc07ff av-special-heading-h2  avia-builder-el-1  el_after_av_slideshow_full  el_before_av_textblock  avia-builder-el-first '><h2 class='av-special-heading-tag'  itemprop="headline"  >Frontveteranernas förbund rf</h2><div class="special-heading-border"><div class="special-heading-inner-border"></div></div></div>
<section  class='av_textblock_section av-kefnmskk-23e2b079b1f45b867862a0938475648c '   itemscope="itemscope" itemtype="https://schema.org/CreativeWork" ><div class='avia_textblock'  itemprop="text" ><p><img loading="lazy" decoding="async" class="size-full wp-image-681 alignleft" src="https://veteraanienperinto.fi/wp-content/uploads/2020/08/Rintamavetraaniliitto.png" alt="" width="150" height="150" srcset="https://veteraanienperinto.fi/wp-content/uploads/2020/08/Rintamavetraaniliitto.png 150w, https://veteraanienperinto.fi/wp-content/uploads/2020/08/Rintamavetraaniliitto-80x80.png 80w, https://veteraanienperinto.fi/wp-content/uploads/2020/08/Rintamavetraaniliitto-36x36.png 36w" sizes="auto, (max-width: 150px) 100vw, 150px" /></p>
<p>Frontveteranernas förbund grundades 1964 och är en intresseorganisation för frontveteraner och deras familjer som deltog i krigen 1939-1945. Förbundets syfte att främja veteranernas intressen. Förbundet strävar till att förbättra veteranernas rehabilitering, pensionsskydd och olika tjänster som stöder deras självständiga boende i sina egna hem. Då genomsnittsåldern redan 91 år kommer behovet av olika tjänster att öka de närmaste åren.</p>
<p>Veteranernas intressebevakning utförs tillsammans med andra veteranorganisationer genom delegationen för finska veteranföreningar som inrättades i april 1999.</p>
<p>Denna <a href="http://rintamaveteraaniliitto.fi/">länk</a> tar dig till förbundets webbsida</p>
</div></section>

<!-- This site is optimized with the Yoast SEO plugin v27.5 - https://yoast.com/product/yoast-seo-wordpress/ -->
<title>Frontveteranernas förbund rf - Veteraanien Perintö</title>
<meta name="robots" content="index, follow, max-snippet:-1, max-image-preview:large, max-video-preview:-1" />
<link rel="canonical" href="https://veteraanienperinto.fi/index.php/sv/infobank/veteranorganisationer/rintamaveteraaniliitto-ry-sve/" />
<meta property="og:locale" content="fi_FI" />
<meta property="og:type" content="article" />
<meta property="og:title" content="Frontveteranernas förbund rf - Veteraanien Perintö" />
<meta property="og:url" content="https://veteraanienperinto.fi/index.php/sv/infobank/veteranorganisationer/rintamaveteraaniliitto-ry-sve/" />
<meta property="og:site_name" content="Veteraanien Perintö" />
<meta property="article:modified_time" content="2021-01-21T12:19:31+00:00" />
<meta property="og:image" content="https://veteraanienperinto.fi/wp-content/uploads/2020/08/Rintamavetraaniliitto.png" />
<meta name="twitter:card" content="summary_large_image" />
<meta name="twitter:label1" content="Arvioitu lukuaika" />
	<meta name="twitter:data1" content="1 minuutti" />
<script type="application/ld+json" class="yoast-schema-graph">{"@context":"https:\/\/schema.org","@graph":[{"@type":"WebPage","@id":"https:\/\/veteraanienperinto.fi\/index.php\/sv\/infobank\/veteranorganisationer\/rintamaveteraaniliitto-ry-sve\/","url":"https:\/\/veteraanienperinto.fi\/index.php\/sv\/infobank\/veteranorganisationer\/rintamaveteraaniliitto-ry-sve\/","name":"Frontveteranernas förbund rf - Veteraanien Perintö","isPartOf":{"@id":"https:\/\/veteraanienperinto.fi\/#website"},"primaryImageOfPage":{"@id":"https:\/\/veteraanienperinto.fi\/index.php\/sv\/infobank\/veteranorganisationer\/rintamaveteraaniliitto-ry-sve\/#primaryimage"},"image":{"@id":"https:\/\/veteraanienperinto.fi\/index.php\/sv\/infobank\/veteranorganisationer\/rintamaveteraaniliitto-ry-sve\/#primaryimage"},"thumbnailUrl":"https:\/\/veteraanienperinto.fi\/wp-content\/uploads\/2020\/08\/Rintamavetraaniliitto.png","datePublished":"2020-11-19T11:09:45+00:00","dateModified":"2021-01-21T12:19:31+00:00","breadcrumb":{"@id":"https:\/\/veteraanienperinto.fi\/index.php\/sv\/infobank\/veteranorganisationer\/rintamaveteraaniliitto-ry-sve\/#breadcrumb"},"inLanguage":"fi","potentialAction":[{"@type":"ReadAction","target":["https:\/\/veteraanienperinto.fi\/index.php\/sv\/infobank\/veteranorganisationer\/rintamaveteraaniliitto-ry-sve\/"]}]},{"@type":"ImageObject","inLanguage":"fi","@id":"https:\/\/veteraanienperinto.fi\/index.php\/sv\/infobank\/veteranorganisationer\/rintamaveteraaniliitto-ry-sve\/#primaryimage","url":"https:\/\/veteraanienperinto.fi\/wp-content\/uploads\/2020\/08\/Rintamavetraaniliitto.png","contentUrl":"https:\/\/veteraanienperinto.fi\/wp-content\/uploads\/2020\/08\/Rintamavetraaniliitto.png","width":150,"height":150},{"@type":"BreadcrumbList","@id":"https:\/\/veteraanienperinto.fi\/index.php\/sv\/infobank\/veteranorganisationer\/rintamaveteraaniliitto-ry-sve\/#breadcrumb","itemListElement":[{"@type":"ListItem","position":1,"name":"Etusivu","item":"https:\/\/veteraanienperinto.fi\/index.php\/etusivu-2\/"},{"@type":"ListItem","position":2,"name":"Infobank","item":"https:\/\/veteraanienperinto.fi\/index.php\/sv\/infobank\/"},{"@type":"ListItem","position":3,"name":"Veteranorganisationer","item":"https:\/\/veteraanienperinto.fi\/index.php\/sv\/infobank\/veteranorganisationer\/"},{"@type":"ListItem","position":4,"name":"Frontveteranernas förbund rf"}]},{"@type":"WebSite","@id":"https:\/\/veteraanienperinto.fi\/#website","url":"https:\/\/veteraanienperinto.fi\/","name":"Veteraanien Perintö","description":"Kadettikunta","potentialAction":[{"@type":"SearchAction","target":{"@type":"EntryPoint","urlTemplate":"https:\/\/veteraanienperinto.fi\/?s={search_term_string}"},"query-input":{"@type":"PropertyValueSpecification","valueRequired":true,"valueName":"search_term_string"}}],"inLanguage":"fi"}]}</script>
<!-- / Yoast SEO plugin. -->

Frontveteranernas förbund rf - Veteraanien Perintö

Veteraanien Perintö
