{"id":6467,"date":"2020-11-19T11:11:01","date_gmt":"2020-11-19T11:11:01","guid":{"rendered":"https:\/\/veteraani.ylirotu.fi\/?page_id=6467"},"modified":"2021-01-21T12:29:23","modified_gmt":"2021-01-21T12:29:23","slug":"sotainvalidien-veljesliitto-ry-sve","status":"publish","type":"page","link":"https:\/\/veteraanienperinto.fi\/index.php\/sv\/infobank\/veteranorganisationer\/sotainvalidien-veljesliitto-ry-sve\/","title":{"rendered":"Krigsinvalidernas Br\u00f6draf\u00f6rbund rf"},"content":{"rendered":"<div id='full_slider_1'  class='avia-fullwidth-slider main_color avia-shadow   avia-builder-el-0  el_before_av_heading  avia-builder-el-first   container_wrap sidebar_right'  ><\/div><div id='after_full_slider_1'  class='main_color av_default_container_wrap container_wrap sidebar_right'  ><div class='container av-section-cont-open' ><div class='template-page content  av-content-small alpha units'><div class='post-entry post-entry-type-page post-entry-6467'><div class='entry-content-wrapper clearfix'>\n\n<style type=\"text\/css\" data-created_by=\"avia_inline_auto\" id=\"style-css-av-av_heading-a2791208b3278d9b10cb697142650edd\">\n#top .av-special-heading.av-av_heading-a2791208b3278d9b10cb697142650edd{\npadding-bottom:10px;\n}\nbody .av-special-heading.av-av_heading-a2791208b3278d9b10cb697142650edd .av-special-heading-tag .heading-char{\nfont-size:25px;\n}\n.av-special-heading.av-av_heading-a2791208b3278d9b10cb697142650edd .av-subheading{\nfont-size:15px;\n}\n<\/style>\n<div  class='av-special-heading av-av_heading-a2791208b3278d9b10cb697142650edd av-special-heading-h2  avia-builder-el-1  el_after_av_slideshow_full  el_before_av_textblock  avia-builder-el-first '><h2 class='av-special-heading-tag'  itemprop=\"headline\"  >Krigsinvalidernas Br\u00f6draf\u00f6rbund rf<\/h2><div class=\"special-heading-border\"><div class=\"special-heading-inner-border\"><\/div><\/div><\/div>\n<section  class='av_textblock_section av-kefnmskk-23e2b079b1f45b867862a0938475648c '   itemscope=\"itemscope\" itemtype=\"https:\/\/schema.org\/CreativeWork\" ><div class='avia_textblock'  itemprop=\"text\" ><p><img loading=\"lazy\" decoding=\"async\" class=\"alignleft wp-image-687\" src=\"https:\/\/veteraanienperinto.fi\/wp-content\/uploads\/2020\/08\/si_merkki-277x300.jpg\" alt=\"\" width=\"130\" height=\"141\" srcset=\"https:\/\/veteraanienperinto.fi\/wp-content\/uploads\/2020\/08\/si_merkki-277x300.jpg 277w, https:\/\/veteraanienperinto.fi\/wp-content\/uploads\/2020\/08\/si_merkki-651x705.jpg 651w, https:\/\/veteraanienperinto.fi\/wp-content\/uploads\/2020\/08\/si_merkki.jpg 709w\" sizes=\"auto, (max-width: 130px) 100vw, 130px\" \/><\/p>\n<p><strong>Krigsinvalidernas Br\u00f6draf\u00f6rbund<\/strong> \u00e4r en intresseorganisation f\u00f6r service och br\u00f6derskap f\u00f6r de som skadades i kriget. F\u00f6rbundet grundades den 18 augusti 1940 och \u00e4r den \u00e4ldsta veteranorganisationen i Finland.<\/p>\n<p>Huvudsaken i krigsinvalidsarbete har alltid varit en stark f\u00e4ltorganisation och lokal kunskap, vilket har m\u00f6jliggjort att n\u00e5 s\u00e5 m\u00e5nga krigsinvalider som m\u00f6jligt och d\u00e4rmed har de f\u00e5tt den hj\u00e4lp som de beh\u00f6ver.<\/p>\n<p>Denna <a href=\"https:\/\/sotainvalidit.fi\/\">l\u00e4nk<\/a> tar dig till f\u00f6rbundets webbsida.<\/p>\n<\/div><\/section>\n","protected":false},"excerpt":{"rendered":"","protected":false},"author":1,"featured_media":0,"parent":6455,"menu_order":3,"comment_status":"closed","ping_status":"closed","template":"","meta":{"footnotes":""},"class_list":["post-6467","page","type-page","status-publish","hentry"],"yoast_head":"<!-- This site is optimized with the Yoast SEO plugin v27.5 - https:\/\/yoast.com\/product\/yoast-seo-wordpress\/ -->\n<title>Krigsinvalidernas Br\u00f6draf\u00f6rbund rf - Veteraanien Perint\u00f6<\/title>\n<meta name=\"robots\" content=\"index, follow, max-snippet:-1, max-image-preview:large, max-video-preview:-1\" \/>\n<link rel=\"canonical\" href=\"https:\/\/veteraanienperinto.fi\/index.php\/sv\/infobank\/veteranorganisationer\/sotainvalidien-veljesliitto-ry-sve\/\" \/>\n<meta property=\"og:locale\" content=\"fi_FI\" \/>\n<meta property=\"og:type\" content=\"article\" \/>\n<meta property=\"og:title\" content=\"Krigsinvalidernas Br\u00f6draf\u00f6rbund rf - Veteraanien Perint\u00f6\" \/>\n<meta property=\"og:url\" content=\"https:\/\/veteraanienperinto.fi\/index.php\/sv\/infobank\/veteranorganisationer\/sotainvalidien-veljesliitto-ry-sve\/\" \/>\n<meta property=\"og:site_name\" content=\"Veteraanien Perint\u00f6\" \/>\n<meta property=\"article:modified_time\" content=\"2021-01-21T12:29:23+00:00\" \/>\n<meta property=\"og:image\" content=\"https:\/\/veteraanienperinto.fi\/wp-content\/uploads\/2020\/08\/si_merkki-277x300.jpg\" \/>\n<meta name=\"twitter:card\" content=\"summary_large_image\" \/>\n<meta name=\"twitter:label1\" content=\"Arvioitu lukuaika\" \/>\n\t<meta name=\"twitter:data1\" content=\"1 minuutti\" \/>\n<script type=\"application\/ld+json\" class=\"yoast-schema-graph\">{\"@context\":\"https:\\\/\\\/schema.org\",\"@graph\":[{\"@type\":\"WebPage\",\"@id\":\"https:\\\/\\\/veteraanienperinto.fi\\\/index.php\\\/sv\\\/infobank\\\/veteranorganisationer\\\/sotainvalidien-veljesliitto-ry-sve\\\/\",\"url\":\"https:\\\/\\\/veteraanienperinto.fi\\\/index.php\\\/sv\\\/infobank\\\/veteranorganisationer\\\/sotainvalidien-veljesliitto-ry-sve\\\/\",\"name\":\"Krigsinvalidernas Br\u00f6draf\u00f6rbund rf - Veteraanien Perint\u00f6\",\"isPartOf\":{\"@id\":\"https:\\\/\\\/veteraanienperinto.fi\\\/#website\"},\"primaryImageOfPage\":{\"@id\":\"https:\\\/\\\/veteraanienperinto.fi\\\/index.php\\\/sv\\\/infobank\\\/veteranorganisationer\\\/sotainvalidien-veljesliitto-ry-sve\\\/#primaryimage\"},\"image\":{\"@id\":\"https:\\\/\\\/veteraanienperinto.fi\\\/index.php\\\/sv\\\/infobank\\\/veteranorganisationer\\\/sotainvalidien-veljesliitto-ry-sve\\\/#primaryimage\"},\"thumbnailUrl\":\"https:\\\/\\\/veteraanienperinto.fi\\\/wp-content\\\/uploads\\\/2020\\\/08\\\/si_merkki-277x300.jpg\",\"datePublished\":\"2020-11-19T11:11:01+00:00\",\"dateModified\":\"2021-01-21T12:29:23+00:00\",\"breadcrumb\":{\"@id\":\"https:\\\/\\\/veteraanienperinto.fi\\\/index.php\\\/sv\\\/infobank\\\/veteranorganisationer\\\/sotainvalidien-veljesliitto-ry-sve\\\/#breadcrumb\"},\"inLanguage\":\"fi\",\"potentialAction\":[{\"@type\":\"ReadAction\",\"target\":[\"https:\\\/\\\/veteraanienperinto.fi\\\/index.php\\\/sv\\\/infobank\\\/veteranorganisationer\\\/sotainvalidien-veljesliitto-ry-sve\\\/\"]}]},{\"@type\":\"ImageObject\",\"inLanguage\":\"fi\",\"@id\":\"https:\\\/\\\/veteraanienperinto.fi\\\/index.php\\\/sv\\\/infobank\\\/veteranorganisationer\\\/sotainvalidien-veljesliitto-ry-sve\\\/#primaryimage\",\"url\":\"https:\\\/\\\/veteraanienperinto.fi\\\/wp-content\\\/uploads\\\/2020\\\/08\\\/si_merkki.jpg\",\"contentUrl\":\"https:\\\/\\\/veteraanienperinto.fi\\\/wp-content\\\/uploads\\\/2020\\\/08\\\/si_merkki.jpg\",\"width\":709,\"height\":768},{\"@type\":\"BreadcrumbList\",\"@id\":\"https:\\\/\\\/veteraanienperinto.fi\\\/index.php\\\/sv\\\/infobank\\\/veteranorganisationer\\\/sotainvalidien-veljesliitto-ry-sve\\\/#breadcrumb\",\"itemListElement\":[{\"@type\":\"ListItem\",\"position\":1,\"name\":\"Etusivu\",\"item\":\"https:\\\/\\\/veteraanienperinto.fi\\\/index.php\\\/etusivu-2\\\/\"},{\"@type\":\"ListItem\",\"position\":2,\"name\":\"Infobank\",\"item\":\"https:\\\/\\\/veteraanienperinto.fi\\\/index.php\\\/sv\\\/infobank\\\/\"},{\"@type\":\"ListItem\",\"position\":3,\"name\":\"Veteranorganisationer\",\"item\":\"https:\\\/\\\/veteraanienperinto.fi\\\/index.php\\\/sv\\\/infobank\\\/veteranorganisationer\\\/\"},{\"@type\":\"ListItem\",\"position\":4,\"name\":\"Krigsinvalidernas Br\u00f6draf\u00f6rbund rf\"}]},{\"@type\":\"WebSite\",\"@id\":\"https:\\\/\\\/veteraanienperinto.fi\\\/#website\",\"url\":\"https:\\\/\\\/veteraanienperinto.fi\\\/\",\"name\":\"Veteraanien Perint\u00f6\",\"description\":\"Kadettikunta\",\"potentialAction\":[{\"@type\":\"SearchAction\",\"target\":{\"@type\":\"EntryPoint\",\"urlTemplate\":\"https:\\\/\\\/veteraanienperinto.fi\\\/?s={search_term_string}\"},\"query-input\":{\"@type\":\"PropertyValueSpecification\",\"valueRequired\":true,\"valueName\":\"search_term_string\"}}],\"inLanguage\":\"fi\"}]}<\/script>\n<!-- \/ Yoast SEO plugin. -->","yoast_head_json":{"title":"Krigsinvalidernas Br\u00f6draf\u00f6rbund rf - Veteraanien Perint\u00f6","robots":{"index":"index","follow":"follow","max-snippet":"max-snippet:-1","max-image-preview":"max-image-preview:large","max-video-preview":"max-video-preview:-1"},"canonical":"https:\/\/veteraanienperinto.fi\/index.php\/sv\/infobank\/veteranorganisationer\/sotainvalidien-veljesliitto-ry-sve\/","og_locale":"fi_FI","og_type":"article","og_title":"Krigsinvalidernas Br\u00f6draf\u00f6rbund rf - Veteraanien Perint\u00f6","og_url":"https:\/\/veteraanienperinto.fi\/index.php\/sv\/infobank\/veteranorganisationer\/sotainvalidien-veljesliitto-ry-sve\/","og_site_name":"Veteraanien Perint\u00f6","article_modified_time":"2021-01-21T12:29:23+00:00","og_image":[{"url":"https:\/\/veteraanienperinto.fi\/wp-content\/uploads\/2020\/08\/si_merkki-277x300.jpg","type":"","width":"","height":""}],"twitter_card":"summary_large_image","twitter_misc":{"Arvioitu lukuaika":"1 minuutti"},"schema":{"@context":"https:\/\/schema.org","@graph":[{"@type":"WebPage","@id":"https:\/\/veteraanienperinto.fi\/index.php\/sv\/infobank\/veteranorganisationer\/sotainvalidien-veljesliitto-ry-sve\/","url":"https:\/\/veteraanienperinto.fi\/index.php\/sv\/infobank\/veteranorganisationer\/sotainvalidien-veljesliitto-ry-sve\/","name":"Krigsinvalidernas Br\u00f6draf\u00f6rbund rf - Veteraanien Perint\u00f6","isPartOf":{"@id":"https:\/\/veteraanienperinto.fi\/#website"},"primaryImageOfPage":{"@id":"https:\/\/veteraanienperinto.fi\/index.php\/sv\/infobank\/veteranorganisationer\/sotainvalidien-veljesliitto-ry-sve\/#primaryimage"},"image":{"@id":"https:\/\/veteraanienperinto.fi\/index.php\/sv\/infobank\/veteranorganisationer\/sotainvalidien-veljesliitto-ry-sve\/#primaryimage"},"thumbnailUrl":"https:\/\/veteraanienperinto.fi\/wp-content\/uploads\/2020\/08\/si_merkki-277x300.jpg","datePublished":"2020-11-19T11:11:01+00:00","dateModified":"2021-01-21T12:29:23+00:00","breadcrumb":{"@id":"https:\/\/veteraanienperinto.fi\/index.php\/sv\/infobank\/veteranorganisationer\/sotainvalidien-veljesliitto-ry-sve\/#breadcrumb"},"inLanguage":"fi","potentialAction":[{"@type":"ReadAction","target":["https:\/\/veteraanienperinto.fi\/index.php\/sv\/infobank\/veteranorganisationer\/sotainvalidien-veljesliitto-ry-sve\/"]}]},{"@type":"ImageObject","inLanguage":"fi","@id":"https:\/\/veteraanienperinto.fi\/index.php\/sv\/infobank\/veteranorganisationer\/sotainvalidien-veljesliitto-ry-sve\/#primaryimage","url":"https:\/\/veteraanienperinto.fi\/wp-content\/uploads\/2020\/08\/si_merkki.jpg","contentUrl":"https:\/\/veteraanienperinto.fi\/wp-content\/uploads\/2020\/08\/si_merkki.jpg","width":709,"height":768},{"@type":"BreadcrumbList","@id":"https:\/\/veteraanienperinto.fi\/index.php\/sv\/infobank\/veteranorganisationer\/sotainvalidien-veljesliitto-ry-sve\/#breadcrumb","itemListElement":[{"@type":"ListItem","position":1,"name":"Etusivu","item":"https:\/\/veteraanienperinto.fi\/index.php\/etusivu-2\/"},{"@type":"ListItem","position":2,"name":"Infobank","item":"https:\/\/veteraanienperinto.fi\/index.php\/sv\/infobank\/"},{"@type":"ListItem","position":3,"name":"Veteranorganisationer","item":"https:\/\/veteraanienperinto.fi\/index.php\/sv\/infobank\/veteranorganisationer\/"},{"@type":"ListItem","position":4,"name":"Krigsinvalidernas Br\u00f6draf\u00f6rbund rf"}]},{"@type":"WebSite","@id":"https:\/\/veteraanienperinto.fi\/#website","url":"https:\/\/veteraanienperinto.fi\/","name":"Veteraanien Perint\u00f6","description":"Kadettikunta","potentialAction":[{"@type":"SearchAction","target":{"@type":"EntryPoint","urlTemplate":"https:\/\/veteraanienperinto.fi\/?s={search_term_string}"},"query-input":{"@type":"PropertyValueSpecification","valueRequired":true,"valueName":"search_term_string"}}],"inLanguage":"fi"}]}},"_links":{"self":[{"href":"https:\/\/veteraanienperinto.fi\/index.php\/wp-json\/wp\/v2\/pages\/6467","targetHints":{"allow":["GET"]}}],"collection":[{"href":"https:\/\/veteraanienperinto.fi\/index.php\/wp-json\/wp\/v2\/pages"}],"about":[{"href":"https:\/\/veteraanienperinto.fi\/index.php\/wp-json\/wp\/v2\/types\/page"}],"author":[{"embeddable":true,"href":"https:\/\/veteraanienperinto.fi\/index.php\/wp-json\/wp\/v2\/users\/1"}],"replies":[{"embeddable":true,"href":"https:\/\/veteraanienperinto.fi\/index.php\/wp-json\/wp\/v2\/comments?post=6467"}],"version-history":[{"count":5,"href":"https:\/\/veteraanienperinto.fi\/index.php\/wp-json\/wp\/v2\/pages\/6467\/revisions"}],"predecessor-version":[{"id":10305,"href":"https:\/\/veteraanienperinto.fi\/index.php\/wp-json\/wp\/v2\/pages\/6467\/revisions\/10305"}],"up":[{"embeddable":true,"href":"https:\/\/veteraanienperinto.fi\/index.php\/wp-json\/wp\/v2\/pages\/6455"}],"wp:attachment":[{"href":"https:\/\/veteraanienperinto.fi\/index.php\/wp-json\/wp\/v2\/media?parent=6467"}],"curies":[{"name":"wp","href":"https:\/\/api.w.org\/{rel}","templated":true}]}}

Krigsinvalidernas Brödraförbund rf

<div id='full_slider_1'  class='avia-fullwidth-slider main_color avia-shadow   avia-builder-el-0  el_before_av_heading  avia-builder-el-first   container_wrap sidebar_right'  ></div><div id='after_full_slider_1'  class='main_color av_default_container_wrap container_wrap sidebar_right'  ><div class='container av-section-cont-open' ><div class='template-page content  av-content-small alpha units'><div class='post-entry post-entry-type-page post-entry-6467'><div class='entry-content-wrapper clearfix'>

<style type="text/css" data-created_by="avia_inline_auto" id="style-css-av-av_heading-a2791208b3278d9b10cb697142650edd">
#top .av-special-heading.av-av_heading-a2791208b3278d9b10cb697142650edd{
padding-bottom:10px;
}
body .av-special-heading.av-av_heading-a2791208b3278d9b10cb697142650edd .av-special-heading-tag .heading-char{
font-size:25px;
}
.av-special-heading.av-av_heading-a2791208b3278d9b10cb697142650edd .av-subheading{
font-size:15px;
}
</style>
<div  class='av-special-heading av-av_heading-a2791208b3278d9b10cb697142650edd av-special-heading-h2  avia-builder-el-1  el_after_av_slideshow_full  el_before_av_textblock  avia-builder-el-first '><h2 class='av-special-heading-tag'  itemprop="headline"  >Krigsinvalidernas Brödraförbund rf</h2><div class="special-heading-border"><div class="special-heading-inner-border"></div></div></div>
<section  class='av_textblock_section av-kefnmskk-23e2b079b1f45b867862a0938475648c '   itemscope="itemscope" itemtype="https://schema.org/CreativeWork" ><div class='avia_textblock'  itemprop="text" ><p><img loading="lazy" decoding="async" class="alignleft wp-image-687" src="https://veteraanienperinto.fi/wp-content/uploads/2020/08/si_merkki-277x300.jpg" alt="" width="130" height="141" srcset="https://veteraanienperinto.fi/wp-content/uploads/2020/08/si_merkki-277x300.jpg 277w, https://veteraanienperinto.fi/wp-content/uploads/2020/08/si_merkki-651x705.jpg 651w, https://veteraanienperinto.fi/wp-content/uploads/2020/08/si_merkki.jpg 709w" sizes="auto, (max-width: 130px) 100vw, 130px" /></p>
<p><strong>Krigsinvalidernas Brödraförbund</strong> är en intresseorganisation för service och bröderskap för de som skadades i kriget. Förbundet grundades den 18 augusti 1940 och är den äldsta veteranorganisationen i Finland.</p>
<p>Huvudsaken i krigsinvalidsarbete har alltid varit en stark fältorganisation och lokal kunskap, vilket har möjliggjort att nå så många krigsinvalider som möjligt och därmed har de fått den hjälp som de behöver.</p>
<p>Denna <a href="https://sotainvalidit.fi/">länk</a> tar dig till förbundets webbsida.</p>
</div></section>

<!-- This site is optimized with the Yoast SEO plugin v27.5 - https://yoast.com/product/yoast-seo-wordpress/ -->
<title>Krigsinvalidernas Brödraförbund rf - Veteraanien Perintö</title>
<meta name="robots" content="index, follow, max-snippet:-1, max-image-preview:large, max-video-preview:-1" />
<link rel="canonical" href="https://veteraanienperinto.fi/index.php/sv/infobank/veteranorganisationer/sotainvalidien-veljesliitto-ry-sve/" />
<meta property="og:locale" content="fi_FI" />
<meta property="og:type" content="article" />
<meta property="og:title" content="Krigsinvalidernas Brödraförbund rf - Veteraanien Perintö" />
<meta property="og:url" content="https://veteraanienperinto.fi/index.php/sv/infobank/veteranorganisationer/sotainvalidien-veljesliitto-ry-sve/" />
<meta property="og:site_name" content="Veteraanien Perintö" />
<meta property="article:modified_time" content="2021-01-21T12:29:23+00:00" />
<meta property="og:image" content="https://veteraanienperinto.fi/wp-content/uploads/2020/08/si_merkki-277x300.jpg" />
<meta name="twitter:card" content="summary_large_image" />
<meta name="twitter:label1" content="Arvioitu lukuaika" />
	<meta name="twitter:data1" content="1 minuutti" />
<script type="application/ld+json" class="yoast-schema-graph">{"@context":"https:\/\/schema.org","@graph":[{"@type":"WebPage","@id":"https:\/\/veteraanienperinto.fi\/index.php\/sv\/infobank\/veteranorganisationer\/sotainvalidien-veljesliitto-ry-sve\/","url":"https:\/\/veteraanienperinto.fi\/index.php\/sv\/infobank\/veteranorganisationer\/sotainvalidien-veljesliitto-ry-sve\/","name":"Krigsinvalidernas Brödraförbund rf - Veteraanien Perintö","isPartOf":{"@id":"https:\/\/veteraanienperinto.fi\/#website"},"primaryImageOfPage":{"@id":"https:\/\/veteraanienperinto.fi\/index.php\/sv\/infobank\/veteranorganisationer\/sotainvalidien-veljesliitto-ry-sve\/#primaryimage"},"image":{"@id":"https:\/\/veteraanienperinto.fi\/index.php\/sv\/infobank\/veteranorganisationer\/sotainvalidien-veljesliitto-ry-sve\/#primaryimage"},"thumbnailUrl":"https:\/\/veteraanienperinto.fi\/wp-content\/uploads\/2020\/08\/si_merkki-277x300.jpg","datePublished":"2020-11-19T11:11:01+00:00","dateModified":"2021-01-21T12:29:23+00:00","breadcrumb":{"@id":"https:\/\/veteraanienperinto.fi\/index.php\/sv\/infobank\/veteranorganisationer\/sotainvalidien-veljesliitto-ry-sve\/#breadcrumb"},"inLanguage":"fi","potentialAction":[{"@type":"ReadAction","target":["https:\/\/veteraanienperinto.fi\/index.php\/sv\/infobank\/veteranorganisationer\/sotainvalidien-veljesliitto-ry-sve\/"]}]},{"@type":"ImageObject","inLanguage":"fi","@id":"https:\/\/veteraanienperinto.fi\/index.php\/sv\/infobank\/veteranorganisationer\/sotainvalidien-veljesliitto-ry-sve\/#primaryimage","url":"https:\/\/veteraanienperinto.fi\/wp-content\/uploads\/2020\/08\/si_merkki.jpg","contentUrl":"https:\/\/veteraanienperinto.fi\/wp-content\/uploads\/2020\/08\/si_merkki.jpg","width":709,"height":768},{"@type":"BreadcrumbList","@id":"https:\/\/veteraanienperinto.fi\/index.php\/sv\/infobank\/veteranorganisationer\/sotainvalidien-veljesliitto-ry-sve\/#breadcrumb","itemListElement":[{"@type":"ListItem","position":1,"name":"Etusivu","item":"https:\/\/veteraanienperinto.fi\/index.php\/etusivu-2\/"},{"@type":"ListItem","position":2,"name":"Infobank","item":"https:\/\/veteraanienperinto.fi\/index.php\/sv\/infobank\/"},{"@type":"ListItem","position":3,"name":"Veteranorganisationer","item":"https:\/\/veteraanienperinto.fi\/index.php\/sv\/infobank\/veteranorganisationer\/"},{"@type":"ListItem","position":4,"name":"Krigsinvalidernas Brödraförbund rf"}]},{"@type":"WebSite","@id":"https:\/\/veteraanienperinto.fi\/#website","url":"https:\/\/veteraanienperinto.fi\/","name":"Veteraanien Perintö","description":"Kadettikunta","potentialAction":[{"@type":"SearchAction","target":{"@type":"EntryPoint","urlTemplate":"https:\/\/veteraanienperinto.fi\/?s={search_term_string}"},"query-input":{"@type":"PropertyValueSpecification","valueRequired":true,"valueName":"search_term_string"}}],"inLanguage":"fi"}]}</script>
<!-- / Yoast SEO plugin. -->

Krigsinvalidernas Brödraförbund rf - Veteraanien Perintö

Veteraanien Perintö
