{"id":6479,"date":"2020-11-19T11:14:52","date_gmt":"2020-11-19T11:14:52","guid":{"rendered":"https:\/\/veteraani.ylirotu.fi\/?page_id=6479"},"modified":"2021-01-21T15:26:09","modified_gmt":"2021-01-21T15:26:09","slug":"sotavangit-ry-sve","status":"publish","type":"page","link":"https:\/\/veteraanienperinto.fi\/index.php\/sv\/infobank\/veteranorganisationer\/sotavangit-ry-sve\/","title":{"rendered":"Krigsf\u00e5ngarna rf"},"content":{"rendered":"<div id='full_slider_1'  class='avia-fullwidth-slider main_color avia-shadow   avia-builder-el-0  el_before_av_heading  avia-builder-el-first   container_wrap sidebar_right'  ><\/div><div id='after_full_slider_1'  class='main_color av_default_container_wrap container_wrap sidebar_right'  ><div class='container av-section-cont-open' ><div class='template-page content  av-content-small alpha units'><div class='post-entry post-entry-type-page post-entry-6479'><div class='entry-content-wrapper clearfix'>\n\n<style type=\"text\/css\" data-created_by=\"avia_inline_auto\" id=\"style-css-av-av_heading-dd961dfdccc14716c1f6bf52b6370382\">\n#top .av-special-heading.av-av_heading-dd961dfdccc14716c1f6bf52b6370382{\npadding-bottom:10px;\n}\nbody .av-special-heading.av-av_heading-dd961dfdccc14716c1f6bf52b6370382 .av-special-heading-tag .heading-char{\nfont-size:25px;\n}\n.av-special-heading.av-av_heading-dd961dfdccc14716c1f6bf52b6370382 .av-subheading{\nfont-size:15px;\n}\n<\/style>\n<div  class='av-special-heading av-av_heading-dd961dfdccc14716c1f6bf52b6370382 av-special-heading-h2  avia-builder-el-1  el_after_av_slideshow_full  el_before_av_textblock  avia-builder-el-first '><h2 class='av-special-heading-tag'  itemprop=\"headline\"  >Krigsf\u00e5ngarna rf<\/h2><div class=\"special-heading-border\"><div class=\"special-heading-inner-border\"><\/div><\/div><\/div>\n<section  class='av_textblock_section av-kefnmskk-23e2b079b1f45b867862a0938475648c '   itemscope=\"itemscope\" itemtype=\"https:\/\/schema.org\/CreativeWork\" ><div class='avia_textblock'  itemprop=\"text\" ><p>Det uppskattas att 850-900 finska soldater f\u00f6rblev krigsf\u00e5ngar under vinterkriget, 3400-3500 i forts\u00e4ttningskriget och 16 eller 17 finska soldater i Lapplandskriget. Efter vinterkriget \u00e5terf\u00f6rdes n\u00e4stan alla krigsf\u00e5ngar. I st\u00e4llet, efter andra v\u00e4rldskriget, \u00e5terf\u00f6rdes endast cirka 2000 finska krigsf\u00e5ngar till v\u00e5rt land. En stor del av f\u00e5ngarna hade d\u00f6tt under f\u00f6rh\u00f6ren, transporter och l\u00e4gren.<\/p>\n<p>F\u00e4ngelsetiden f\u00f6r de \u00f6verlevande fr\u00e5n krigsf\u00e5ngenskapet hade varit mycket tungt. Det tog en l\u00e5ng tid innan krigsf\u00e5ngarna kunde tala offentligt om sina erfarenheter.<\/p>\n<p>F\u00f6rst \u00e5r 1969 grundades Krigsf\u00e5ngarna rf f\u00f6r att \u00f6vervaka krigsf\u00e5ngarnas intressen och \u00f6ka br\u00f6draskapet bland dem f\u00f6dda i l\u00e4gren. Mer \u00e4n 1600 medlemmar har g\u00e5tt med i f\u00f6rbundet sedan f\u00f6rbundet grundades. Vilkor f\u00f6r medlemskap var tj\u00e4nstg\u00f6ring i de v\u00e4pnade styrkorna och f\u00e5ngenskap i betvingade omst\u00e4ndigeter. Avhoppare som frivilligt b\u00f6t till fiendens sida blev inte intagna.<\/p>\n<p>Krigsf\u00e5ngarna rf har varit initiativtagare och genomf\u00f6rare av projekten f\u00f6r att skapa minnesm\u00e4rken till minne av krigsveteranerna som dog i f\u00e5ngenskap, i Sandudds hj\u00e4ltagravsomr\u00e5de i Helsingfors, i Tserenopovets, i Karaganda, i Oranki, i Hatsina och i Asbest. Dessutom har Ryssland uppf\u00f6rt ett monument f\u00f6r finl\u00e4ndarna i Krasnogorsk och minnesplattor till Jegla och Shibotovo gravomr\u00e5den f\u00f6r krigsf\u00e5ngar.<\/p>\n<p>Krigsf\u00e5ngarna rf som har enligt dess verksamhetsregler fortsatt sin forskningsverksamhet under 2000-talet f\u00f6r att unders\u00f6ka finska krigsf\u00e5ngarnas \u00f6den i fd Sovjetunionen. En del \u00f6den har uppklarats, vilket framf\u00f6r allt har varit viktigt f\u00f6r oroliga sl\u00e4ktingar. Om ryska arkiv \u00f6ppnas, \u00e4r det f\u00f6r framtiden en f\u00f6ruts\u00e4ttning f\u00f6r att utreda resultaten av studierna.<\/p>\n<p>Cirka 130 m\u00e4n som tillh\u00f6r f\u00f6rbundet tr\u00e4ffades senast i Aulanko, Tavastehus, den 27 juni 2005. Ett mindre antal \u00e4ldre m\u00e4n hade redan tidigare beslutat att uppl\u00f6sa f\u00f6rbundet vid deras \u00e5rsm\u00f6te i mars.<\/p>\n<\/div><\/section>\n","protected":false},"excerpt":{"rendered":"","protected":false},"author":1,"featured_media":0,"parent":6455,"menu_order":6,"comment_status":"closed","ping_status":"closed","template":"","meta":{"footnotes":""},"class_list":["post-6479","page","type-page","status-publish","hentry"],"yoast_head":"<!-- This site is optimized with the Yoast SEO plugin v27.5 - https:\/\/yoast.com\/product\/yoast-seo-wordpress\/ -->\n<title>Krigsf\u00e5ngarna rf - Veteraanien Perint\u00f6<\/title>\n<meta name=\"robots\" content=\"index, follow, max-snippet:-1, max-image-preview:large, max-video-preview:-1\" \/>\n<link rel=\"canonical\" href=\"https:\/\/veteraanienperinto.fi\/index.php\/sv\/infobank\/veteranorganisationer\/sotavangit-ry-sve\/\" \/>\n<meta property=\"og:locale\" content=\"fi_FI\" \/>\n<meta property=\"og:type\" content=\"article\" \/>\n<meta property=\"og:title\" content=\"Krigsf\u00e5ngarna rf - Veteraanien Perint\u00f6\" \/>\n<meta property=\"og:url\" content=\"https:\/\/veteraanienperinto.fi\/index.php\/sv\/infobank\/veteranorganisationer\/sotavangit-ry-sve\/\" \/>\n<meta property=\"og:site_name\" content=\"Veteraanien Perint\u00f6\" \/>\n<meta property=\"article:modified_time\" content=\"2021-01-21T15:26:09+00:00\" \/>\n<meta name=\"twitter:card\" content=\"summary_large_image\" \/>\n<meta name=\"twitter:label1\" content=\"Arvioitu lukuaika\" \/>\n\t<meta name=\"twitter:data1\" content=\"2 minuuttia\" \/>\n<script type=\"application\/ld+json\" class=\"yoast-schema-graph\">{\"@context\":\"https:\\\/\\\/schema.org\",\"@graph\":[{\"@type\":\"WebPage\",\"@id\":\"https:\\\/\\\/veteraanienperinto.fi\\\/index.php\\\/sv\\\/infobank\\\/veteranorganisationer\\\/sotavangit-ry-sve\\\/\",\"url\":\"https:\\\/\\\/veteraanienperinto.fi\\\/index.php\\\/sv\\\/infobank\\\/veteranorganisationer\\\/sotavangit-ry-sve\\\/\",\"name\":\"Krigsf\u00e5ngarna rf - Veteraanien Perint\u00f6\",\"isPartOf\":{\"@id\":\"https:\\\/\\\/veteraanienperinto.fi\\\/#website\"},\"datePublished\":\"2020-11-19T11:14:52+00:00\",\"dateModified\":\"2021-01-21T15:26:09+00:00\",\"breadcrumb\":{\"@id\":\"https:\\\/\\\/veteraanienperinto.fi\\\/index.php\\\/sv\\\/infobank\\\/veteranorganisationer\\\/sotavangit-ry-sve\\\/#breadcrumb\"},\"inLanguage\":\"fi\",\"potentialAction\":[{\"@type\":\"ReadAction\",\"target\":[\"https:\\\/\\\/veteraanienperinto.fi\\\/index.php\\\/sv\\\/infobank\\\/veteranorganisationer\\\/sotavangit-ry-sve\\\/\"]}]},{\"@type\":\"BreadcrumbList\",\"@id\":\"https:\\\/\\\/veteraanienperinto.fi\\\/index.php\\\/sv\\\/infobank\\\/veteranorganisationer\\\/sotavangit-ry-sve\\\/#breadcrumb\",\"itemListElement\":[{\"@type\":\"ListItem\",\"position\":1,\"name\":\"Etusivu\",\"item\":\"https:\\\/\\\/veteraanienperinto.fi\\\/index.php\\\/etusivu-2\\\/\"},{\"@type\":\"ListItem\",\"position\":2,\"name\":\"Infobank\",\"item\":\"https:\\\/\\\/veteraanienperinto.fi\\\/index.php\\\/sv\\\/infobank\\\/\"},{\"@type\":\"ListItem\",\"position\":3,\"name\":\"Veteranorganisationer\",\"item\":\"https:\\\/\\\/veteraanienperinto.fi\\\/index.php\\\/sv\\\/infobank\\\/veteranorganisationer\\\/\"},{\"@type\":\"ListItem\",\"position\":4,\"name\":\"Krigsf\u00e5ngarna rf\"}]},{\"@type\":\"WebSite\",\"@id\":\"https:\\\/\\\/veteraanienperinto.fi\\\/#website\",\"url\":\"https:\\\/\\\/veteraanienperinto.fi\\\/\",\"name\":\"Veteraanien Perint\u00f6\",\"description\":\"Kadettikunta\",\"potentialAction\":[{\"@type\":\"SearchAction\",\"target\":{\"@type\":\"EntryPoint\",\"urlTemplate\":\"https:\\\/\\\/veteraanienperinto.fi\\\/?s={search_term_string}\"},\"query-input\":{\"@type\":\"PropertyValueSpecification\",\"valueRequired\":true,\"valueName\":\"search_term_string\"}}],\"inLanguage\":\"fi\"}]}<\/script>\n<!-- \/ Yoast SEO plugin. -->","yoast_head_json":{"title":"Krigsf\u00e5ngarna rf - Veteraanien Perint\u00f6","robots":{"index":"index","follow":"follow","max-snippet":"max-snippet:-1","max-image-preview":"max-image-preview:large","max-video-preview":"max-video-preview:-1"},"canonical":"https:\/\/veteraanienperinto.fi\/index.php\/sv\/infobank\/veteranorganisationer\/sotavangit-ry-sve\/","og_locale":"fi_FI","og_type":"article","og_title":"Krigsf\u00e5ngarna rf - Veteraanien Perint\u00f6","og_url":"https:\/\/veteraanienperinto.fi\/index.php\/sv\/infobank\/veteranorganisationer\/sotavangit-ry-sve\/","og_site_name":"Veteraanien Perint\u00f6","article_modified_time":"2021-01-21T15:26:09+00:00","twitter_card":"summary_large_image","twitter_misc":{"Arvioitu lukuaika":"2 minuuttia"},"schema":{"@context":"https:\/\/schema.org","@graph":[{"@type":"WebPage","@id":"https:\/\/veteraanienperinto.fi\/index.php\/sv\/infobank\/veteranorganisationer\/sotavangit-ry-sve\/","url":"https:\/\/veteraanienperinto.fi\/index.php\/sv\/infobank\/veteranorganisationer\/sotavangit-ry-sve\/","name":"Krigsf\u00e5ngarna rf - Veteraanien Perint\u00f6","isPartOf":{"@id":"https:\/\/veteraanienperinto.fi\/#website"},"datePublished":"2020-11-19T11:14:52+00:00","dateModified":"2021-01-21T15:26:09+00:00","breadcrumb":{"@id":"https:\/\/veteraanienperinto.fi\/index.php\/sv\/infobank\/veteranorganisationer\/sotavangit-ry-sve\/#breadcrumb"},"inLanguage":"fi","potentialAction":[{"@type":"ReadAction","target":["https:\/\/veteraanienperinto.fi\/index.php\/sv\/infobank\/veteranorganisationer\/sotavangit-ry-sve\/"]}]},{"@type":"BreadcrumbList","@id":"https:\/\/veteraanienperinto.fi\/index.php\/sv\/infobank\/veteranorganisationer\/sotavangit-ry-sve\/#breadcrumb","itemListElement":[{"@type":"ListItem","position":1,"name":"Etusivu","item":"https:\/\/veteraanienperinto.fi\/index.php\/etusivu-2\/"},{"@type":"ListItem","position":2,"name":"Infobank","item":"https:\/\/veteraanienperinto.fi\/index.php\/sv\/infobank\/"},{"@type":"ListItem","position":3,"name":"Veteranorganisationer","item":"https:\/\/veteraanienperinto.fi\/index.php\/sv\/infobank\/veteranorganisationer\/"},{"@type":"ListItem","position":4,"name":"Krigsf\u00e5ngarna rf"}]},{"@type":"WebSite","@id":"https:\/\/veteraanienperinto.fi\/#website","url":"https:\/\/veteraanienperinto.fi\/","name":"Veteraanien Perint\u00f6","description":"Kadettikunta","potentialAction":[{"@type":"SearchAction","target":{"@type":"EntryPoint","urlTemplate":"https:\/\/veteraanienperinto.fi\/?s={search_term_string}"},"query-input":{"@type":"PropertyValueSpecification","valueRequired":true,"valueName":"search_term_string"}}],"inLanguage":"fi"}]}},"_links":{"self":[{"href":"https:\/\/veteraanienperinto.fi\/index.php\/wp-json\/wp\/v2\/pages\/6479","targetHints":{"allow":["GET"]}}],"collection":[{"href":"https:\/\/veteraanienperinto.fi\/index.php\/wp-json\/wp\/v2\/pages"}],"about":[{"href":"https:\/\/veteraanienperinto.fi\/index.php\/wp-json\/wp\/v2\/types\/page"}],"author":[{"embeddable":true,"href":"https:\/\/veteraanienperinto.fi\/index.php\/wp-json\/wp\/v2\/users\/1"}],"replies":[{"embeddable":true,"href":"https:\/\/veteraanienperinto.fi\/index.php\/wp-json\/wp\/v2\/comments?post=6479"}],"version-history":[{"count":6,"href":"https:\/\/veteraanienperinto.fi\/index.php\/wp-json\/wp\/v2\/pages\/6479\/revisions"}],"predecessor-version":[{"id":10311,"href":"https:\/\/veteraanienperinto.fi\/index.php\/wp-json\/wp\/v2\/pages\/6479\/revisions\/10311"}],"up":[{"embeddable":true,"href":"https:\/\/veteraanienperinto.fi\/index.php\/wp-json\/wp\/v2\/pages\/6455"}],"wp:attachment":[{"href":"https:\/\/veteraanienperinto.fi\/index.php\/wp-json\/wp\/v2\/media?parent=6479"}],"curies":[{"name":"wp","href":"https:\/\/api.w.org\/{rel}","templated":true}]}}

Krigsfångarna rf

<div id='full_slider_1'  class='avia-fullwidth-slider main_color avia-shadow   avia-builder-el-0  el_before_av_heading  avia-builder-el-first   container_wrap sidebar_right'  ></div><div id='after_full_slider_1'  class='main_color av_default_container_wrap container_wrap sidebar_right'  ><div class='container av-section-cont-open' ><div class='template-page content  av-content-small alpha units'><div class='post-entry post-entry-type-page post-entry-6479'><div class='entry-content-wrapper clearfix'>

<style type="text/css" data-created_by="avia_inline_auto" id="style-css-av-av_heading-dd961dfdccc14716c1f6bf52b6370382">
#top .av-special-heading.av-av_heading-dd961dfdccc14716c1f6bf52b6370382{
padding-bottom:10px;
}
body .av-special-heading.av-av_heading-dd961dfdccc14716c1f6bf52b6370382 .av-special-heading-tag .heading-char{
font-size:25px;
}
.av-special-heading.av-av_heading-dd961dfdccc14716c1f6bf52b6370382 .av-subheading{
font-size:15px;
}
</style>
<div  class='av-special-heading av-av_heading-dd961dfdccc14716c1f6bf52b6370382 av-special-heading-h2  avia-builder-el-1  el_after_av_slideshow_full  el_before_av_textblock  avia-builder-el-first '><h2 class='av-special-heading-tag'  itemprop="headline"  >Krigsfångarna rf</h2><div class="special-heading-border"><div class="special-heading-inner-border"></div></div></div>
<section  class='av_textblock_section av-kefnmskk-23e2b079b1f45b867862a0938475648c '   itemscope="itemscope" itemtype="https://schema.org/CreativeWork" ><div class='avia_textblock'  itemprop="text" ><p>Det uppskattas att 850-900 finska soldater förblev krigsfångar under vinterkriget, 3400-3500 i fortsättningskriget och 16 eller 17 finska soldater i Lapplandskriget. Efter vinterkriget återfördes nästan alla krigsfångar. I stället, efter andra världskriget, återfördes endast cirka 2000 finska krigsfångar till vårt land. En stor del av fångarna hade dött under förhören, transporter och lägren.</p>
<p>Fängelsetiden för de överlevande från krigsfångenskapet hade varit mycket tungt. Det tog en lång tid innan krigsfångarna kunde tala offentligt om sina erfarenheter.</p>
<p>Först år 1969 grundades Krigsfångarna rf för att övervaka krigsfångarnas intressen och öka brödraskapet bland dem födda i lägren. Mer än 1600 medlemmar har gått med i förbundet sedan förbundet grundades. Vilkor för medlemskap var tjänstgöring i de väpnade styrkorna och fångenskap i betvingade omständigeter. Avhoppare som frivilligt böt till fiendens sida blev inte intagna.</p>
<p>Krigsfångarna rf har varit initiativtagare och genomförare av projekten för att skapa minnesmärken till minne av krigsveteranerna som dog i fångenskap, i Sandudds hjältagravsområde i Helsingfors, i Tserenopovets, i Karaganda, i Oranki, i Hatsina och i Asbest. Dessutom har Ryssland uppfört ett monument för finländarna i Krasnogorsk och minnesplattor till Jegla och Shibotovo gravområden för krigsfångar.</p>
<p>Krigsfångarna rf som har enligt dess verksamhetsregler fortsatt sin forskningsverksamhet under 2000-talet för att undersöka finska krigsfångarnas öden i fd Sovjetunionen. En del öden har uppklarats, vilket framför allt har varit viktigt för oroliga släktingar. Om ryska arkiv öppnas, är det för framtiden en förutsättning för att utreda resultaten av studierna.</p>
<p>Cirka 130 män som tillhör förbundet träffades senast i Aulanko, Tavastehus, den 27 juni 2005. Ett mindre antal äldre män hade redan tidigare beslutat att upplösa förbundet vid deras årsmöte i mars.</p>
</div></section>

<!-- This site is optimized with the Yoast SEO plugin v27.5 - https://yoast.com/product/yoast-seo-wordpress/ -->
<title>Krigsfångarna rf - Veteraanien Perintö</title>
<meta name="robots" content="index, follow, max-snippet:-1, max-image-preview:large, max-video-preview:-1" />
<link rel="canonical" href="https://veteraanienperinto.fi/index.php/sv/infobank/veteranorganisationer/sotavangit-ry-sve/" />
<meta property="og:locale" content="fi_FI" />
<meta property="og:type" content="article" />
<meta property="og:title" content="Krigsfångarna rf - Veteraanien Perintö" />
<meta property="og:url" content="https://veteraanienperinto.fi/index.php/sv/infobank/veteranorganisationer/sotavangit-ry-sve/" />
<meta property="og:site_name" content="Veteraanien Perintö" />
<meta property="article:modified_time" content="2021-01-21T15:26:09+00:00" />
<meta name="twitter:card" content="summary_large_image" />
<meta name="twitter:label1" content="Arvioitu lukuaika" />
	<meta name="twitter:data1" content="2 minuuttia" />
<script type="application/ld+json" class="yoast-schema-graph">{"@context":"https:\/\/schema.org","@graph":[{"@type":"WebPage","@id":"https:\/\/veteraanienperinto.fi\/index.php\/sv\/infobank\/veteranorganisationer\/sotavangit-ry-sve\/","url":"https:\/\/veteraanienperinto.fi\/index.php\/sv\/infobank\/veteranorganisationer\/sotavangit-ry-sve\/","name":"Krigsfångarna rf - Veteraanien Perintö","isPartOf":{"@id":"https:\/\/veteraanienperinto.fi\/#website"},"datePublished":"2020-11-19T11:14:52+00:00","dateModified":"2021-01-21T15:26:09+00:00","breadcrumb":{"@id":"https:\/\/veteraanienperinto.fi\/index.php\/sv\/infobank\/veteranorganisationer\/sotavangit-ry-sve\/#breadcrumb"},"inLanguage":"fi","potentialAction":[{"@type":"ReadAction","target":["https:\/\/veteraanienperinto.fi\/index.php\/sv\/infobank\/veteranorganisationer\/sotavangit-ry-sve\/"]}]},{"@type":"BreadcrumbList","@id":"https:\/\/veteraanienperinto.fi\/index.php\/sv\/infobank\/veteranorganisationer\/sotavangit-ry-sve\/#breadcrumb","itemListElement":[{"@type":"ListItem","position":1,"name":"Etusivu","item":"https:\/\/veteraanienperinto.fi\/index.php\/etusivu-2\/"},{"@type":"ListItem","position":2,"name":"Infobank","item":"https:\/\/veteraanienperinto.fi\/index.php\/sv\/infobank\/"},{"@type":"ListItem","position":3,"name":"Veteranorganisationer","item":"https:\/\/veteraanienperinto.fi\/index.php\/sv\/infobank\/veteranorganisationer\/"},{"@type":"ListItem","position":4,"name":"Krigsfångarna rf"}]},{"@type":"WebSite","@id":"https:\/\/veteraanienperinto.fi\/#website","url":"https:\/\/veteraanienperinto.fi\/","name":"Veteraanien Perintö","description":"Kadettikunta","potentialAction":[{"@type":"SearchAction","target":{"@type":"EntryPoint","urlTemplate":"https:\/\/veteraanienperinto.fi\/?s={search_term_string}"},"query-input":{"@type":"PropertyValueSpecification","valueRequired":true,"valueName":"search_term_string"}}],"inLanguage":"fi"}]}</script>
<!-- / Yoast SEO plugin. -->

Krigsfångarna rf - Veteraanien Perintö

Veteraanien Perintö
