{"id":6495,"date":"2020-11-19T12:28:59","date_gmt":"2020-11-19T12:28:59","guid":{"rendered":"https:\/\/veteraani.ylirotu.fi\/?page_id=6495"},"modified":"2021-01-19T14:09:25","modified_gmt":"2021-01-19T14:09:25","slug":"jagarrorelsen","status":"publish","type":"page","link":"https:\/\/veteraanienperinto.fi\/index.php\/sv\/infobank\/organisationer\/jagarrorelsen\/","title":{"rendered":"J\u00e4garr\u00f6relsen"},"content":{"rendered":"<div id='full_slider_1'  class='avia-fullwidth-slider main_color avia-shadow   avia-builder-el-0  el_before_av_heading  avia-builder-el-first   container_wrap sidebar_right'  ><\/div><div id='after_full_slider_1'  class='main_color av_default_container_wrap container_wrap sidebar_right'  ><div class='container av-section-cont-open' ><div class='template-page content  av-content-small alpha units'><div class='post-entry post-entry-type-page post-entry-6495'><div class='entry-content-wrapper clearfix'>\n\n<style type=\"text\/css\" data-created_by=\"avia_inline_auto\" id=\"style-css-av-kk42px41-f2742cbd2fc4f2bb94376af309d34702\">\n#top .av-special-heading.av-kk42px41-f2742cbd2fc4f2bb94376af309d34702{\npadding-bottom:10px;\n}\nbody .av-special-heading.av-kk42px41-f2742cbd2fc4f2bb94376af309d34702 .av-special-heading-tag .heading-char{\nfont-size:25px;\n}\n.av-special-heading.av-kk42px41-f2742cbd2fc4f2bb94376af309d34702 .av-subheading{\nfont-size:15px;\n}\n<\/style>\n<div  class='av-special-heading av-kk42px41-f2742cbd2fc4f2bb94376af309d34702 av-special-heading-h2  avia-builder-el-1  el_after_av_slideshow_full  el_before_av_textblock  avia-builder-el-first '><h2 class='av-special-heading-tag'  itemprop=\"headline\"  >J\u00e4garr\u00f6relsen<\/h2><div class=\"special-heading-border\"><div class=\"special-heading-inner-border\"><\/div><\/div><\/div>\n<section  class='av_textblock_section av-6mvz2-df52b3db56426f284f61f28144eab808 '   itemscope=\"itemscope\" itemtype=\"https:\/\/schema.org\/CreativeWork\" ><div class='avia_textblock'  itemprop=\"text\" ><p><img loading=\"lazy\" decoding=\"async\" class=\"size-medium wp-image-8316 alignright\" src=\"https:\/\/veteraanienperinto.fi\/wp-content\/uploads\/2020\/12\/jaakarit1-300x197.jpg\" alt=\"\" width=\"300\" height=\"197\" srcset=\"https:\/\/veteraanienperinto.fi\/wp-content\/uploads\/2020\/12\/jaakarit1-300x197.jpg 300w, https:\/\/veteraanienperinto.fi\/wp-content\/uploads\/2020\/12\/jaakarit1.jpg 620w\" sizes=\"auto, (max-width: 300px) 100vw, 300px\" \/>Bakgrunden till j\u00e4garr\u00f6relsen och d\u00e4rmed tillkomsten av den 27 Preussiska J\u00e4garbataljonen \u00e4r i Finlands historia de s\u00e5 kallade of\u00e4rds\u00e5ren, med andra ord det ryska kejsard\u00f6mets str\u00e4van att f\u00f6rryska storfurstend\u00f6met av Finland och att utpl\u00e5na dess inre autonomi.<\/p>\n<p>Efter den f\u00f6rsta f\u00f6rtrycksperioden \u00e5ren 1899-1905 och den andra som b\u00f6rjade 1908 s\u00e5g det hoppl\u00f6st ut f\u00f6r v\u00e5rt lands framtid. I landet r\u00e5dde en kraftig antirysk st\u00e4mning. S\u00e4rskilt fientlig mot Ryssland f\u00f6rh\u00f6ll sig ungdomen, som inte hade egna minnen av den f\u00f6reg\u00e5ende tiden med finskt-ryskt samf\u00f6rst\u00e5nd f\u00f6re \u00e5r 1899.<\/p>\n<p>Efter att f\u00f6rsta v\u00e4rldskriget brutit ut \u00e5r 1914 hoppades man allm\u00e4nt i Finland p\u00e5 nederlag f\u00f6r Ryssland. F\u00f6rhoppningarna st\u00e4rktes av de h\u00e5rda motg\u00e5ngarna som ryssarna led i krigets f\u00f6rsta skede. I studentkretsarna i Helsingfors uppstod en ny aktivistisk r\u00f6relse i samma anda som r\u00f6relsen under of\u00e4rdsperioden. Man ville g\u00f6ra n\u00e5got f\u00f6r att p\u00e5skynda Rysslands nederlag.<\/p>\n<p>I november 1914 publicerades ett nytt omfattande f\u00f6rryskningsprogram i tidningarna i Helsingfors, som f\u00f6rverkligat skulle ha inneburit att ocks\u00e5 spillrorna av Finlands autonomi hade utpl\u00e5nats. Den uppr\u00f6rdhet som nyheterna v\u00e4ckte sammanf\u00f6rde de sm\u00e5 aktivistgrupper som hade verkat utan varandras vetskap. I Ostrobotnias kassarum i Helsingfors h\u00f6lls ett slags konstituerande m\u00f6te f\u00f6r Finlands sj\u00e4lvst\u00e4ndighetsr\u00f6relse p\u00e5 kv\u00e4llen den 20 november. D\u00e4r ans\u00e5g man det n\u00f6dv\u00e4ndigt att l\u00f6sg\u00f6ra Finland fr\u00e5n Ryssland. D\u00e5 detta m\u00e5l emellertid kunde uppn\u00e5s enbart med vapenmakt besl\u00f6t man vidta \u00e5tg\u00e4rder f\u00f6r att st\u00e4lla upp en folkarm\u00e9.<\/p>\n<p>Ledningsorganet f\u00f6r sj\u00e4lvst\u00e4ndighetsr\u00f6relsen bestod till en b\u00f6rjan av unga medborgare som f\u00f6r det mesta \u00e4nd\u00e5 redan hade akademisk slutexamen. De ans\u00e5g att den kommande folkarm\u00e9n beh\u00f6vde vapen och utbildade ledare. F\u00f6rs\u00f6ken att skaffa utbildning i hemlandet, i Sverige och Danmark ledde inte till resultat. D\u00e4remot gav Tyskland ett positivt svar.<\/p>\n<p>I januari 1915 besl\u00f6t Tysklands milit\u00e4rledning och utrikesministerium att ge 200 finl\u00e4ndare milit\u00e4rutbildning. I studentkretsarna vidtog genast en skyndsam v\u00e4rvning till Tyskland. Genom att anv\u00e4nda sina utrikespass kunde alla utan sv\u00e5righeter till en b\u00f6rjan resa via Sverige till Tyskland. Utbildningen skedde i Lockstedtl\u00e4gret i Holstein. Finl\u00e4ndarna ans\u00e5gs inte vara soldater, utan de var kl\u00e4dda i pojkscoutkl\u00e4der och kallades Pfadfinder. Utbildningstiden var fr\u00e5n b\u00f6rjan best\u00e4md till fyra veckor, men den f\u00f6rl\u00e4ngdes g\u00e5ng efter annan.<\/p>\n<p>Efter m\u00e5nga planerings- och f\u00f6rhandlingsskeden undertecknade Tysklands kejsare Wilhelm II i slutet av augusti 1915 en order genom vilken Pfadfinderkursen f\u00f6rstorades till en f\u00f6rst\u00e4rkt j\u00e4garbataljon. M\u00e5lstyrkan planerades till 2 000 man. Nu b\u00f6rjade anskaffningen av till\u00e4ggsmanskap. Till en b\u00f6rjan v\u00e4rvades de finl\u00e4ndare som i b\u00f6rjan av kriget blivit kvar i Tyskland. Huvuddelen av kompletteringsmanskapet m\u00e5ste \u00e4nd\u00e5 f\u00e5s fr\u00e5n Finland. Som ledningsorgan f\u00f6r v\u00e4rvningsverksamheten bildades en kommitt\u00e9, i vilken alla borgerliga partier var representerade. Fast\u00e4n det socialdemokratiska partiet stod utanf\u00f6r kommitt\u00e9n f\u00f6rh\u00f6ll sig m\u00e5nga av partiets ledare positivt till sj\u00e4lvst\u00e4ndighetsr\u00f6relsen och gjorde den betydande tj\u00e4nster. R\u00f6relsen hade inga som helst inrikespolitiska syften och s\u00e5ledes f\u00f6ljde inte gr\u00e4nsen mellan dem som underst\u00f6dde den och motsatte sig den politiska partier.<\/p>\n<p>I det av ryssarna ockuperade och noga bevakade landet b\u00f6rjade en hemlig v\u00e4rvningsverksamhet, inom vilken de lokala v\u00e4rvarna i allm\u00e4nhet var vanliga civila m\u00e4n vilkas yrkesf\u00f6rdelning var brokig, men som f\u00f6r det mesta p\u00e5 sin ort var k\u00e4nda och uppskattade personer.<\/p>\n<p>P\u00e5 h\u00f6sten 1915 beviljade man inte l\u00e4ngre utrikespass \u00e5t 19-35-\u00e5riga m\u00e4n. M\u00e4nnen m\u00e5ste fara till Tyskland i smyg. F\u00f6r detta inr\u00e4ttades ett slags etapper som uppeh\u00f6lls av lokala inv\u00e5nare f\u00f6r dem som skulle \u00f6verskrida gr\u00e4nsen. Etappernas personal och gr\u00e4ns\u00f6verskridarna m\u00e5ste hela tiden vara r\u00e4dda f\u00f6r att \u00e5ka fast.<\/p>\n<p>Den viktigaste etappv\u00e4gen gick fr\u00e5n Kemi till Haparanda. En annan viktig rutt gick via Torne\u00e5etappen. Fr\u00e5n s\u00f6dra \u00d6sterbotten f\u00e4rdades ocks\u00e5 blivande j\u00e4gare \u00f6ver isen till Ume\u00e5. Ryssarna fick nys om j\u00e4garr\u00f6relsen redan p\u00e5 h\u00f6sten 1915 och skred till mot\u00e5tg\u00e4rder. De lyckades f\u00e4ngsla ca 50 aktivister.<\/p>\n<p>V\u00e4rvningen som f\u00f6rsiggick i farliga och sv\u00e5ra f\u00f6rh\u00e5llanden f\u00f6rutsatte inte eller m\u00f6jliggjorde n\u00e5gon gallring bland kandidaterna. Den finl\u00e4ndska j\u00e4gartruppen var ett slags folkarm\u00e9 i miniatyr, eftersom alla yrkesgrupper och \u00e5ldersklasser mellan 15 och 50 \u00e5r var representerade i den. Studerande var exempelvis ca 300, skolelever 150-200, arbetare \u00f6ver 500 och jordbrukare, sm\u00e5brukare och torpare medr\u00e4knade n\u00e4ra p\u00e5 300.<\/p>\n<p>En del var inte l\u00e4mpade f\u00f6r stridsverksamhet och s\u00e5ledes kom endast 1261 av de 1890 som varit inskrivna i Tyskland att delta i frihetskriget, som d\u00e5 j\u00e4garna anl\u00e4nde till Finland n\u00e4rmast hade \u00e4ndrats till ett medborgarkrig. Kriget kr\u00e4vdes dock f\u00f6r att l\u00f6sg\u00f6ra Finland fr\u00e5n den ryska regimen. De som inte var l\u00e4mpliga f\u00f6r stridstrupperna placerades p\u00e5 civila arbetsplatser i Tyskland. Majoriteten var likv\u00e4l gott soldatmaterial. Ett stort antal var l\u00e4mpliga som bef\u00e4l.<\/p>\n<p>Den juridiska st\u00e4llningen f\u00f6r de finl\u00e4ndska frivilliga \u00e4ndrades i m\u00e5nadsskiftet augusti-september 1915. De blev soldater i Tysklands arm\u00e9. Man kr\u00e4vde \u00e4nd\u00e5 inte krigsmannaed av dem, men de f\u00f6rband sig att tj\u00e4na Tyskland.<\/p>\n<p>J\u00e4garnas utbildning var effektiv, h\u00e5rd och petig. Erfarenheter som erh\u00e5llits i krig beaktades i utbildningen. En del fick ledarutbildning. Finl\u00e4ndarna fick erk\u00e4nnande av sina tyska utbildare i synnerhet f\u00f6r sin skjutskicklighet, marschf\u00f6rm\u00e5ga och sina idrottsprestationer.<\/p>\n<p>De finl\u00e4ndska j\u00e4garna f\u00f6rflyttades till Tysklands \u00f6stfront p\u00e5 v\u00e5ren 1916. I samband med detta fick det finl\u00e4ndska truppf\u00f6rbandet namnet 27 Kungliga Preussiska J\u00e4garbataljonen. Bataljonen hade frontansvar p\u00e5 den relativt lugna fronten i Lettland p\u00e5 sydv\u00e4stra sidan av Riga fr\u00e5n juni 1916 till mars 1917. Under denna tid led bataljonen f\u00f6rluster i stupade eller f\u00f6rsvunna p\u00e5 13 man och 49 man blev s\u00e5rade. Det oh\u00e4lsosamma klimatet inom det sumpiga omr\u00e5det medf\u00f6rde \u00e4nd\u00e5 f\u00f6r sin del att m\u00e5nga j\u00e4gare avled eller insjuknade i olika farsoter. I synnerhet besv\u00e4rades soldaterna av malaria och tuberkulos.<\/p>\n<p>Efter denna fronttillvaro f\u00f6rflyttades j\u00e4garbataljonen i reserv till Libau. Detta skede var sv\u00e5rt, eftersom j\u00e4garna v\u00e4ntade p\u00e5 att \u00e5terv\u00e4nda till Finland. V\u00e4ntan r\u00e4ckte likv\u00e4l \u00e4nnu 11 m\u00e5nader. Trots den effektiva utbildningen och olika slags kurser besv\u00e4rades m\u00e5nga j\u00e4gare av en djup heml\u00e4ngtan.<\/p>\n<p>N\u00e5gra tiotals pfadfindrare och j\u00e4gare hade s\u00e4nts till Finland f\u00f6r v\u00e4rvnings-, spanings- eller sabotageuppdrag. Av dem hade 19 hamnat i h\u00e4nderna p\u00e5 ryssarna. En del hamnade tillsammans med 60 civila aktivister till Petersburg till Spalernaja f\u00e4ngelset. De kallades gallerj\u00e4gare.<\/p>\n<p>Sammanlagt 38 j\u00e4gare kom till Finland p\u00e5 h\u00f6sten 1917 och f\u00f6rde med sig vapen som de erh\u00e5llit fr\u00e5n Tyskland. Av dem kom \u00e5tta med en tysk ub\u00e5t. \u00c5terkomsten till Finland f\u00f6r j\u00e4garnas huvudtrupp f\u00f6rdr\u00f6jdes av fredsf\u00f6rhandlingarna som inletts i Brest-Litovsk i december 1917 mellan Tyskland och Ryssland. Det fanns inte l\u00e4ngre n\u00e5gra hinder f\u00f6r att g\u00f6ra Finland sj\u00e4lvst\u00e4ndigt.<\/p>\n<p>Den l\u00e4nge v\u00e4ntade \u00e5terkomsten till Finland b\u00f6rjade s\u00e5 att den 27 J\u00e4garbataljonen i uppl\u00f6stes i Tyskland officiellt den 13 februari 1918, varefter j\u00e4garna svor faneden till Finlands lagliga regering. F\u00f6ljande dag b\u00f6rjade hemresan. P\u00e5 passagerarfartyget Arcturus och fraktfartyget Castor placerades 950 j\u00e4gare. Efter isbrytaren Sampo anl\u00e4nde dessa fartyg till Vasa 25.2.1918 exakt tre \u00e5r efter att pfadfindrarnas utbildning hade b\u00f6rjat i Tyskland. En dag senare upptr\u00e4dde j\u00e4garna f\u00f6r sista g\u00e5ngen tillsammans i en parad p\u00e5 Vasa torg. D\u00e4refter skingrades de till olika uppgifter inom den lagliga regeringens trupper. Tv\u00e5 tredjedelar fungerade i underofficersuppgifter och en tredjedel i officersuppgifter som chefer f\u00f6r fronttrupper, utbildare och krigare.<\/p>\n<p>J\u00e4garnas inverkan p\u00e5 krigets g\u00e5ng i frihetskriget-medborgarkriget \u00e5r 1918 var synnerligen stor och till och med avg\u00f6rande. Av de f\u00f6rluster som den lagliga regeringens trupper led var j\u00e4garnas andel exceptionellt stor. I det korta kriget stupade 127 j\u00e4gare och s\u00e5rades 238 s\u00e5rades av de 1261 som deltog i striderna.<\/p>\n<p>Efter kriget \u00e5terv\u00e4nde st\u00f6rsta delen av j\u00e4garna till det civila livet. Huvuddelen var arbetare, sm\u00e5brukare och tj\u00e4nsteinnehavare. N\u00e5gra j\u00e4gare kom sig h\u00f6gt upp inom det ekonomiska och kulturella livet. En del fortsatte p\u00e5 den milit\u00e4ra banan. Deras betydelse f\u00f6r utvecklingen av Finlands f\u00f6rsvarsmakt var mycket stor \u00e4nda in p\u00e5 1950-talet. Sammanlagt 49 j\u00e4garofficerare fick generals milit\u00e4rgrad. Den st\u00f6rsta delen av j\u00e4garna deltog \u00e4nnu i vinter- och forts\u00e4ttningskriget, en del i mycket betydande uppgifter. Som bel\u00f6ning f\u00f6r uppn\u00e5dda synnerligen viktiga resultat eller f\u00f6r speciellt f\u00f6rtj\u00e4nstfullt ledda krigsoperationer utn\u00e4mndes 20 av dem till riddare av Mannerheimkorset.<\/p>\n<p style=\"text-align: center;\">***<\/p>\n<p><strong><a href=\"https:\/\/jp27.fi\/\" target=\"_blank\" rel=\"noopener\">Link till J\u00e4\u00e4k\u00e4ripataljoona 27:n Perinneyhdistys r.y. \u2013 F\u00f6reningen J\u00e4garbataljon 27:s Traditioner r.f. -sidor (endast p\u00e5 finska).<\/a><\/strong><\/p>\n<\/div><\/section>\n","protected":false},"excerpt":{"rendered":"","protected":false},"author":1,"featured_media":0,"parent":6491,"menu_order":1,"comment_status":"closed","ping_status":"closed","template":"","meta":{"footnotes":""},"class_list":["post-6495","page","type-page","status-publish","hentry"],"yoast_head":"<!-- This site is optimized with the Yoast SEO plugin v27.4 - https:\/\/yoast.com\/product\/yoast-seo-wordpress\/ -->\n<title>J\u00e4garr\u00f6relsen - Veteraanien Perint\u00f6<\/title>\n<meta name=\"robots\" content=\"index, follow, max-snippet:-1, max-image-preview:large, max-video-preview:-1\" \/>\n<link rel=\"canonical\" href=\"https:\/\/veteraanienperinto.fi\/index.php\/sv\/infobank\/organisationer\/jagarrorelsen\/\" \/>\n<meta property=\"og:locale\" content=\"fi_FI\" \/>\n<meta property=\"og:type\" content=\"article\" \/>\n<meta property=\"og:title\" content=\"J\u00e4garr\u00f6relsen - Veteraanien Perint\u00f6\" \/>\n<meta property=\"og:url\" content=\"https:\/\/veteraanienperinto.fi\/index.php\/sv\/infobank\/organisationer\/jagarrorelsen\/\" \/>\n<meta property=\"og:site_name\" content=\"Veteraanien Perint\u00f6\" \/>\n<meta property=\"article:modified_time\" content=\"2021-01-19T14:09:25+00:00\" \/>\n<meta property=\"og:image\" content=\"https:\/\/veteraanienperinto.fi\/wp-content\/uploads\/2020\/12\/jaakarit1-300x197.jpg\" \/>\n<meta name=\"twitter:card\" content=\"summary_large_image\" \/>\n<meta name=\"twitter:label1\" content=\"Arvioitu lukuaika\" \/>\n\t<meta name=\"twitter:data1\" content=\"9 minuuttia\" \/>\n<script type=\"application\/ld+json\" class=\"yoast-schema-graph\">{\"@context\":\"https:\\\/\\\/schema.org\",\"@graph\":[{\"@type\":\"WebPage\",\"@id\":\"https:\\\/\\\/veteraanienperinto.fi\\\/index.php\\\/sv\\\/infobank\\\/organisationer\\\/jagarrorelsen\\\/\",\"url\":\"https:\\\/\\\/veteraanienperinto.fi\\\/index.php\\\/sv\\\/infobank\\\/organisationer\\\/jagarrorelsen\\\/\",\"name\":\"J\u00e4garr\u00f6relsen - Veteraanien Perint\u00f6\",\"isPartOf\":{\"@id\":\"https:\\\/\\\/veteraanienperinto.fi\\\/#website\"},\"primaryImageOfPage\":{\"@id\":\"https:\\\/\\\/veteraanienperinto.fi\\\/index.php\\\/sv\\\/infobank\\\/organisationer\\\/jagarrorelsen\\\/#primaryimage\"},\"image\":{\"@id\":\"https:\\\/\\\/veteraanienperinto.fi\\\/index.php\\\/sv\\\/infobank\\\/organisationer\\\/jagarrorelsen\\\/#primaryimage\"},\"thumbnailUrl\":\"https:\\\/\\\/veteraanienperinto.fi\\\/wp-content\\\/uploads\\\/2020\\\/12\\\/jaakarit1-300x197.jpg\",\"datePublished\":\"2020-11-19T12:28:59+00:00\",\"dateModified\":\"2021-01-19T14:09:25+00:00\",\"breadcrumb\":{\"@id\":\"https:\\\/\\\/veteraanienperinto.fi\\\/index.php\\\/sv\\\/infobank\\\/organisationer\\\/jagarrorelsen\\\/#breadcrumb\"},\"inLanguage\":\"fi\",\"potentialAction\":[{\"@type\":\"ReadAction\",\"target\":[\"https:\\\/\\\/veteraanienperinto.fi\\\/index.php\\\/sv\\\/infobank\\\/organisationer\\\/jagarrorelsen\\\/\"]}]},{\"@type\":\"ImageObject\",\"inLanguage\":\"fi\",\"@id\":\"https:\\\/\\\/veteraanienperinto.fi\\\/index.php\\\/sv\\\/infobank\\\/organisationer\\\/jagarrorelsen\\\/#primaryimage\",\"url\":\"https:\\\/\\\/veteraanienperinto.fi\\\/wp-content\\\/uploads\\\/2020\\\/12\\\/jaakarit1.jpg\",\"contentUrl\":\"https:\\\/\\\/veteraanienperinto.fi\\\/wp-content\\\/uploads\\\/2020\\\/12\\\/jaakarit1.jpg\",\"width\":620,\"height\":407},{\"@type\":\"BreadcrumbList\",\"@id\":\"https:\\\/\\\/veteraanienperinto.fi\\\/index.php\\\/sv\\\/infobank\\\/organisationer\\\/jagarrorelsen\\\/#breadcrumb\",\"itemListElement\":[{\"@type\":\"ListItem\",\"position\":1,\"name\":\"Etusivu\",\"item\":\"https:\\\/\\\/veteraanienperinto.fi\\\/index.php\\\/etusivu-2\\\/\"},{\"@type\":\"ListItem\",\"position\":2,\"name\":\"Infobank\",\"item\":\"https:\\\/\\\/veteraanienperinto.fi\\\/index.php\\\/sv\\\/infobank\\\/\"},{\"@type\":\"ListItem\",\"position\":3,\"name\":\"Organisationer\",\"item\":\"https:\\\/\\\/veteraanienperinto.fi\\\/index.php\\\/sv\\\/infobank\\\/organisationer\\\/\"},{\"@type\":\"ListItem\",\"position\":4,\"name\":\"J\u00e4garr\u00f6relsen\"}]},{\"@type\":\"WebSite\",\"@id\":\"https:\\\/\\\/veteraanienperinto.fi\\\/#website\",\"url\":\"https:\\\/\\\/veteraanienperinto.fi\\\/\",\"name\":\"Veteraanien Perint\u00f6\",\"description\":\"Kadettikunta\",\"potentialAction\":[{\"@type\":\"SearchAction\",\"target\":{\"@type\":\"EntryPoint\",\"urlTemplate\":\"https:\\\/\\\/veteraanienperinto.fi\\\/?s={search_term_string}\"},\"query-input\":{\"@type\":\"PropertyValueSpecification\",\"valueRequired\":true,\"valueName\":\"search_term_string\"}}],\"inLanguage\":\"fi\"}]}<\/script>\n<!-- \/ Yoast SEO plugin. -->","yoast_head_json":{"title":"J\u00e4garr\u00f6relsen - Veteraanien Perint\u00f6","robots":{"index":"index","follow":"follow","max-snippet":"max-snippet:-1","max-image-preview":"max-image-preview:large","max-video-preview":"max-video-preview:-1"},"canonical":"https:\/\/veteraanienperinto.fi\/index.php\/sv\/infobank\/organisationer\/jagarrorelsen\/","og_locale":"fi_FI","og_type":"article","og_title":"J\u00e4garr\u00f6relsen - Veteraanien Perint\u00f6","og_url":"https:\/\/veteraanienperinto.fi\/index.php\/sv\/infobank\/organisationer\/jagarrorelsen\/","og_site_name":"Veteraanien Perint\u00f6","article_modified_time":"2021-01-19T14:09:25+00:00","og_image":[{"url":"https:\/\/veteraanienperinto.fi\/wp-content\/uploads\/2020\/12\/jaakarit1-300x197.jpg","type":"","width":"","height":""}],"twitter_card":"summary_large_image","twitter_misc":{"Arvioitu lukuaika":"9 minuuttia"},"schema":{"@context":"https:\/\/schema.org","@graph":[{"@type":"WebPage","@id":"https:\/\/veteraanienperinto.fi\/index.php\/sv\/infobank\/organisationer\/jagarrorelsen\/","url":"https:\/\/veteraanienperinto.fi\/index.php\/sv\/infobank\/organisationer\/jagarrorelsen\/","name":"J\u00e4garr\u00f6relsen - Veteraanien Perint\u00f6","isPartOf":{"@id":"https:\/\/veteraanienperinto.fi\/#website"},"primaryImageOfPage":{"@id":"https:\/\/veteraanienperinto.fi\/index.php\/sv\/infobank\/organisationer\/jagarrorelsen\/#primaryimage"},"image":{"@id":"https:\/\/veteraanienperinto.fi\/index.php\/sv\/infobank\/organisationer\/jagarrorelsen\/#primaryimage"},"thumbnailUrl":"https:\/\/veteraanienperinto.fi\/wp-content\/uploads\/2020\/12\/jaakarit1-300x197.jpg","datePublished":"2020-11-19T12:28:59+00:00","dateModified":"2021-01-19T14:09:25+00:00","breadcrumb":{"@id":"https:\/\/veteraanienperinto.fi\/index.php\/sv\/infobank\/organisationer\/jagarrorelsen\/#breadcrumb"},"inLanguage":"fi","potentialAction":[{"@type":"ReadAction","target":["https:\/\/veteraanienperinto.fi\/index.php\/sv\/infobank\/organisationer\/jagarrorelsen\/"]}]},{"@type":"ImageObject","inLanguage":"fi","@id":"https:\/\/veteraanienperinto.fi\/index.php\/sv\/infobank\/organisationer\/jagarrorelsen\/#primaryimage","url":"https:\/\/veteraanienperinto.fi\/wp-content\/uploads\/2020\/12\/jaakarit1.jpg","contentUrl":"https:\/\/veteraanienperinto.fi\/wp-content\/uploads\/2020\/12\/jaakarit1.jpg","width":620,"height":407},{"@type":"BreadcrumbList","@id":"https:\/\/veteraanienperinto.fi\/index.php\/sv\/infobank\/organisationer\/jagarrorelsen\/#breadcrumb","itemListElement":[{"@type":"ListItem","position":1,"name":"Etusivu","item":"https:\/\/veteraanienperinto.fi\/index.php\/etusivu-2\/"},{"@type":"ListItem","position":2,"name":"Infobank","item":"https:\/\/veteraanienperinto.fi\/index.php\/sv\/infobank\/"},{"@type":"ListItem","position":3,"name":"Organisationer","item":"https:\/\/veteraanienperinto.fi\/index.php\/sv\/infobank\/organisationer\/"},{"@type":"ListItem","position":4,"name":"J\u00e4garr\u00f6relsen"}]},{"@type":"WebSite","@id":"https:\/\/veteraanienperinto.fi\/#website","url":"https:\/\/veteraanienperinto.fi\/","name":"Veteraanien Perint\u00f6","description":"Kadettikunta","potentialAction":[{"@type":"SearchAction","target":{"@type":"EntryPoint","urlTemplate":"https:\/\/veteraanienperinto.fi\/?s={search_term_string}"},"query-input":{"@type":"PropertyValueSpecification","valueRequired":true,"valueName":"search_term_string"}}],"inLanguage":"fi"}]}},"_links":{"self":[{"href":"https:\/\/veteraanienperinto.fi\/index.php\/wp-json\/wp\/v2\/pages\/6495","targetHints":{"allow":["GET"]}}],"collection":[{"href":"https:\/\/veteraanienperinto.fi\/index.php\/wp-json\/wp\/v2\/pages"}],"about":[{"href":"https:\/\/veteraanienperinto.fi\/index.php\/wp-json\/wp\/v2\/types\/page"}],"author":[{"embeddable":true,"href":"https:\/\/veteraanienperinto.fi\/index.php\/wp-json\/wp\/v2\/users\/1"}],"replies":[{"embeddable":true,"href":"https:\/\/veteraanienperinto.fi\/index.php\/wp-json\/wp\/v2\/comments?post=6495"}],"version-history":[{"count":5,"href":"https:\/\/veteraanienperinto.fi\/index.php\/wp-json\/wp\/v2\/pages\/6495\/revisions"}],"predecessor-version":[{"id":10174,"href":"https:\/\/veteraanienperinto.fi\/index.php\/wp-json\/wp\/v2\/pages\/6495\/revisions\/10174"}],"up":[{"embeddable":true,"href":"https:\/\/veteraanienperinto.fi\/index.php\/wp-json\/wp\/v2\/pages\/6491"}],"wp:attachment":[{"href":"https:\/\/veteraanienperinto.fi\/index.php\/wp-json\/wp\/v2\/media?parent=6495"}],"curies":[{"name":"wp","href":"https:\/\/api.w.org\/{rel}","templated":true}]}}