{"id":6712,"date":"2020-11-19T14:46:53","date_gmt":"2020-11-19T14:46:53","guid":{"rendered":"https:\/\/veteraani.ylirotu.fi\/?page_id=6712"},"modified":"2020-12-28T14:25:15","modified_gmt":"2020-12-28T14:25:15","slug":"krigshandelserna","status":"publish","type":"page","link":"https:\/\/veteraanienperinto.fi\/index.php\/sv\/fortsattningskriget\/berattelser-i-fortsattningkriget\/krigets-gang\/avvarjningen-av-storanfallet\/krigshandelserna\/","title":{"rendered":"Krigsh\u00e4ndelserna&#8230;"},"content":{"rendered":"\n<style type=\"text\/css\" data-created_by=\"avia_inline_auto\" id=\"style-css-av-kix6u2x4-a829c53c12404553a6a3a0677313bee3\">\n#top .av-special-heading.av-kix6u2x4-a829c53c12404553a6a3a0677313bee3{\npadding-bottom:10px;\n}\nbody .av-special-heading.av-kix6u2x4-a829c53c12404553a6a3a0677313bee3 .av-special-heading-tag .heading-char{\nfont-size:25px;\n}\n.av-special-heading.av-kix6u2x4-a829c53c12404553a6a3a0677313bee3 .av-subheading{\nfont-size:15px;\n}\n<\/style>\n<div  class='av-special-heading av-kix6u2x4-a829c53c12404553a6a3a0677313bee3 av-special-heading-h3  avia-builder-el-0  el_before_av_textblock  avia-builder-el-first '><h3 class='av-special-heading-tag'  itemprop=\"headline\"  >Krigsh\u00e4ndelserna&#8230;<\/h3><div class=\"special-heading-border\"><div class=\"special-heading-inner-border\"><\/div><\/div><\/div>\n<section  class='av_textblock_section av-kek0ol8w-0f04af88ec907b2c66cea4bf3dbe1d4c '   itemscope=\"itemscope\" itemtype=\"https:\/\/schema.org\/CreativeWork\" ><div class='avia_textblock'  itemprop=\"text\" ><p><strong>&#8230;v\u00e4ndpunkten i kriget 1944<\/strong><\/p>\n<p>Redan i b\u00f6rjan av \u00e5r 1944 fick vi erfara att kriget kommit in i ett nytt skede. M\u00e5nga tecken tydde p\u00e5 en avg\u00f6rande f\u00f6r\u00e4ndring av det strategiska l\u00e4get i Europa. Tyskarna var inte mera de anfallande, utan de uppeh\u00f6ll ett f\u00f6rtvivlat f\u00f6rsvar, som skulle r\u00e4cka \u00e4nnu 14 m\u00e5nader.<\/p>\n<p>Leningrad befriades i januari genom en v\u00e5ldsam rysk offensiv, som drev bort tyskarna \u00e4nda till Narva-linjen. Vi kunde d\u00e4refter konstatera att spionverksamheten p\u00e5 Karelska n\u00e4set \u00f6kade och att man h\u00f6ll p\u00e5 att skaffa uppgifter om v\u00e5ra st\u00e4llningar.<\/p>\n<p>V\u00e5r division hade en direkt k\u00e4nning av den \u00f6kade milit\u00e4ra aktiviteten.<\/p>\n<p>Den 19 januari b\u00f6rjade som alla andra dagar och de dagliga arbetena i sektionen gick som vanligt. Mitt p\u00e5 dagen vid 14-15 tiden gjorde ryssarna ett pl\u00f6tsligt anfall mot Munakukkula vid fronten rakt s\u00f6derom 1. batteriet, en st\u00f6djepunkt, som det flere g\u00e5nger varit strid om. Till anfallet h\u00f6rde \u00e4ven beskjutning av Akselis 1 batteri. N\u00e5gra 10-tal granater landade i n\u00e4rheten av batterist\u00e4llningen. Vi var n\u00e5gra som snabbt s\u00f6kte skydd i 1 troppens korsu.<\/p>\n<p>D\u00e5 det blivit n\u00e5got lugnare, kom en kanonj\u00e4r fr\u00e5n 2 troppen andf\u00e5dd in i korsun och sade att de f\u00e5tt en tr\u00e4ff i sin korsu. Hur m\u00e5nga blev s\u00e5rade? fr\u00e5gade vi. Ingen \u00e4r s\u00e5rad fick vi till svar. Vi trodde inte p\u00e5 att en granat bara kunde komma in och ut i en korsu, utan att n\u00e5got h\u00e4nde, s\u00e5 vi gick dit. D\u00e4r var alla \u00f6vertygade om att n\u00e5got underligt hade h\u00e4nt. D\u00e5 vi inte trodde p\u00e5 dem, gick senare n\u00e5gra pojkar ut och b\u00f6rjade gr\u00e4va ett par meter utanf\u00f6r korsuns gavelv\u00e4gg. De fann d\u00e4rvid t\u00e4ndningen till en 6&#8243; granat och sp\u00e5r som visade att en granat kreverat i sanden.<\/p>\n<p><strong>Ryssarna laddar upp<\/strong><\/p>\n<p>P\u00e5 grund av det f\u00f6r\u00e4ndrade l\u00e4get gav divisionen order om att v\u00e5ra st\u00e4llningar skulle f\u00f6rb\u00e4ttras. B\u00e5de divisionskommend\u00f6ren generalmajor Hersalo och artillerikommend\u00f6ren \u00f6verste L. Harvila var \u00f6vertygade om l\u00e4gets allvar, i motsats till andra ledande personer, t.ex. generalmajor Laatikainen, p\u00e5 v\u00e4stra N\u00e4set.<\/p>\n<p>\u00c4nnu mera \u00f6vertygade blev de den 28 maj. B.N. var vid denna tid kommenderad till JR 57 bataljonsstab p\u00e5 Lappalaisenm\u00e4ki. Det var en s\u00f6ndag och d\u00e5 det var vackert v\u00e4der besl\u00f6t han att g\u00e5 hem till batteriet f\u00f6r en kort visit. D\u00e5 han kommit en bit p\u00e5 v\u00e4g \u00f6ppnade v\u00e5rt artilleri en h\u00e4ftig eld. Det visade sig att ryssarna, som redan l\u00e4nge gr\u00e4vt f\u00f6rbindelsegravar fram emot v\u00e5ra linjer, gjorde ett f\u00f6rs\u00f6k med \u00f6ver 100 man att snappa bort en f\u00e5nge i v\u00e5ra linjer, tydligen f\u00f6r att f\u00e5 n\u00e4rmare uppgifter om v\u00e5ra trupper.<\/p>\n<p>Bland dem som best\u00e4mts f\u00f6r detta f\u00f6retag fanns sergeant Ivan Burlov. Han hade uttagits f\u00f6r att han skulle bestraffas f\u00f6r n\u00e5gon mindre f\u00f6rseelse. Hans grupp lyckades komma in i v\u00e5ra linjer i Muratta omr\u00e5det (granne till Munakukkula). Burlov blev sv\u00e5rt skadad och s\u00e4ndes till f\u00e4ltsjukhuset i Rautu. D\u00e4r intervjuades han ing\u00e5ende av en underr\u00e4ttelseofficer p\u00e5 divissionsstaben. Burlov kunde ge f\u00f6rv\u00e5nande noggranna uppgifter om de ryska trupperna, bl.a. om att 21 och 23 arm\u00e9erna redan l\u00e5g vid gr\u00e4nsen. Han hade l\u00e4st, att de finl\u00e4ndska soldaterna \u00e4r skickligare, b\u00e4ttre och farligare \u00e4n de tyska. &#8221;Det \u00e4r en r\u00e5 och kallblodig arm\u00e9, som \u00e4r van att sl\u00e5ss i skogarna.&#8221; Burlov var dock s\u00e5 svag, att han dog efter n\u00e5gon vecka.<\/p>\n<p>I 15. divisionen tog man Burlovs utsaga p\u00e5 djupaste allvar, medan h\u00f6gkvarteret och andra arm\u00e9divisioner inte ville acceptera allt.<\/p>\n<p>Den division, (10 D), som Akseli tidigare tillh\u00f6rt, chef generalmajor Jussi Sihvo, hade i maj f\u00f6rflyttats fr\u00e5n \u00f6stra N\u00e4set till v\u00e4stra N\u00e4set i f\u00f6rsta linjen, och hade ett 12 km brett avsnitt l\u00e4ngst i v\u00e4ster vid Finska viken. Denna och 2 D (generalmajor Martola) var de, som fick ta emot det h\u00e5rda slaget vid Valkeasaari, 10 D hade haft endast n\u00e5gra veckor p\u00e5 sig att installera sig i de nya st\u00e4llningarna.<\/p>\n<p><strong>Stormanfallet b\u00f6rjar<\/strong><\/p>\n<p>Det stora anfallet b\u00f6rjade den 9 juni kl 7 (finsk tid). Vid v\u00e5r front var det framf\u00f6r allt den mycket livliga lufttrafiken, som v\u00e4ckte uppm\u00e4rksamhet. De tv\u00e5 divisionerna p\u00e5 v\u00e4stra N\u00e4set fick ta emot en oerh\u00f6rd storm av eld fr\u00e5n alla vapen, bl.a. 3000 kanoner, som sk\u00f6t i 135 minuter, ca. 500 bomb- och attackplan gjorde vad de f\u00f6rm\u00e5dde. V\u00e5r divisions avsnitt, fr\u00e5n Lappalaisenm\u00e4ki till Ladoga, h\u00f6rde inte till anfallsm\u00e5let, men de ryska styrkorna p\u00e5 v\u00e5r front sk\u00f6t f\u00f6r fullt. Det gick dock inte att j\u00e4mf\u00f6ra med vad trupperna p\u00e5 v\u00e4stra N\u00e4set fick utst\u00e5. Redan den 10 juni sent p\u00e5 kv\u00e4llen kunde vi konstatera, att ryssarna flyttade sitt artilleri till v\u00e4stra N\u00e4set.<\/p>\n<p>Under de n\u00e4rmaste dagarna fick vi st\u00f6da divisionen v\u00e4ster om oss, men i stort sett var det lugnt. B.N. var mest vid JR 57:s bataljonsstab p\u00e5 Lappalaisenm\u00e4ki. D\u00e5 han steg upp andra dagen efter anfallet, l\u00e5g en stupad l\u00f6jtnant p\u00e5 en b\u00c5r utanf\u00f6r staben. Det var v\u00e5r f\u00f6rre divisionskommend\u00f6r gen.maj. Jussi Sihvos son. Samtidigt utsattes J.S.:s division, som l\u00e5g n\u00e4rmast Finska viken, f\u00f6r h\u00e5rda anfall och m\u00e5ste l\u00e4mna sina st\u00e4llningar. Det var blott en av de m\u00e5nga tragedier, som intr\u00e4ffade vid denna tid.<\/p>\n<p>V\u00e5r sektions l\u00e4ge berodde helt p\u00e5 vad som h\u00e4nde i v\u00e4ster. Fem dagar l\u00e5g vi \u00e4nnu kvar i Lempaala. Den 13 juni p\u00e5 kv\u00e4llen bytte vi st\u00e4llning och den 14 igen till den b\u00e4ttre s.k. VT-linjen (Vammelsuu-Taipale), som byggts ut i \u00f6ver tv\u00e5 \u00e5r. \u00c4ven v\u00e5rt manskap var d\u00e4r sommaren 1943 f\u00f6r att r\u00f6ja skjutf\u00e4lt m.m..<\/p>\n<p>\u00c4ven denna linje m\u00e5ste dock \u00f6vergivas till f\u00f6ljd av att ryssarna p\u00e5 v\u00e4stra N\u00e4set avancerat till Kuuterselk\u00e4, d.v.s. f\u00f6rbi VT-linjen. H\u00f6gkvarteret besl\u00f6t nu, att f\u00f6rsvaret p\u00e5 mellersta och \u00f6stra delen av N\u00e4set skulle flyttas norr om den stora \u00e4lven Vuoksen. V\u00e5r sektion placerades n\u00e4ra byn Taljala norr om Vuosalmi. H\u00e4r intr\u00e4ffade vi den 17 juni och kunde k\u00f6ra i st\u00e4llning samma kv\u00e4ll. I dessa trakter l\u00e5g vi sedan kvar till vapenstillest\u00e5ndet. Den 18 p\u00e5 morgon rekognoserades den h\u00f6ga \u00c4yr\u00e4p\u00e4\u00e4 \u00e5sen p\u00e5 s\u00f6dra sidan av Vuoksen. Den var ca. 8 km l\u00e5ng, men bara 400-600 m bred.<\/p>\n<p><strong>Vid Vuosalmi<\/strong><\/p>\n<p>Den 19 s\u00e4ndes ett kommando p\u00e5 100 man till \u00c4yr\u00e4p\u00e4\u00e4-brohuvudet f\u00f6r att iordningst\u00e4lla eldledningsplatser. Man hade h\u00e4rifr\u00e5n en vid utsikt 4-5 km \u00f6ver sl\u00e4tten s\u00f6derut. Ryskt flyg fl\u00f6g \u00f6ver \u00e5sen, men s\u00e5g inte de sm\u00e5 arbetsgrupperna.<\/p>\n<p>Redan p\u00e5 e.m. f\u00f6Ijande dag den 20.6, n\u00e4rmade sig de ryska trupperna \u00c4yr\u00e4p\u00e4\u00e4 stationsomr\u00e5de och f\u00e4rjan till Vuosalmi by p\u00e5 norra sidan av Vuoksen. \u00c4yr\u00e4p\u00e4\u00e4\u00e5sen var bemannad med starka finska trupper och d\u00e4r fanns m\u00e5nga eldledningsplatser.<\/p>\n<p>En allvarlig brist var att f\u00f6rbindelserna var svaga. Visserligen drogs flere telefonlinjer till \u00e5sen, men med den starka artilleri- och granatkastareld, som ryssarna uppr\u00e4tth\u00f6ll, gick de fort i oordning. V\u00e5ra radiof\u00f6rbindelser var inte mycket att skryta med.<\/p>\n<p>Sedan f\u00f6ljde en tid d\u00e5 de ryska trupperna orienterade sig. Eldverksamheten var livlig de flesta dagar. Det var funktion alla tider p\u00e5 dygnet, varf\u00f6r batterimanskapet inte fick sova s\u00e5 mycket. Men det var ocks\u00e5 n\u00e5gra dagar med liten eldverksamhet, s\u00e5 vi f\u00f6rstod, att ryssen laddade upp. D\u00e5 vi visste, att anfallet snart skulle komma gjorde vi upp en alfabetisk m\u00e5lf\u00f6rteckning med ca. 800 m\u00e5l f\u00e4rdigt utr\u00e4knade.<\/p>\n<p>Den 4 juli 1944 b\u00f6rjade storanfallet mot v\u00e5rt brohuvud p\u00e5 \u00c4yr\u00e4p\u00e4\u00e4 \u00e5sen kl 4. Sektionen sk\u00f6t i sex timmar i str\u00e4ck. Kl 12 b\u00f6rjade skjutandet igen, emedan 1 batteriet hade en skogseld alldeles framf\u00f6r batteriet, m\u00e5ste elden sl\u00e4ckas trots fortsatt granateld. Funktionen fortsatte efter n\u00e5gra timmar och fortgick till kl 21. D\u00e5 var batterimannarna mer \u00e4n tr\u00f6tta. M\u00e4rkligt nog s\u00e5rades ingen denna dag av den fientliga elden, trots att man kunde r\u00e4kna 25 nedslag inom batteriomr\u00e5det. F\u00f6rklaringen l\u00e5g i att alla hade sin egen &#8221;potero&#8221;, d.v.s. en ca 1 m djup grop ca 6&#215;6 dm.<\/p>\n<p>Denna dag sk\u00f6t sektionen mest under hela kriget, d.v.s. 1417 granater, ofta med mycket korta mellantider. F\u00f6ljden var, att pj\u00e4serna blev \u00f6verhettade, vilket fick allvarliga f\u00f6ljder.<\/p>\n<p><strong>Byte av pj\u00e4ser<\/strong><\/p>\n<p>De h\u00e5rda striderna om brohuvudet fortsatte den 5.7. Sektionen sk\u00f6t 359 granater med 9 pj\u00e4ser. Nu hade fienden m\u00e4tt in 1. btri precis. Efter de flesta av v\u00e5ra skjutningar kom det svar. 1. pj\u00e4sen skadades s\u00e5 att den m\u00e5ste s\u00e4ndas till reparationsverkstaden i Kexholm. Denna dag s\u00e5rades en officer och fyra man. Batteriet bytte st\u00e4llning och var skjutklart n\u00e4sta morgon kl 3.<\/p>\n<p>V\u00e5ra trupper f\u00f6rs\u00f6kte den 6-8.7. \u00e5terer\u00f6vra delar av brohuvudet, men med ringa framg\u00e5ng. Sektionen sk\u00f6t dessa dagar 800 granater med 8 eldr\u00f6r, och ytterligare r\u00f6rskador intr\u00e4ffade. Vi hade skjutit s\u00e5 mycket att r\u00f6ren i m\u00e5nga fall blev utslitna. Livlig trafik till Kexholms verkstad \u00e4gde rum. Snart ins\u00e5g artillerikommend\u00f6ren dock, att det var b\u00e4st, att helt ers\u00e4tta de tyska 150 H 40 pj\u00e4serna med ryska 152 H 38 krigsbytespj\u00e4ser. De ryska pj\u00e4serna var inte d\u00e5liga, men de sk\u00f6t inte lika l\u00e5ngt som de tyska.<\/p>\n<p>S\u00e4mst var l\u00e4get den 11.7., d\u00e5 sektionen endast hade 5 tyska pj\u00e4ser i funktion. Men n\u00e4sta dag fanns det 3 tyska och 4 ryska pj\u00e4ser. Fr.o.m. den 13.7. hade vi 3 tyska och 8 ryska pj\u00e4ser. Den 17.7. fick tv\u00e5 tyska pj\u00e4ser skjutf\u00f6rbud och den sista \u00f6verl\u00e4ts till Tunga sektionen 14, som h\u00f6rde till granndivisionen. F\u00f6rst den 30.7. erh\u00f6lls den sista 152 H\/38 och d\u00e5 var pj\u00e4sparken igen fulltalig.<\/p>\n<p>Allt detta bytande av pj\u00e4ser betydde att ett batteri i tur och ordning var utan pj\u00e4ser och de lediga kunde vila ut vid n\u00e5gon badsj\u00f6, vilket beh\u00f6vdes efter den h\u00e5rda eldfunktionen.<\/p>\n<p><strong>Brohuvudet ges upp<\/strong><\/p>\n<p>Den 9.7. hade sektionen endast 7 pj\u00e4ser, men sk\u00f6t med dem 696 granater. Denna dag lyckades fienden efter mycket h\u00e5rd eldf\u00f6rberedelse med artilleri och bombplan ta sig \u00f6ver Vuoksen och bilda ett brohuvud norrom sundet. Samtidigt b\u00f6rjade v\u00e5ra trupper l\u00e4mna resten av brohuvudet i norra delen av \u00c4yr\u00e4p\u00e4\u00e4 \u00e5sen. Vid Vuosalmis s\u00f6dra \u00e4nda anv\u00e4nde fienden en kraftig artillerield och bomber fr\u00e5n mer \u00e4n 200 flygplan f\u00f6r att mjuka upp de v\u00e5ra. Efter f\u00f6rberedelsen stormade ryssarna med ett stort antal flottar och b\u00e5tar p\u00e5 ett par km:s front \u00f6ver sj\u00e4lva sundet.<\/p>\n<p>Gen.l\u00f6jtn. Oesch gav samma dag pansardivisionen under gen.major Lagus order om att ingripa vid Vuosalmi. Det blev h\u00e5rda drabbningar, d\u00e4r ingendera sidan vann.<\/p>\n<p>De ryska styrkorna var den 10-14.7. mycket aktiva och lyckades rycka fram n\u00e5gon km. De v\u00e5ra fick ocks\u00e5 f\u00f6rst\u00e4rkningar.<\/p>\n<p>Speciellt var den 11.7. en h\u00e5rd dag. Men d\u00e5 var lyckligtvis Lagus Division med i leken. Ryssarna tr\u00e4ngde p\u00e5, men v\u00e5rt artilleri sk\u00f6t mera \u00e4n n\u00e5gon annan dag under denna kampanj. Sammanlagt sk\u00f6ts ca 24 000 granater, eller ca en fj\u00e4rdedel av allt som sk\u00f6ts under juni-juli p\u00e5 Vuosalmi avsnittet.<\/p>\n<p>Den 14.7. kl 17 observerade v\u00e5ra eldledare fr\u00e5n eldledningsplatsen Viiksi (i norra \u00e4ndan av Vuosalmi sundet), att ryska tanks transporterades s\u00f6derut d.v.s. bort fr\u00e5n fronten. Detta var troligen det f\u00f6rsta tecknet p\u00e5, att den ryska krigsledningen ompr\u00f6vat sina krigsm\u00e5l.<\/p>\n<p><strong>Ryska anfallet inst\u00e4lls<\/strong><\/p>\n<p>Stalin hade tydligen tagit intryck av de allierades framg\u00e5ngar i Normandiet. I Churchills stora verk &#8221;Andra v\u00e4rldskriget&#8221; publicerar han sina brev till Stalin den 25 o. 27 juni och den 1 juli om de allierades framg\u00e5ngar och att de b\u00f6rjar avancera i Normandiet. H\u00e4rav kan man f\u00f6rst\u00e5, att Berlin blev det viktiga m\u00e5let b\u00e5de f\u00f6r ryssarna och de allierade. Stalin besl\u00f6t tydligen nu, att inte komma som tv\u00e5a till Berlin. Sett ur denna synvinkel kan man f\u00f6rst\u00e5 den snabba f\u00f6r\u00e4ndringen vid v\u00e5ra fronter.<\/p>\n<p>I slutet av juli 1944 avtog stridsverksamheten vid Vuosalmi allts\u00e5 h\u00f6gst betydligt. Redan sent p\u00e5 kv\u00e4llen den 14.7. f\u00f6r\u00e4ndrades ryssarnas beteende d\u00e4r. Fr\u00e5n Viiksi kunde man konstatera att b\u00e5de ryska och finska soldater gjorde skyddsgropar \u00e5t sig p\u00e5 dagen och vid m\u00f6rkrets inbrott b\u00f6rjade ett v\u00e5ldsamt skjutande med infanterivapen. Det var tydligen fr\u00e5ga om att st\u00e4rka sj\u00e4lvf\u00f6rtroendet, sedan en stor del av de ryska trupperna f\u00f6rts bort.<\/p>\n<p><strong>Minnesskrift Tunga Sektionen 13 1941-44<\/strong><\/p>\n<\/div><\/section>\n","protected":false},"excerpt":{"rendered":"","protected":false},"author":1,"featured_media":0,"parent":6052,"menu_order":6,"comment_status":"closed","ping_status":"closed","template":"","meta":{"footnotes":""},"class_list":["post-6712","page","type-page","status-publish","hentry"],"yoast_head":"<!-- This site is optimized with the Yoast SEO plugin v27.5 - https:\/\/yoast.com\/product\/yoast-seo-wordpress\/ -->\n<title>Krigsh\u00e4ndelserna... - Veteraanien Perint\u00f6<\/title>\n<meta name=\"robots\" content=\"index, follow, max-snippet:-1, max-image-preview:large, max-video-preview:-1\" \/>\n<link rel=\"canonical\" href=\"https:\/\/veteraanienperinto.fi\/index.php\/sv\/fortsattningskriget\/berattelser-i-fortsattningkriget\/krigets-gang\/avvarjningen-av-storanfallet\/krigshandelserna\/\" \/>\n<meta property=\"og:locale\" content=\"fi_FI\" \/>\n<meta property=\"og:type\" content=\"article\" \/>\n<meta property=\"og:title\" content=\"Krigsh\u00e4ndelserna... - Veteraanien Perint\u00f6\" \/>\n<meta property=\"og:url\" content=\"https:\/\/veteraanienperinto.fi\/index.php\/sv\/fortsattningskriget\/berattelser-i-fortsattningkriget\/krigets-gang\/avvarjningen-av-storanfallet\/krigshandelserna\/\" \/>\n<meta property=\"og:site_name\" content=\"Veteraanien Perint\u00f6\" \/>\n<meta property=\"article:modified_time\" content=\"2020-12-28T14:25:15+00:00\" \/>\n<meta name=\"twitter:card\" content=\"summary_large_image\" \/>\n<meta name=\"twitter:label1\" content=\"Arvioitu lukuaika\" \/>\n\t<meta name=\"twitter:data1\" content=\"12 minuuttia\" \/>\n<script type=\"application\/ld+json\" class=\"yoast-schema-graph\">{\"@context\":\"https:\\\/\\\/schema.org\",\"@graph\":[{\"@type\":\"WebPage\",\"@id\":\"https:\\\/\\\/veteraanienperinto.fi\\\/index.php\\\/sv\\\/fortsattningskriget\\\/berattelser-i-fortsattningkriget\\\/krigets-gang\\\/avvarjningen-av-storanfallet\\\/krigshandelserna\\\/\",\"url\":\"https:\\\/\\\/veteraanienperinto.fi\\\/index.php\\\/sv\\\/fortsattningskriget\\\/berattelser-i-fortsattningkriget\\\/krigets-gang\\\/avvarjningen-av-storanfallet\\\/krigshandelserna\\\/\",\"name\":\"Krigsh\u00e4ndelserna... - Veteraanien Perint\u00f6\",\"isPartOf\":{\"@id\":\"https:\\\/\\\/veteraanienperinto.fi\\\/#website\"},\"datePublished\":\"2020-11-19T14:46:53+00:00\",\"dateModified\":\"2020-12-28T14:25:15+00:00\",\"breadcrumb\":{\"@id\":\"https:\\\/\\\/veteraanienperinto.fi\\\/index.php\\\/sv\\\/fortsattningskriget\\\/berattelser-i-fortsattningkriget\\\/krigets-gang\\\/avvarjningen-av-storanfallet\\\/krigshandelserna\\\/#breadcrumb\"},\"inLanguage\":\"fi\",\"potentialAction\":[{\"@type\":\"ReadAction\",\"target\":[\"https:\\\/\\\/veteraanienperinto.fi\\\/index.php\\\/sv\\\/fortsattningskriget\\\/berattelser-i-fortsattningkriget\\\/krigets-gang\\\/avvarjningen-av-storanfallet\\\/krigshandelserna\\\/\"]}]},{\"@type\":\"BreadcrumbList\",\"@id\":\"https:\\\/\\\/veteraanienperinto.fi\\\/index.php\\\/sv\\\/fortsattningskriget\\\/berattelser-i-fortsattningkriget\\\/krigets-gang\\\/avvarjningen-av-storanfallet\\\/krigshandelserna\\\/#breadcrumb\",\"itemListElement\":[{\"@type\":\"ListItem\",\"position\":1,\"name\":\"Etusivu\",\"item\":\"https:\\\/\\\/veteraanienperinto.fi\\\/index.php\\\/etusivu-2\\\/\"},{\"@type\":\"ListItem\",\"position\":2,\"name\":\"Forts\u00e4ttningskriget\",\"item\":\"https:\\\/\\\/veteraanienperinto.fi\\\/index.php\\\/sv\\\/fortsattningskriget\\\/\"},{\"@type\":\"ListItem\",\"position\":3,\"name\":\"Ber\u00e4ttelser i forts\u00e4ttningkriget\",\"item\":\"https:\\\/\\\/veteraanienperinto.fi\\\/index.php\\\/sv\\\/fortsattningskriget\\\/berattelser-i-fortsattningkriget\\\/\"},{\"@type\":\"ListItem\",\"position\":4,\"name\":\"Krigets g\u00e5ng\",\"item\":\"https:\\\/\\\/veteraanienperinto.fi\\\/index.php\\\/sv\\\/fortsattningskriget\\\/berattelser-i-fortsattningkriget\\\/krigets-gang\\\/\"},{\"@type\":\"ListItem\",\"position\":5,\"name\":\"Avv\u00e4rjningen av storanfallet p\u00e5 sommaren 1944\",\"item\":\"https:\\\/\\\/veteraanienperinto.fi\\\/index.php\\\/sv\\\/fortsattningskriget\\\/berattelser-i-fortsattningkriget\\\/krigets-gang\\\/avvarjningen-av-storanfallet\\\/\"},{\"@type\":\"ListItem\",\"position\":6,\"name\":\"Krigsh\u00e4ndelserna&#8230;\"}]},{\"@type\":\"WebSite\",\"@id\":\"https:\\\/\\\/veteraanienperinto.fi\\\/#website\",\"url\":\"https:\\\/\\\/veteraanienperinto.fi\\\/\",\"name\":\"Veteraanien Perint\u00f6\",\"description\":\"Kadettikunta\",\"potentialAction\":[{\"@type\":\"SearchAction\",\"target\":{\"@type\":\"EntryPoint\",\"urlTemplate\":\"https:\\\/\\\/veteraanienperinto.fi\\\/?s={search_term_string}\"},\"query-input\":{\"@type\":\"PropertyValueSpecification\",\"valueRequired\":true,\"valueName\":\"search_term_string\"}}],\"inLanguage\":\"fi\"}]}<\/script>\n<!-- \/ Yoast SEO plugin. -->","yoast_head_json":{"title":"Krigsh\u00e4ndelserna... - Veteraanien Perint\u00f6","robots":{"index":"index","follow":"follow","max-snippet":"max-snippet:-1","max-image-preview":"max-image-preview:large","max-video-preview":"max-video-preview:-1"},"canonical":"https:\/\/veteraanienperinto.fi\/index.php\/sv\/fortsattningskriget\/berattelser-i-fortsattningkriget\/krigets-gang\/avvarjningen-av-storanfallet\/krigshandelserna\/","og_locale":"fi_FI","og_type":"article","og_title":"Krigsh\u00e4ndelserna... - Veteraanien Perint\u00f6","og_url":"https:\/\/veteraanienperinto.fi\/index.php\/sv\/fortsattningskriget\/berattelser-i-fortsattningkriget\/krigets-gang\/avvarjningen-av-storanfallet\/krigshandelserna\/","og_site_name":"Veteraanien Perint\u00f6","article_modified_time":"2020-12-28T14:25:15+00:00","twitter_card":"summary_large_image","twitter_misc":{"Arvioitu lukuaika":"12 minuuttia"},"schema":{"@context":"https:\/\/schema.org","@graph":[{"@type":"WebPage","@id":"https:\/\/veteraanienperinto.fi\/index.php\/sv\/fortsattningskriget\/berattelser-i-fortsattningkriget\/krigets-gang\/avvarjningen-av-storanfallet\/krigshandelserna\/","url":"https:\/\/veteraanienperinto.fi\/index.php\/sv\/fortsattningskriget\/berattelser-i-fortsattningkriget\/krigets-gang\/avvarjningen-av-storanfallet\/krigshandelserna\/","name":"Krigsh\u00e4ndelserna... - Veteraanien Perint\u00f6","isPartOf":{"@id":"https:\/\/veteraanienperinto.fi\/#website"},"datePublished":"2020-11-19T14:46:53+00:00","dateModified":"2020-12-28T14:25:15+00:00","breadcrumb":{"@id":"https:\/\/veteraanienperinto.fi\/index.php\/sv\/fortsattningskriget\/berattelser-i-fortsattningkriget\/krigets-gang\/avvarjningen-av-storanfallet\/krigshandelserna\/#breadcrumb"},"inLanguage":"fi","potentialAction":[{"@type":"ReadAction","target":["https:\/\/veteraanienperinto.fi\/index.php\/sv\/fortsattningskriget\/berattelser-i-fortsattningkriget\/krigets-gang\/avvarjningen-av-storanfallet\/krigshandelserna\/"]}]},{"@type":"BreadcrumbList","@id":"https:\/\/veteraanienperinto.fi\/index.php\/sv\/fortsattningskriget\/berattelser-i-fortsattningkriget\/krigets-gang\/avvarjningen-av-storanfallet\/krigshandelserna\/#breadcrumb","itemListElement":[{"@type":"ListItem","position":1,"name":"Etusivu","item":"https:\/\/veteraanienperinto.fi\/index.php\/etusivu-2\/"},{"@type":"ListItem","position":2,"name":"Forts\u00e4ttningskriget","item":"https:\/\/veteraanienperinto.fi\/index.php\/sv\/fortsattningskriget\/"},{"@type":"ListItem","position":3,"name":"Ber\u00e4ttelser i forts\u00e4ttningkriget","item":"https:\/\/veteraanienperinto.fi\/index.php\/sv\/fortsattningskriget\/berattelser-i-fortsattningkriget\/"},{"@type":"ListItem","position":4,"name":"Krigets g\u00e5ng","item":"https:\/\/veteraanienperinto.fi\/index.php\/sv\/fortsattningskriget\/berattelser-i-fortsattningkriget\/krigets-gang\/"},{"@type":"ListItem","position":5,"name":"Avv\u00e4rjningen av storanfallet p\u00e5 sommaren 1944","item":"https:\/\/veteraanienperinto.fi\/index.php\/sv\/fortsattningskriget\/berattelser-i-fortsattningkriget\/krigets-gang\/avvarjningen-av-storanfallet\/"},{"@type":"ListItem","position":6,"name":"Krigsh\u00e4ndelserna&#8230;"}]},{"@type":"WebSite","@id":"https:\/\/veteraanienperinto.fi\/#website","url":"https:\/\/veteraanienperinto.fi\/","name":"Veteraanien Perint\u00f6","description":"Kadettikunta","potentialAction":[{"@type":"SearchAction","target":{"@type":"EntryPoint","urlTemplate":"https:\/\/veteraanienperinto.fi\/?s={search_term_string}"},"query-input":{"@type":"PropertyValueSpecification","valueRequired":true,"valueName":"search_term_string"}}],"inLanguage":"fi"}]}},"_links":{"self":[{"href":"https:\/\/veteraanienperinto.fi\/index.php\/wp-json\/wp\/v2\/pages\/6712","targetHints":{"allow":["GET"]}}],"collection":[{"href":"https:\/\/veteraanienperinto.fi\/index.php\/wp-json\/wp\/v2\/pages"}],"about":[{"href":"https:\/\/veteraanienperinto.fi\/index.php\/wp-json\/wp\/v2\/types\/page"}],"author":[{"embeddable":true,"href":"https:\/\/veteraanienperinto.fi\/index.php\/wp-json\/wp\/v2\/users\/1"}],"replies":[{"embeddable":true,"href":"https:\/\/veteraanienperinto.fi\/index.php\/wp-json\/wp\/v2\/comments?post=6712"}],"version-history":[{"count":4,"href":"https:\/\/veteraanienperinto.fi\/index.php\/wp-json\/wp\/v2\/pages\/6712\/revisions"}],"predecessor-version":[{"id":9048,"href":"https:\/\/veteraanienperinto.fi\/index.php\/wp-json\/wp\/v2\/pages\/6712\/revisions\/9048"}],"up":[{"embeddable":true,"href":"https:\/\/veteraanienperinto.fi\/index.php\/wp-json\/wp\/v2\/pages\/6052"}],"wp:attachment":[{"href":"https:\/\/veteraanienperinto.fi\/index.php\/wp-json\/wp\/v2\/media?parent=6712"}],"curies":[{"name":"wp","href":"https:\/\/api.w.org\/{rel}","templated":true}]}}