{"id":716,"date":"2020-08-29T14:00:09","date_gmt":"2020-08-29T14:00:09","guid":{"rendered":"https:\/\/veteraani.ylirotu.fi\/?page_id=716"},"modified":"2021-01-26T14:46:52","modified_gmt":"2021-01-26T14:46:52","slug":"jaakariliike","status":"publish","type":"page","link":"https:\/\/veteraanienperinto.fi\/index.php\/tietopankit\/1900-luvun-alku\/jaakariliike\/","title":{"rendered":"J\u00e4\u00e4k\u00e4riliike"},"content":{"rendered":"<div id='full_slider_1'  class='avia-fullwidth-slider main_color avia-shadow   avia-builder-el-0  el_before_av_heading  avia-builder-el-first   container_wrap sidebar_right'  ><\/div><div id='after_full_slider_1'  class='main_color av_default_container_wrap container_wrap sidebar_right'  ><div class='container av-section-cont-open' ><div class='template-page content  av-content-small alpha units'><div class='post-entry post-entry-type-page post-entry-716'><div class='entry-content-wrapper clearfix'>\n\n<style type=\"text\/css\" data-created_by=\"avia_inline_auto\" id=\"style-css-av-kke45352-76523dae42fc8bdda84e3c098c72c77a\">\n#top .av-special-heading.av-kke45352-76523dae42fc8bdda84e3c098c72c77a{\npadding-bottom:10px;\n}\nbody .av-special-heading.av-kke45352-76523dae42fc8bdda84e3c098c72c77a .av-special-heading-tag .heading-char{\nfont-size:25px;\n}\n.av-special-heading.av-kke45352-76523dae42fc8bdda84e3c098c72c77a .av-subheading{\nfont-size:15px;\n}\n<\/style>\n<div  class='av-special-heading av-kke45352-76523dae42fc8bdda84e3c098c72c77a av-special-heading-h2  avia-builder-el-1  el_after_av_slideshow_full  el_before_av_textblock  avia-builder-el-first '><h2 class='av-special-heading-tag'  itemprop=\"headline\"  >J\u00e4\u00e4k\u00e4riliike<\/h2><div class=\"special-heading-border\"><div class=\"special-heading-inner-border\"><\/div><\/div><\/div>\n<section  class='av_textblock_section av-13lpg-7628e2172cfdd15c44d5841c563478fb '   itemscope=\"itemscope\" itemtype=\"https:\/\/schema.org\/CreativeWork\" ><div class='avia_textblock'  itemprop=\"text\" ><p>Ven\u00e4j\u00e4n sortotoimet ja ensimm\u00e4inen maailmansota voimistivat maassamme jo 1800-luvun kansallisen her\u00e4\u00e4misen yhteydess\u00e4 syntynytt\u00e4 ajatusta itsen\u00e4isest\u00e4 Suomesta. T\u00e4m\u00e4n ajatuksen el\u00e4hdytt\u00e4m\u00e4n\u00e4 l\u00e4hti suomalaisia nuoria miehi\u00e4 vuonna 1915 salaa Saksaan hankkimaan sotilaskoulutusta. M\u00e4\u00e4r\u00e4 kasvoi v\u00e4hitellen l\u00e4hes 2000:ksi.<\/p>\n<p>He saivat my\u00f6s taistelukokemusta Ven\u00e4j\u00e4\u00e4 vastaan Saksan it\u00e4rintamalla Kuninkaallisessa Preussilaisessa J\u00e4\u00e4k\u00e4ripataljoona 27:ss\u00e4. P\u00e4\u00e4osa j\u00e4\u00e4k\u00e4reist\u00e4 palasi 25.2.1918 Vaasaan osallistuakseen Suomen vapauttamiseen Ven\u00e4j\u00e4n vallasta. Jo tammikuun lopussa oli alkanut vapaussota riisumalla aseista ven\u00e4l\u00e4isi\u00e4 joukkoja Pohjanmaalla ja Karjalassa.<\/p>\n<p>J\u00e4\u00e4k\u00e4reiden palatessa Saksasta sota oli muuttunut p\u00e4\u00e4asiassa kansalaissodaksi, mik\u00e4 oli t\u00e4ysin vastoin niit\u00e4 odotuksia, joita oli ollut kaikista eri yhteiskuntapiireist\u00e4 l\u00e4ht\u00f6isin olleilla j\u00e4\u00e4k\u00e4reill\u00e4.<\/p>\n<p>Lis\u00e4\u00e4 J\u00e4\u00e4k\u00e4riliikkeest\u00e4 <strong><a href=\"https:\/\/veteraanienperinto.fi\/index.php\/tietopankit\/muita-jarjestoja\/jaakariliike\/\" target=\"_blank\" rel=\"noopener\">t\u00e4st\u00e4 linkist\u00e4<\/a><\/strong>.<\/p>\n<\/div><\/section>\n","protected":false},"excerpt":{"rendered":"","protected":false},"author":1,"featured_media":0,"parent":707,"menu_order":1,"comment_status":"closed","ping_status":"closed","template":"","meta":{"footnotes":""},"class_list":["post-716","page","type-page","status-publish","hentry"],"yoast_head":"<!-- This site is optimized with the Yoast SEO plugin v27.5 - https:\/\/yoast.com\/product\/yoast-seo-wordpress\/ -->\n<title>J\u00e4\u00e4k\u00e4riliike - Veteraanien Perint\u00f6<\/title>\n<meta name=\"robots\" content=\"index, follow, max-snippet:-1, max-image-preview:large, max-video-preview:-1\" \/>\n<link rel=\"canonical\" href=\"https:\/\/veteraanienperinto.fi\/index.php\/tietopankit\/1900-luvun-alku\/jaakariliike\/\" \/>\n<meta property=\"og:locale\" content=\"fi_FI\" \/>\n<meta property=\"og:type\" content=\"article\" \/>\n<meta property=\"og:title\" content=\"J\u00e4\u00e4k\u00e4riliike - Veteraanien Perint\u00f6\" \/>\n<meta property=\"og:url\" content=\"https:\/\/veteraanienperinto.fi\/index.php\/tietopankit\/1900-luvun-alku\/jaakariliike\/\" \/>\n<meta property=\"og:site_name\" content=\"Veteraanien Perint\u00f6\" \/>\n<meta property=\"article:modified_time\" content=\"2021-01-26T14:46:52+00:00\" \/>\n<meta name=\"twitter:card\" content=\"summary_large_image\" \/>\n<meta name=\"twitter:label1\" content=\"Arvioitu lukuaika\" \/>\n\t<meta name=\"twitter:data1\" content=\"1 minuutti\" \/>\n<script type=\"application\/ld+json\" class=\"yoast-schema-graph\">{\"@context\":\"https:\\\/\\\/schema.org\",\"@graph\":[{\"@type\":\"WebPage\",\"@id\":\"https:\\\/\\\/veteraanienperinto.fi\\\/index.php\\\/tietopankit\\\/1900-luvun-alku\\\/jaakariliike\\\/\",\"url\":\"https:\\\/\\\/veteraanienperinto.fi\\\/index.php\\\/tietopankit\\\/1900-luvun-alku\\\/jaakariliike\\\/\",\"name\":\"J\u00e4\u00e4k\u00e4riliike - Veteraanien Perint\u00f6\",\"isPartOf\":{\"@id\":\"https:\\\/\\\/veteraanienperinto.fi\\\/#website\"},\"datePublished\":\"2020-08-29T14:00:09+00:00\",\"dateModified\":\"2021-01-26T14:46:52+00:00\",\"breadcrumb\":{\"@id\":\"https:\\\/\\\/veteraanienperinto.fi\\\/index.php\\\/tietopankit\\\/1900-luvun-alku\\\/jaakariliike\\\/#breadcrumb\"},\"inLanguage\":\"fi\",\"potentialAction\":[{\"@type\":\"ReadAction\",\"target\":[\"https:\\\/\\\/veteraanienperinto.fi\\\/index.php\\\/tietopankit\\\/1900-luvun-alku\\\/jaakariliike\\\/\"]}]},{\"@type\":\"BreadcrumbList\",\"@id\":\"https:\\\/\\\/veteraanienperinto.fi\\\/index.php\\\/tietopankit\\\/1900-luvun-alku\\\/jaakariliike\\\/#breadcrumb\",\"itemListElement\":[{\"@type\":\"ListItem\",\"position\":1,\"name\":\"Etusivu\",\"item\":\"https:\\\/\\\/veteraanienperinto.fi\\\/index.php\\\/etusivu-2\\\/\"},{\"@type\":\"ListItem\",\"position\":2,\"name\":\"Tietopankit\",\"item\":\"https:\\\/\\\/veteraanienperinto.fi\\\/index.php\\\/tietopankit\\\/\"},{\"@type\":\"ListItem\",\"position\":3,\"name\":\"1900-luvun alku\",\"item\":\"https:\\\/\\\/veteraanienperinto.fi\\\/index.php\\\/tietopankit\\\/1900-luvun-alku\\\/\"},{\"@type\":\"ListItem\",\"position\":4,\"name\":\"J\u00e4\u00e4k\u00e4riliike\"}]},{\"@type\":\"WebSite\",\"@id\":\"https:\\\/\\\/veteraanienperinto.fi\\\/#website\",\"url\":\"https:\\\/\\\/veteraanienperinto.fi\\\/\",\"name\":\"Veteraanien Perint\u00f6\",\"description\":\"Kadettikunta\",\"potentialAction\":[{\"@type\":\"SearchAction\",\"target\":{\"@type\":\"EntryPoint\",\"urlTemplate\":\"https:\\\/\\\/veteraanienperinto.fi\\\/?s={search_term_string}\"},\"query-input\":{\"@type\":\"PropertyValueSpecification\",\"valueRequired\":true,\"valueName\":\"search_term_string\"}}],\"inLanguage\":\"fi\"}]}<\/script>\n<!-- \/ Yoast SEO plugin. -->","yoast_head_json":{"title":"J\u00e4\u00e4k\u00e4riliike - Veteraanien Perint\u00f6","robots":{"index":"index","follow":"follow","max-snippet":"max-snippet:-1","max-image-preview":"max-image-preview:large","max-video-preview":"max-video-preview:-1"},"canonical":"https:\/\/veteraanienperinto.fi\/index.php\/tietopankit\/1900-luvun-alku\/jaakariliike\/","og_locale":"fi_FI","og_type":"article","og_title":"J\u00e4\u00e4k\u00e4riliike - Veteraanien Perint\u00f6","og_url":"https:\/\/veteraanienperinto.fi\/index.php\/tietopankit\/1900-luvun-alku\/jaakariliike\/","og_site_name":"Veteraanien Perint\u00f6","article_modified_time":"2021-01-26T14:46:52+00:00","twitter_card":"summary_large_image","twitter_misc":{"Arvioitu lukuaika":"1 minuutti"},"schema":{"@context":"https:\/\/schema.org","@graph":[{"@type":"WebPage","@id":"https:\/\/veteraanienperinto.fi\/index.php\/tietopankit\/1900-luvun-alku\/jaakariliike\/","url":"https:\/\/veteraanienperinto.fi\/index.php\/tietopankit\/1900-luvun-alku\/jaakariliike\/","name":"J\u00e4\u00e4k\u00e4riliike - Veteraanien Perint\u00f6","isPartOf":{"@id":"https:\/\/veteraanienperinto.fi\/#website"},"datePublished":"2020-08-29T14:00:09+00:00","dateModified":"2021-01-26T14:46:52+00:00","breadcrumb":{"@id":"https:\/\/veteraanienperinto.fi\/index.php\/tietopankit\/1900-luvun-alku\/jaakariliike\/#breadcrumb"},"inLanguage":"fi","potentialAction":[{"@type":"ReadAction","target":["https:\/\/veteraanienperinto.fi\/index.php\/tietopankit\/1900-luvun-alku\/jaakariliike\/"]}]},{"@type":"BreadcrumbList","@id":"https:\/\/veteraanienperinto.fi\/index.php\/tietopankit\/1900-luvun-alku\/jaakariliike\/#breadcrumb","itemListElement":[{"@type":"ListItem","position":1,"name":"Etusivu","item":"https:\/\/veteraanienperinto.fi\/index.php\/etusivu-2\/"},{"@type":"ListItem","position":2,"name":"Tietopankit","item":"https:\/\/veteraanienperinto.fi\/index.php\/tietopankit\/"},{"@type":"ListItem","position":3,"name":"1900-luvun alku","item":"https:\/\/veteraanienperinto.fi\/index.php\/tietopankit\/1900-luvun-alku\/"},{"@type":"ListItem","position":4,"name":"J\u00e4\u00e4k\u00e4riliike"}]},{"@type":"WebSite","@id":"https:\/\/veteraanienperinto.fi\/#website","url":"https:\/\/veteraanienperinto.fi\/","name":"Veteraanien Perint\u00f6","description":"Kadettikunta","potentialAction":[{"@type":"SearchAction","target":{"@type":"EntryPoint","urlTemplate":"https:\/\/veteraanienperinto.fi\/?s={search_term_string}"},"query-input":{"@type":"PropertyValueSpecification","valueRequired":true,"valueName":"search_term_string"}}],"inLanguage":"fi"}]}},"_links":{"self":[{"href":"https:\/\/veteraanienperinto.fi\/index.php\/wp-json\/wp\/v2\/pages\/716","targetHints":{"allow":["GET"]}}],"collection":[{"href":"https:\/\/veteraanienperinto.fi\/index.php\/wp-json\/wp\/v2\/pages"}],"about":[{"href":"https:\/\/veteraanienperinto.fi\/index.php\/wp-json\/wp\/v2\/types\/page"}],"author":[{"embeddable":true,"href":"https:\/\/veteraanienperinto.fi\/index.php\/wp-json\/wp\/v2\/users\/1"}],"replies":[{"embeddable":true,"href":"https:\/\/veteraanienperinto.fi\/index.php\/wp-json\/wp\/v2\/comments?post=716"}],"version-history":[{"count":8,"href":"https:\/\/veteraanienperinto.fi\/index.php\/wp-json\/wp\/v2\/pages\/716\/revisions"}],"predecessor-version":[{"id":10633,"href":"https:\/\/veteraanienperinto.fi\/index.php\/wp-json\/wp\/v2\/pages\/716\/revisions\/10633"}],"up":[{"embeddable":true,"href":"https:\/\/veteraanienperinto.fi\/index.php\/wp-json\/wp\/v2\/pages\/707"}],"wp:attachment":[{"href":"https:\/\/veteraanienperinto.fi\/index.php\/wp-json\/wp\/v2\/media?parent=716"}],"curies":[{"name":"wp","href":"https:\/\/api.w.org\/{rel}","templated":true}]}}